-- Table structure for table `countries`
--

CREATE TABLE `countries` (
  `id` int(11) NOT NULL,
  `country_name` varchar(255) DEFAULT NULL,
  `created_at` datetime DEFAULT NULL,
  `updated_at` datetime DEFAULT NULL
) ENGINE=MyISAM DEFAULT CHARSET=latin1;

--
-- Dumping data for table `countries`
--

INSERT INTO `countries` (`id`, `country_name`, `created_at`, `updated_at`) VALUES
(1, 'Andorra', NULL, NULL),
(2, 'United Arab Emirates', NULL, NULL),
(3, 'Afghanistan', NULL, NULL),
(4, 'Antigua and Barbuda', NULL, NULL),
(5, 'Anguilla', NULL, NULL),
(6, 'Albania', NULL, NULL),
(7, 'Armenia', NULL, NULL),
(8, 'Netherlands Antilles', NULL, NULL),
(9, 'Angola', NULL, NULL),
(10, 'Antarctica', NULL, NULL),
(11, 'Argentina', NULL, NULL),
(12, 'American Samoa', NULL, NULL),
(13, 'Austria', NULL, NULL),
(14, 'Australia', NULL, NULL),
(15, 'Aruba', NULL, NULL),
(16, 'Aland', NULL, NULL),
(17, 'Azerbaijan', NULL, NULL),
(18, 'Bosnia and Herzegovina', NULL, NULL),
(19, 'Barbados', NULL, NULL),
(20, 'Bangladesh', NULL, NULL),
(21, 'Belgium', NULL, NULL),
(22, 'Burkina Faso', NULL, NULL),
(23, 'Bulgaria', NULL, NULL),
(24, 'Bahrain', NULL, NULL),
(25, 'Burundi', NULL, NULL),
(26, 'Benin', NULL, NULL),
(27, 'Saint Barthélemy', NULL, NULL),
(28, 'Bermuda', NULL, NULL),
(29, 'Brunei Darussalam', NULL, NULL),
(30, 'Bolivia', NULL, NULL),
(31, 'Brazil', NULL, NULL),
(32, 'Bahamas', NULL, NULL),
(33, 'Bhutan', NULL, NULL),
(34, 'Bouvet Island', NULL, NULL),
(35, 'Botswana', NULL, NULL),
(36, 'Belarus', NULL, NULL),
(37, 'Belize', NULL, NULL),
(38, 'Canada', NULL, NULL),
(39, 'Cocos (Keeling) Islands', NULL, NULL),
(40, 'Congo (Kinshasa)', NULL, NULL),
(41, 'Central African Republic', NULL, NULL),
(42, 'Congo (Brazzaville)', NULL, NULL),
(43, 'Switzerland', NULL, NULL),
(44, 'Cote d`Ivoire', NULL, NULL),
(45, 'Cook Islands', NULL, NULL),
(46, 'Chile', NULL, NULL),
(47, 'Cameroon', NULL, NULL),
(48, 'China', NULL, NULL),
(49, 'Colombia', NULL, NULL),
(50, 'Costa Rica', NULL, NULL),
(51, 'Cuba', NULL, NULL),
(52, 'Cape Verde', NULL, NULL),
(53, 'Christmas Island', NULL, NULL),
(54, 'Cyprus', NULL, NULL),
(55, 'Czech Republic', NULL, NULL),
(56, 'Germany', NULL, NULL),
(57, 'Djibouti', NULL, NULL),
(58, 'Denmark', NULL, NULL),
(59, 'Dominica', NULL, NULL),
(60, 'Dominican Republic', NULL, NULL),
(61, 'Algeria', NULL, NULL),
(62, 'Ecuador', NULL, NULL),
(63, 'Estonia', NULL, NULL),
(64, 'Egypt', NULL, NULL),
(65, 'Western Sahara', NULL, NULL),
(66, 'Eritrea', NULL, NULL),
(67, 'Spain', NULL, NULL),
(68, 'Ethiopia', NULL, NULL),
(69, 'Finland', NULL, NULL),
(70, 'Fiji', NULL, NULL),
(71, 'Falkland Islands', NULL, NULL),
(72, 'Micronesia', NULL, NULL),
(73, 'Faroe Islands', NULL, NULL),
(74, 'France', NULL, NULL),
(75, 'Gabon', NULL, NULL),
(76, 'United Kingdom', NULL, NULL),
(77, 'Grenada', NULL, NULL),
(78, 'Georgia', NULL, NULL),
(79, 'French Guiana', NULL, NULL),
(80, 'Guernsey', NULL, NULL),
(81, 'Ghana', NULL, NULL),
(82, 'Gibraltar', NULL, NULL),
(83, 'Greenland', NULL, NULL),
(84, 'Gambia', NULL, NULL),
(85, 'Guinea', NULL, NULL),
(86, 'Guadeloupe', NULL, NULL),
(87, 'Equatorial Guinea', NULL, NULL),
(88, 'Greece', NULL, NULL),
(89, 'South Georgia and South Sandwich Islands', NULL, NULL),
(90, 'Guatemala', NULL, NULL),
(91, 'Guam', NULL, NULL),
(92, 'Guinea-Bissau', NULL, NULL),
(93, 'Guyana', NULL, NULL),
(94, 'Hong Kong', NULL, NULL),
(95, 'Heard and McDonald Islands', NULL, NULL),
(96, 'Honduras', NULL, NULL),
(97, 'Croatia', NULL, NULL),
(98, 'Haiti', NULL, NULL),
(99, 'Hungary', NULL, NULL),
(100, 'Indonesia', NULL, NULL),
(101, 'Ireland', NULL, NULL),
(102, 'Israel', NULL, NULL),
(103, 'Isle of Man', NULL, NULL),
(104, 'India', NULL, NULL),
(105, 'British Indian Ocean Territory', NULL, NULL),
(106, 'Iraq', NULL, NULL),
(107, 'Iran', NULL, NULL),
(108, 'Iceland', NULL, NULL),
(109, 'Italy', NULL, NULL),
(110, 'Jersey', NULL, NULL),
(111, 'Jamaica', NULL, NULL),
(112, 'Jordan', NULL, NULL),
(113, 'Japan', NULL, NULL),
(114, 'Kenya', NULL, NULL),
(115, 'Kyrgyzstan', NULL, NULL),
(116, 'Cambodia', NULL, NULL),
(117, 'Kiribati', NULL, NULL),
(118, 'Comoros', NULL, NULL),
(119, 'Saint Kitts and Nevis', NULL, NULL),
(120, 'Korea, North', NULL, NULL),
(121, 'Korea, South', NULL, NULL),
(122, 'Kuwait', NULL, NULL),
(123, 'Cayman Islands', NULL, NULL),
(124, 'Kazakhstan', NULL, NULL),
(125, 'Laos', NULL, NULL),
(126, 'Lebanon', NULL, NULL),
(127, 'Saint Lucia', NULL, NULL),
(128, 'Liechtenstein', NULL, NULL),
(129, 'Sri Lanka', NULL, NULL),
(130, 'Liberia', NULL, NULL),
(131, 'Lesotho', NULL, NULL),
(132, 'Lithuania', NULL, NULL),
(133, 'Luxembourg', NULL, NULL),
(134, 'Latvia', NULL, NULL),
(135, 'Libya', NULL, NULL),
(136, 'Morocco', NULL, NULL),
(137, 'Monaco', NULL, NULL),
(138, 'Moldova', NULL, NULL),
(139, 'Montenegro', NULL, NULL),
(140, 'Saint Martin (French part)', NULL, NULL),
(141, 'Madagascar', NULL, NULL),
(142, 'Marshall Islands', NULL, NULL),
(143, 'Macedonia', NULL, NULL),
(144, 'Mali', NULL, NULL),
(145, 'Myanmar', NULL, NULL),
(146, 'Mongolia', NULL, NULL),
(147, 'Macau', NULL, NULL),
(148, 'Northern Mariana Islands', NULL, NULL),
(149, 'Martinique', NULL, NULL),
(150, 'Mauritania', NULL, NULL),
(151, 'Montserrat', NULL, NULL),
(152, 'Malta', NULL, NULL),
(153, 'Mauritius', NULL, NULL),
(154, 'Maldives', NULL, NULL),
(155, 'Malawi', NULL, NULL),
(156, 'Mexico', NULL, NULL),
(157, 'Malaysia', NULL, NULL),
(158, 'Mozambique', NULL, NULL),
(159, 'Namibia', NULL, NULL),
(160, 'New Caledonia', NULL, NULL),
(161, 'Niger', NULL, NULL),
(162, 'Norfolk Island', NULL, NULL),
(163, 'Nigeria', NULL, NULL),
(164, 'Nicaragua', NULL, NULL),
(165, 'Netherlands', NULL, NULL),
(166, 'Norway', NULL, NULL),
(167, 'Nepal', NULL, NULL),
(168, 'Nauru', NULL, NULL),
(169, 'Niue', NULL, NULL),
(170, 'New Zealand', NULL, NULL),
(171, 'Oman', NULL, NULL),
(172, 'Panama', NULL, NULL),
(173, 'Peru', NULL, NULL),
(174, 'French Polynesia', NULL, NULL),
(175, 'Papua New Guinea', NULL, NULL),
(176, 'Philippines', NULL, NULL),
(177, 'Pakistan', NULL, NULL),
(178, 'Poland', NULL, NULL),
(179, 'Saint Pierre and Miquelon', NULL, NULL),
(180, 'Pitcairn', NULL, NULL),
(181, 'Puerto Rico', NULL, NULL),
(182, 'Palestine', NULL, NULL),
(183, 'Portugal', NULL, NULL),
(184, 'Palau', NULL, NULL),
(185, 'Paraguay', NULL, NULL),
(186, 'Qatar', NULL, NULL),
(187, 'Reunion', NULL, NULL),
(188, 'Romania', NULL, NULL),
(189, 'Serbia', NULL, NULL),
(190, 'Russian Federation', NULL, NULL),
(191, 'Rwanda', NULL, NULL),
(192, 'Saudi Arabia', NULL, NULL),
(193, 'Solomon Islands', NULL, NULL),
(194, 'Seychelles', NULL, NULL),
(195, 'Sudan', NULL, NULL),
(196, 'Sweden', NULL, NULL),
(197, 'Singapore', NULL, NULL),
(198, 'Saint Helena', NULL, NULL),
(199, 'Slovenia', NULL, NULL),
(200, 'Svalbard and Jan Mayen Islands', NULL, NULL),
(201, 'Slovakia', NULL, NULL),
(202, 'Sierra Leone', NULL, NULL),
(203, 'San Marino', NULL, NULL),
(204, 'Senegal', NULL, NULL),
(205, 'Somalia', NULL, NULL),
(206, 'Suriname', NULL, NULL),
(207, 'Sao Tome and Principe', NULL, NULL),
(208, 'El Salvador', NULL, NULL),
(209, 'Syria', NULL, NULL),
(210, 'Swaziland', NULL, NULL),
(211, 'Turks and Caicos Islands', NULL, NULL),
(212, 'Chad', NULL, NULL),
(213, 'French Southern Lands', NULL, NULL),
(214, 'Togo', NULL, NULL),
(215, 'Thailand', NULL, NULL),
(216, 'Tajikistan', NULL, NULL),
(217, 'Tokelau', NULL, NULL),
(218, 'Timor-Leste', NULL, NULL),
(219, 'Turkmenistan', NULL, NULL),
(220, 'Tunisia', NULL, NULL),
(221, 'Tonga', NULL, NULL),
(222, 'Turkey', NULL, NULL),
(223, 'Trinidad and Tobago', NULL, NULL),
(224, 'Tuvalu', NULL, NULL),
(225, 'Taiwan', NULL, NULL),
(226, 'Tanzania', NULL, NULL),
(227, 'Ukraine', NULL, NULL),
(228, 'Uganda', NULL, NULL),
(229, 'United States Minor Outlying Islands', NULL, NULL),
(230, 'United States of America', NULL, NULL),
(231, 'Uruguay', NULL, NULL),
(232, 'Uzbekistan', NULL, NULL),
(233, 'Vatican City', NULL, NULL),
(234, 'Saint Vincent and the Grenadines', NULL, NULL),
(235, 'Venezuela', NULL, NULL),
(236, 'Virgin Islands, British', NULL, NULL),
(237, 'Virgin Islands, U.S', NULL, NULL),
(238, 'Vietnam', NULL, NULL),
(239, 'Vanuatu', NULL, NULL),
(240, 'Wallis and Futuna Islands', NULL, NULL),
(241, 'Samoa', NULL, NULL),
(242, 'Yemen', NULL, NULL),
(243, 'Mayotte', NULL, NULL),
(244, 'South Africa', NULL, NULL),
(245, 'Zambia', NULL, NULL),
(246, 'Zimbabwe', NULL, NULL),
(247, 'United States', '2019-02-21 06:46:37', '2019-02-21 06:46:37');

-- --------------------------------------------------------

--
-- Table structure for table `coupons`
--

CREATE TABLE `coupons` (
  `id` int(10) UNSIGNED NOT NULL,
  `cop_title` varchar(191) COLLATE utf8mb4_unicode_ci NOT NULL,
  `cop_code` varchar(191) COLLATE utf8mb4_unicode_ci NOT NULL,
  `cop_description` varchar(191) COLLATE utf8mb4_unicode_ci NOT NULL,
  `discount` int(11) NOT NULL,
  `discount_bit` int(11) NOT NULL COMMENT '	1=fix Amount,2= percentage',
  `validity` date DEFAULT NULL,
  `cop_category` int(11) NOT NULL DEFAULT '0' COMMENT '1= all_item,2=Resources,3=additResource	',
  `cop_status` int(11) NOT NULL DEFAULT '1',
  `cop_limit` int(191) NOT NULL,
  `created_at` timestamp NULL DEFAULT NULL,
  `updated_at` timestamp NULL DEFAULT NULL
) ENGINE=InnoDB DEFAULT CHARSET=utf8mb4 COLLATE=utf8mb4_unicode_ci;

--
-- Dumping data for table `coupons`
--

INSERT INTO `coupons` (`id`, `cop_title`, `cop_code`, `cop_description`, `discount`, `discount_bit`, `validity`, `cop_category`, `cop_status`, `cop_limit`, `created_at`, `updated_at`) VALUES
(6, 'zaid', '121212121', 'tuj kop na dahko tu g khabrata he', 555, 1, NULL, 2, 2, 0, '2019-04-16 09:02:50', '2019-04-17 08:53:14'),
(7, 'zaz', '303030', 'zaza', 30, 2, '1970-01-01', 3, 1, 0, '2019-04-16 09:03:07', '2019-04-24 06:03:04'),
(8, 'zzz', '333', 'zazs', 10, 2, '2019-04-26', 2, 1, 0, '2019-04-16 09:47:16', '2019-04-26 08:59:10'),
(9, 'zaid', '303030', 'zaza', 2, 1, NULL, 2, 1, 0, '2019-04-17 06:36:42', '2019-04-17 06:36:42'),
(10, 'aa', '11', 'swsw', 1, 1, NULL, 1, 1, 0, '2019-04-17 06:39:20', '2019-04-17 06:39:20'),
(27, 'online', '101010', 'online description', 3, 2, '2019-04-27', 1, 2, 0, '2019-04-22 09:59:00', '2019-04-22 10:01:24'),
(28, 'Test Coupon', '1', 'Testing coupon', 10, 2, '2019-04-30', 3, 2, 0, '2019-04-23 08:36:08', '2019-04-23 08:41:38'),
(29, 'testtttt', '0', 'testttttt', 20, 1, '1970-01-01', 1, 2, 0, '2019-04-23 08:42:20', '2019-04-23 08:44:33'),
(30, 'asas', '0001ws', 'asdas', 22, 1, NULL, 1, 1, 0, '2019-04-24 06:03:34', '2019-04-24 06:03:34'),
(31, 'new testr', '0001', 'asdasdada', 33, 1, '2019-04-26', 1, 2, 0, '2019-04-24 06:06:35', '2019-04-24 06:06:35'),
(32, 'test0001', '0001', 'test0001', 25, 1, '2019-04-25', 3, 1, 0, '2019-04-24 12:19:36', '2019-04-24 12:19:36'),
(33, 'online limit', '1', 'adasd', 101, 1, NULL, 1, 1, 1, '2019-04-25 10:56:46', '2019-05-18 20:11:07'),
(34, 'friday copon', '123ABC', 'asdasd', 10, 1, '2019-06-30', 0, 1, 19, '2019-04-26 05:19:45', '2019-06-27 09:24:34'),
(35, 'friday copon2', '321ABC', 'asdasd', 10, 2, '2019-06-30', 0, 1, 48, '2019-04-26 05:20:20', '2019-06-27 08:46:58'),
(36, 'sd', '12', 'sada', 120, 1, NULL, 1, 2, 1, '2019-05-08 09:30:04', '2019-05-14 08:35:56'),
(37, 'Agent Coupon', 'A0012', 'Agent coupon', 50, 2, '2019-11-30', 0, 1, 7, '2019-05-14 06:58:21', '2019-06-19 04:21:21'),
(38, 'ffff', '50', 'saas', 1000, 1, NULL, 1, 2, 2, '2019-05-14 08:01:00', '2019-05-14 08:16:30'),
(39, 'qwq', '1221', 'sda', 100, 2, NULL, 1, 2, 1, '2019-05-14 08:17:16', '2019-05-14 08:17:38'),
(40, 'Test 001', '001', '10 Percent Off', 10, 2, '2019-05-31', 2, 1, 5, '2019-05-27 05:27:19', '2019-05-27 05:27:19'),
(41, '99 Percent', '99', 'Percent', 99, 2, '2019-06-15', 1, 1, 10, '2019-05-27 07:14:56', '2019-05-27 07:14:56'),
(42, '000', '000', '000', 100, 1, NULL, 0, 1, 1, '2019-06-28 05:54:15', '2019-06-28 06:09:09'),
(43, '30', '30', '30', 30, 2, NULL, 0, 1, 3, '2019-06-28 06:00:31', '2019-09-18 13:33:03'),
(44, 'Membership', '5703', 'new member join our software so I want to discount 20%', 20, 2, '2019-10-05', 0, 1, 3, '2019-09-23 09:37:57', '2019-09-23 09:37:57'),
(45, 'Banjoosa', '52500', 'Testing Case', 10, 2, '2019-11-05', 0, 1, 7, '2019-10-29 06:33:23', '2019-10-29 06:34:11');

-- --------------------------------------------------------

--
-- Table structure for table `customers`
--

CREATE TABLE `customers` (
  `id` int(10) UNSIGNED NOT NULL,
  `name` varchar(191) COLLATE utf8mb4_unicode_ci NOT NULL,
  `email` varchar(191) COLLATE utf8mb4_unicode_ci NOT NULL,
  `phone` varchar(191) COLLATE utf8mb4_unicode_ci NOT NULL,
  `address` text COLLATE utf8mb4_unicode_ci NOT NULL,
  `hotel_address` text COLLATE utf8mb4_unicode_ci NOT NULL,
  `country` int(11) NOT NULL,
  `location_phone` varchar(191) COLLATE utf8mb4_unicode_ci NOT NULL,
  `notes` text COLLATE utf8mb4_unicode_ci NOT NULL,
  `status` int(11) NOT NULL DEFAULT '1' COMMENT '1=actice,2=deactive',
  `city` int(11) NOT NULL,
  `cus_city` int(11) NOT NULL,
  `cus_country` int(11) NOT NULL,
  `cus_postal_code` varchar(255) COLLATE utf8mb4_unicode_ci NOT NULL,
  `hotel_postal_code` varchar(191) COLLATE utf8mb4_unicode_ci DEFAULT NULL,
  `hotal_name` varchar(255) COLLATE utf8mb4_unicode_ci NOT NULL,
  `created_at` timestamp NULL DEFAULT NULL,
  `updated_at` timestamp NULL DEFAULT NULL
) ENGINE=InnoDB DEFAULT CHARSET=utf8mb4 COLLATE=utf8mb4_unicode_ci;

--
-- Dumping data for table `customers`
--

INSERT INTO `customers` (`id`, `name`, `email`, `phone`, `address`, `hotel_address`, `country`, `location_phone`, `notes`, `status`, `city`, `cus_city`, `cus_country`, `cus_postal_code`, `hotel_postal_code`, `hotal_name`, `created_at`, `updated_at`) VALUES
(104, 'new Test', 'muhammad.zaid@appcrates.com', '03216409155', 'zaid', 'zaid', 177, '0101', 'sxsx', 1, 40780, 40792, 104, '111-222', NULL, 'zaid', '2019-03-21 03:53:37', '2020-02-07 10:08:48'),
(126, 'new Test', 'hasanikram777@gmail.com', '0303405555', 'asdasad', '111', 2, '030303030', '', 1, 1, 33081, 177, '', NULL, 'hotal name', '2019-04-24 11:22:14', '2019-04-24 11:22:14'),
(127, 'new Test', 'new1@new.com', '0303405555', 'asdasad', '111', 2, '030303030', '', 1, 1, 33081, 177, '', NULL, 'hotal name', '2019-04-24 11:27:22', '2019-04-24 11:27:22'),
(128, 'new Test', 'new2@new.com', '0303405555', 'asdasad', 'asdasdas', 2, '030303030', '', 1, 1, 33081, 177, '', NULL, 'hotal name', '2019-04-24 11:27:29', '2019-04-24 11:27:29'),
(129, 'new Test', 'new3@new.com', '0303405555', 'asdasad', 'asdasdas', 2, '030303030', '', 1, 1, 33081, 177, '', NULL, 'hotal name', '2019-04-24 11:27:33', '2019-04-24 11:27:33'),
(130, 'new Test', 'new4@new.com', '0303405555', 'asdasad', '112', 2, '030303030', '', 1, 1, 33081, 177, '', NULL, 'hotal name', '2019-04-24 11:27:40', '2019-04-24 11:27:40'),
(149, 'Tim', 'tims@gsastuto.com', '08035030081', 'Sugebanba,Sugebanba, Tama Ward, Kawasaki, Kanagawa 214-0004, Japan', 'Sugebanba,Sugebanba, Tama Ward, Kawasaki, Kanagawa 214-0004, Japan', 113, '08035030081', '', 1, 40812, 40812, 113, 'Tama-Ku, Kawasaki-Shi', 'Tama-Ku, Kawasaki-Shi', 'N/A', '2019-04-26 11:51:12', '2020-06-26 08:32:58'),
(158, 'sodas', 'sdas@was.com', '3423423', 'Assad’s', 'dads', 177, '34324', 'Assad', 1, 33287, 33287, 177, '', NULL, 'Assad', '2019-05-03 11:52:22', '2019-05-03 11:52:22'),
(159, 'sodas', 'sda@ffd.com', '32423423', 'sdasda', 'sda', 177, '334343243', 'Sodas', 1, 33080, 33080, 177, '', NULL, 'dsada', '2019-05-03 12:18:44', '2019-05-03 12:18:44'),
(160, 'dassa', 'sdas@wdw.com', '423423342', 'Assad', '324dssd', 177, '32423423324', 'Assad’s', 1, 33080, 33080, 177, '', NULL, 'fessed', '2019-05-03 12:22:25', '2019-05-03 12:22:25'),
(161, 'muazam', 'muazam@gym.com', '1231231231', 'Wanda', 'town', 177, '3423233242', 'Asdasdsa', 1, 33081, 33081, 177, '', NULL, 'abc', '2019-05-03 12:28:28', '2019-05-03 12:28:28'),
(162, 'muazam', 'mazam@gym.com', '123123123', 'gills', 'Assad', 177, '123123123', 'Sdasda', 1, 33038, 33038, 177, '', NULL, 'dads', '2019-05-03 12:38:06', '2019-05-03 12:38:06'),
(163, 'dcsdc', 'dscsd@scs.com', '32423423423', 'sadasdas', 'Assad', 177, '3223', 'Assad’s', 1, 33081, 33081, 177, '', NULL, 'sdasda', '2019-05-03 12:42:49', '2019-05-03 12:42:49'),
(164, 'fed', 'sada@did.com', '123213123', 'sfsdfsd', 'dsfdsf', 177, '3423423423', 'Fewer', 1, 33081, 33081, 177, '', NULL, 'daddy', '2019-05-06 04:51:03', '2019-05-06 04:51:03'),
(165, 'mahmood', 'qa.appcrates@gmail.com', '03001234567', 'Gujranwala', 'Gujranwala', 177, '03001234567', '', 1, 40818, 40818, 177, '52250', '52250', 'N/A', '2019-05-07 05:37:46', '2020-05-05 08:37:42'),
(167, 'Rana Mahmood', 'rana.mahmood@gmail.com', '558884448', 'csrd', 'shjanansak', 113, '565685665', 'Otdtodyodyod', 1, 26550, 15690, 88, '52250', NULL, 'snasn', '2019-05-14 08:35:19', '2020-07-07 08:40:29'),
(168, 'xxxxxx', 'ranamahmood@gmail.com', '321645789', 'addreffff', 'h', 113, '5888558444', 'Ssfsd', 1, 25609, 32887, 177, '', NULL, 'phy fycycy', '2019-05-14 08:42:18', '2019-05-14 08:42:18'),
(169, 'Naoko Smith', 'naoko@gsastuto.com', '08032460868', '3-18-2 Sugebanba, Tama-ku', '3-18-2 Sugebanba, Tama-ku', 113, '08032460868', '', 1, 25768, 25768, 113, '214-0004', '214-0004', 'N/A', '2019-05-14 22:51:32', '2019-12-07 03:51:44'),
(171, 'Rana', 'mehmood.rana+1@appcrates.com', '00000000000001', 'addressss', 'c bolok main market model town', 177, '800000000004', 'Notas', 1, 33145, 33145, 177, '', NULL, 'resthouse', '2019-05-17 05:45:02', '2019-05-17 05:45:02'),
(172, 'aaaa', 'qa.appcrates+1@gmail.com', '00000000000', 'adddresssss', 'hotadddd', 177, '0008787878', 'Notisss', 1, 33145, 33145, 177, '', NULL, 'hotel', '2019-05-17 05:53:53', '2019-05-17 05:53:53'),
(173, 'hshd', 'hhhhs@gm.con', '5455454554', 'usudj', 'hdhhd', 177, '5454554646', 'Dhhdhd', 1, 33080, 34462, 187, '', NULL, 'pakdj', '2019-05-17 10:49:37', '2019-05-17 10:49:37'),
(174, 'muazam', 'qa.appcrates+3@gmail.com', '030000000000', 'shana', 'c block market model town Gujranwala', 177, '09788787', 'Namamaj', 1, 33145, 33145, 177, '', NULL, 'hotal', '2019-05-17 10:58:00', '2019-05-17 10:58:00'),
(175, 'ijc', 'qa.appcrates+3@appcrates.com', '098888887', 'addresss', 'address', 177, '0844646', 'Ajanan', 1, 33081, 33145, 177, '', NULL, 'hotall', '2019-05-17 11:02:33', '2019-05-17 11:02:33'),
(176, 'sad', 'sad@de.com', '34234242', 'dead', 'dfsdf', 177, '234223', 'dsdfsd', 1, 33081, 33080, 177, '', NULL, 'daddy’s', '2019-05-20 06:01:25', '2019-05-20 06:01:25'),
(177, 'diff', 'dfgdf@did.com', '4353453534', 'SFSU', 'dsfsdf', 177, '34534534534', 'dfsdfsd', 1, 33081, 33081, 177, '', NULL, 'fast', '2019-05-20 07:41:04', '2019-05-20 07:41:04'),
(178, 'we’d', 'fsdsfsd@DVDs.com', '2342343423', 'Gadsden', 'fdsfsd', 177, '324323423', 'Cascade', 1, 33081, 33081, 177, '', NULL, 'sdfsfs', '2019-05-20 08:03:01', '2019-05-20 08:03:01'),
(179, 'dead', 'ssdsd@did.com', '23423423423', '23432', 'dad dad', 177, '324234243', 'Atascadero', 1, 33081, 33081, 177, '', NULL, 'dad dad', '2019-05-20 08:21:15', '2019-05-20 08:21:15'),
(180, 'scars', 'xasx@dvd.com', '3423423423', 'dsdfsdf', 'dsfsdf', 177, '3423423423', 'Asdas', 1, 33081, 33081, 177, '', NULL, 'dadas', '2019-05-20 08:24:52', '2019-05-20 08:24:52'),
(181, 'aomo', 'naoko@gmail.com', '+818032460868', '3-8-2 Tama-ki', '1-1-3 Saka cho', 113, '0344576324', '', 1, 25932, 26089, 113, '', NULL, 'walk in', '2019-05-20 12:16:48', '2019-05-20 12:16:48'),
(182, 'Jack', 'jackppp@gmail.com', '148585655', 'djdjdjfjf', 'Marunochi Square', 113, '0422526451', '', 1, 26576, 14882, 76, '', NULL, 'Peninsula', '2019-05-20 12:48:56', '2019-05-20 12:48:56'),
(183, 'Tim Smith', 'tims@gmail.com', '07044413083', '3-18-2 Sugebanba, Tama-ku', '1-38-1 Kojimacho', 113, '0424895000', '', 1, 26551, 26089, 113, '', NULL, 'Chofu Creston Hotel', '2019-05-21 00:54:31', '2019-05-21 00:54:31'),
(186, 'new Test', 'm@new.com', '0303405555', 'asdasad', '132', 2, '030303030', '', 1, 1, 33081, 177, '525-639', NULL, 'hotal name', '2019-05-24 09:00:08', '2019-05-24 09:00:08'),
(187, 'new Test', 'm1@new.com', '0303405555', 'asdasad', 'asdasdas', 251, '030303030', 'sxsx', 1, 40810, 40809, 250, '525-639', NULL, 'hotal name', '2019-05-24 09:07:41', '2019-11-06 11:21:43'),
(188, 'vice', 'dcfd@de.com', '42342234234', 'sdvscscs', 'Assad', 177, '342342342', 'dscscds', 1, 33080, 26002, 113, '23213', NULL, 'scads', '2019-05-27 08:59:35', '2019-05-27 08:59:35'),
(189, 'we’d', 'fsdf@de.com', '3243423423', 'dfsfsdfsd', 'as daddy’s', 177, '4344234234', 'Dfsdfsdfs', 1, 33081, 33081, 177, '343242', NULL, 'fad fad', '2019-05-28 07:12:25', '2019-05-28 07:12:25'),
(190, 'sdfsd', 'fsdf@d.com', '342423423', 'dsvsdcssd', 'fav DVD’s', 177, '324234234', 'Cdscsdc', 1, 33081, 33081, 177, '3423423', NULL, 'cascade', '2019-05-28 07:17:49', '2019-05-28 07:17:49'),
(191, 'we', 'we@dc.com', '342342342', 'Dax’s', 'add', 177, '324234242', 'Dodd', 1, 33081, 33081, 177, '23423424', NULL, 'car', '2019-05-28 08:06:13', '2019-05-28 08:06:13'),
(192, 'dad', 'dsa@ede.com', '234242423', 'dfsdf', 'cascade', 177, '3432423', 'DVD’s', 1, 33081, 33081, 177, '234234', NULL, 'dfsdf', '2019-05-28 08:57:55', '2019-05-28 08:57:55'),
(193, 'd', 'd@d.com', '888886464', 'hasnan', 'hahahh', 177, '54454848677884', 'Bskashjs', 1, 33144, 33144, 177, '52250', NULL, 'nanan', '2019-05-28 10:07:43', '2019-05-28 10:07:43'),
(194, 'gfdvdf', 'dfvdf@dcedc.com', '23423423423', 'daddy’s', 'ddscsdc', 177, '342342323234', 'Sxcscds', 1, 33081, 33081, 177, '2453453445', NULL, 'scads', '2019-05-29 09:14:08', '2019-05-29 09:14:08'),
(195, 'dads', 'dsfsdfds@did.om', '32423423423', 'dsdcsdcdsc', 'dfsdfsdfsdf', 177, '342342342342', 'Dadsadasdas', 1, 33081, 33081, 177, '324234', NULL, 'scads', '2019-05-29 09:19:07', '2019-05-29 09:19:07'),
(196, 'cczxc', 'xccxzx@did.vom', '4556345345', 'dcvfvxcvcxvxcv', '454334534', 177, '435343434', 'Dsfsdcsdcs', 1, 33081, 33081, 177, '43534534', NULL, 'dvxvsd', '2019-05-29 09:24:18', '2019-05-29 09:24:18'),
(197, 'diff', 'fdvd@FTC.com', '435345345', 'fdfbdfb', 'dads dad', 177, '45353453445', 'Vdfvfvdv', 1, 33081, 33081, 177, '534534534', NULL, 'vdfvdf', '2019-05-29 09:27:55', '2019-05-29 09:27:55'),
(198, 'fgdgf', 'dfvdf@ffdvd.com', '45345534', 'gdfgdgdgf', 'dfssdds', 177, '45345534534', 'Svdfvdfv', 1, 33081, 33081, 177, '4543534', NULL, 'fdgfdg', '2019-05-29 09:33:57', '2019-05-29 09:33:57'),
(199, 'dads', 'sdfsd@as.com', '5345353', 'dfsdfsdfsdf', 'vfvdvdf', 177, '353453534', 'Dsdcsdcsd', 1, 33081, 33081, 177, '453534', NULL, 'dsfsfsdfsd', '2019-05-29 09:43:05', '2019-05-29 09:43:05'),
(200, 'George', 'erferf@ECR.COM', '25345345345', 'DVSVDF SCFSSD', 'fvcdfvdf', 177, '4534534534534', 'Dcfdcd', 1, 33081, 33081, 177, '342434', NULL, 'DSCDC', '2019-05-30 05:15:15', '2019-05-30 05:15:15'),
(201, 'hi', 'njknkj@John.com', '5453534', 'ffddfvdfv', 'svdfdfv', 177, '53455345345', 'Dead sdcsd sddd', 1, 33081, 33081, 177, '34242', NULL, 'did', '2019-05-30 05:24:15', '2019-05-30 05:24:15'),
(202, 'gbvfv', 'dfvd@did.com', '4334534534', 'vfdfvdv', 'fsdsfd', 177, '3452345345', 'Sfffdfsdffff', 1, 33081, 33081, 177, '435345', NULL, 'fvdfv', '2019-05-30 05:29:16', '2019-05-30 05:29:16'),
(203, 'Greg', 'cgg@rr.com', '435345345353', 'fvdvdfv', '346fvdfvdf', 177, '435334534534', 'Fvsvddvdbgvd', 1, 33081, 33081, 177, '453453453', NULL, 'vdfvdfv', '2019-05-30 05:40:04', '2019-05-30 05:40:04'),
(204, 'cards', 'dcsd@dvd.com', '33434534534', 'cscsdcd', 'cvdfdfdcddddddddddddddddddddddddddddddddddddddddddddddddddddddddddddddd', 177, '42342342342', 'C XX XX xc', 1, 33081, 33081, 177, '4353454353', NULL, 'cascade', '2019-05-30 05:45:01', '2019-05-30 05:45:01'),
(205, 'Tester', 'tester@yahoo.com', '00125455552', 'test address', 'grand hotel', 113, '55455555', 'Hhgf', 1, 26576, 40780, 247, '4433', NULL, 'tokyo hotel', '2019-05-31 07:45:00', '2019-05-31 07:45:00'),
(206, 'dhdh', 'hdrh@fm.com', '4554545454', 'bcbdhd', 'hehdheh', 177, '54345152626', 'Hedhshdh', 1, 33081, 33081, 177, '63737', NULL, 'bdhdh', '2019-05-31 09:07:27', '2019-05-31 09:07:27'),
(207, 'hshe', 'hdhd@hfj.com', '5454525252', 'jdjdjdjd djdjdj', 'hdhddu', 177, '5464463443', 'Shshdhhd', 1, 33081, 33081, 177, 'hdjdd', NULL, 'hdhdhd', '2019-05-31 09:11:21', '2019-05-31 09:11:21'),
(208, 'ggg', 'ftt@ghh.com', '82525522522', 'gyI uio', 'cgfgg', 177, '553655222114444', 'Ghhggffg', 1, 33081, 33081, 177, 'vtyy', NULL, 'gggt', '2019-05-31 09:28:50', '2019-05-31 09:28:50'),
(209, 'hhh', 'fgg@guj.com', '55555555555', 'ggggg', 'cggg', 177, '8552555556', 'Bhb', 1, 33081, 33081, 177, 'ghhh', NULL, 'ghgt', '2019-05-31 09:33:05', '2019-05-31 09:33:05'),
(210, 'aaa', 'aaa@gm.com', '1231231231', 'Jinnah road', 'w town main', 177, '333123123123', 'Hello booking test', 1, 33081, 33081, 177, '52250', NULL, 'Wanda town', '2019-06-03 07:11:20', '2019-06-03 07:11:20'),
(211, 'starfers', 'starferrs@gmail.com', '+818022225555', '12335', 'Roppongi', 113, '0344445555', '', 1, 26576, 40781, 247, '999999', NULL, 'Grand Hyatt', '2019-06-04 05:47:56', '2019-06-04 05:47:56'),
(213, 'gdscdsc', 'csdcs@eve.com', '2342423234', 'fvdfvdf', 'vexed', 177, '324234234', 'Vsvsd', 1, 33081, 33081, 177, '423423', NULL, 'dfvdfvd', '2019-06-27 08:43:21', '2019-06-27 08:43:21'),
(214, 'thug', 'jbjb@by.com', '556456465', 'hghjgjhgjh', 'hjgjhgjh', 177, '655765765765', 'Jhjkhjkhkj', 1, 33081, 33081, 177, '545646', NULL, 'junk', '2019-06-27 09:03:11', '2019-06-27 09:03:11'),
(215, 'CFC', 'vdfvd@f.com', '4534534545', 'fdfvdfv', 'sfvfdvd', 177, '4534534534', 'Vdfvd', 1, 33081, 33081, 177, '423423', NULL, 'fvdfv', '2019-06-27 09:06:53', '2019-06-27 09:06:53'),
(216, 'David', 'dsdvs@did.com', '32423423', 'adfsdfsd', 'fsdfsdf', 177, '23423423423', 'Dscssdcsd', 1, 33081, 33081, 177, '23423423', NULL, 'dfsdfsd', '2019-06-27 09:10:55', '2019-06-27 09:10:55'),
(217, 'sac', 'dcsdsd@day.com', '3242423423', 'dad sass', 'sdasda3', 177, '342342343q', 'Asdasdas', 1, 33081, 33081, 177, '23423423', NULL, 'Assad', '2019-06-27 09:15:30', '2019-06-27 09:15:30'),
(218, 'even', 'erer@de.com', '3435345', 'sdfsdfsd', 'fvdfvd', 177, '34242', 'Dcsdcscd', 1, 33081, 33081, 177, '3434', NULL, 'dfsdfsd', '2019-06-27 09:19:55', '2019-06-27 09:19:55'),
(219, 'jkhkj', 'jkhj@feed.com', '3424243', 'dsdfsdf', 'dfsdfsd', 177, '423423423', 'Vfdvdf', 1, 33081, 33081, 177, '342342', NULL, 'dfsdfsd', '2019-06-27 09:23:28', '2019-06-27 09:23:28'),
(220, 'dfdvdf', 'dscsd@dcd.com', '34234234', 'sdcsdsdc', 'dress', 177, '23232323423', 'zcdcdscs', 1, 33081, 33081, 177, '23232', NULL, 'disc', '2019-06-27 09:34:13', '2019-06-27 09:34:13'),
(221, 'dad', 'dfsd@weed.com', '234242423', 'dfdsfsd', 'dfdsfsd', 177, '3242342423', 'ddsfsdfsdf', 1, 33081, 33081, 177, '3423432', NULL, 'dfsdfsd', '2019-06-27 09:36:44', '2019-06-27 09:36:44'),
(222, 'dad', 'dfdsf@fed.com', '342342342', 'dasdasd', 'dfsdf', 177, '234234234', 'Sadasd', 1, 33081, 33081, 177, '4234234', NULL, 'Assad’s', '2019-06-27 09:42:16', '2019-06-27 09:42:16'),
(223, 'ddsfsdfsdf', 'dfsdf@fad.com', '3434234234', 'ddsfsdfsdf', 'sdfdsf', 177, '234234232', 'Csdcscsdc', 1, 33081, 33081, 177, '3423423', NULL, 'dfsdf', '2019-06-27 10:19:21', '2019-06-27 10:19:21'),
(224, 'dfsd', 'fsdfds@de.com', '3423423423', 'sdasdas', 'sdasdas', 177, '324234234', 'Adasdad', 1, 33081, 33081, 177, '34234', NULL, 'adasdasd', '2019-06-27 10:21:12', '2019-06-27 10:21:12'),
(225, 'dfsdf', 'fsdf@adds.com', '34242342', 'fsdfsf', 'dfdsfsd', 177, '23423423423', 'Fsdcsdf', 1, 33081, 33081, 177, '324242342', NULL, 'dfsdf', '2019-06-27 10:46:00', '2019-06-27 10:46:00'),
(226, 'dfsdf', 'dfsd@Rex.com', '234234234', 'sdasdasd', 'Assad’s', 177, 'sdasd', 'Asdasd', 1, 33081, 33081, 177, '34234', NULL, 'Assad’s', '2019-06-27 10:56:24', '2019-06-27 10:56:24'),
(227, 'asdasdas', 'das@dexe.com', '323423423', 'sdasdas', 'sdasdas', 177, '234234234', 'Zxcxzcxzc', 1, 33081, 33081, 177, '1231321', NULL, 'sdasd', '2019-06-27 11:01:59', '2019-06-27 11:01:59'),
(228, 'XX XX', 'czxc@sac.com', '234234234', 'sdasdas', 'sdasdas', 177, '324234234', 'dasdasdas', 1, 33081, 33081, 177, '23423423', NULL, 'sadasd', '2019-06-27 11:08:06', '2019-06-27 11:08:06'),
(229, 'dfsdf', 'dfds@dds.com', '32423423', 'sdasdas', 'dfsdfsd', 177, '234234234', 'Sdcdcsd', 1, 33081, 33081, 177, '3424d', NULL, 'asdasds', '2019-06-27 11:18:50', '2019-06-27 11:18:50'),
(230, 'dfsdf', 'fsd@fe.com', '32423423', 'sdasdasd', 'sdasd', 177, '23423423', 'Sdasdas', 1, 33081, 33081, 177, '4323', NULL, 'sdasd', '2019-06-27 11:22:09', '2019-06-27 11:22:09'),
(231, 'dfdsfsd', 'sdsdcs@dads.com', '4234234', 'dsasdasa', 'sdasdas', 177, '323232', 'Cdcscsdc', 1, 33081, 33081, 177, '34234', NULL, 'sdasdapa', '2019-06-27 11:34:26', '2019-06-27 11:34:26'),
(232, 'Mehmood', 'Mehmood.rana@live.com', '08520852', 'kunjah', 'kunjah', 177, '0899808858', 'Notass', 1, 33144, 33144, 177, '54321', NULL, 'kunjah heights', '2019-06-28 05:53:32', '2019-06-28 05:53:32'),
(233, 'Rana', 'e@gmail.com', '87678499449', 'banana', 'Santana', 67, '84648794648', 'Bakzbs', 1, 11994, 12567, 67, '62828', NULL, 'hotal is', '2019-06-28 05:59:52', '2019-06-28 05:59:52'),
(234, 'name', 'w@mail.con', '0454648404', 'banana a', 'hotal', 177, '0852548', 'Banana', 1, 33082, 33082, 177, '52626', NULL, 'girlie', '2019-06-28 06:07:31', '2019-06-28 06:07:31'),
(235, 'dad dad', 'dffdf@fed.com', '34342423', 'dfdsfsd', 'dfsdf', 177, '324324234', 'Dsdcsdc', 1, 33081, 33081, 177, '34232', NULL, 'dsdds', '2019-06-28 11:06:48', '2019-06-28 11:06:48'),
(236, 'dfsdf', 'dsfsd@XX.com', '423423423', 'sadasd a', 'sadasd', 177, '23243423', 'Aaxasxasx', 1, 33081, 33081, 177, '2423', NULL, 'asdasdpak', '2019-06-28 11:32:36', '2019-06-28 11:32:36'),
(237, 'dscsd', 'dcsd@eddy.com', '2342342342', 'dsdcsdc', 'asdasdas', 177, '423423423423', 'Asdsasd', 1, 33081, 33081, 177, '2342342', NULL, 'dsdcsdc', '2019-06-28 11:35:11', '2019-06-28 11:35:11'),
(238, 'Mahmoud', 'Mahmoud.appcrates@gmail.com', '0229929020', 'kunjah', 'Kunjah', 177, '837298', 'Testtt', 1, 33144, 33144, 177, '52220', NULL, 'hotllla', '2019-06-28 11:42:58', '2019-06-28 11:42:58'),
(240, 'Mike Sims-Williams', 'msimswil@mac.com', '+818034030239', '2-19-22 Shiboku-honcho, Miyamae-ku', '1 Chichibu. Saitama', 113, '+811326594975', '', 1, 26386, 14459, 76, '2160031', NULL, 'Hilton Extreme', '2019-07-13 08:39:54', '2019-07-13 08:39:54'),
(241, 'tim', 'tims@gaastuto.com', '+818035030081', '12345', '12335', 113, '0322222555', '', 1, 26386, 26089, 113, '214-0004', NULL, 'Hilton Extreme', '2019-07-13 08:41:26', '2019-07-13 08:41:26'),
(242, 'Tasha', 'talhabutt802@gmail.com', '02829872987', 'shbsby32by3', 'nbdekhbehkwbew', 113, '7733883', 'Ddbhiybed', 1, 25884, 26384, 113, '636363', NULL, 'Anahi is', '2019-07-26 07:17:42', '2019-07-26 07:17:42'),
(243, 'waleed', 'cricplushd@gmail.com', '03318442882', 'h-I go road ohio', 'fog road Harley’s d', 113, '5677473829', 'Bvvvb dhbihwdbhbcx dihbhdbc dew', 1, 26077, 25685, 113, '23321', NULL, 'harshleys hotel', '2019-07-29 04:37:00', '2019-07-29 04:37:00'),
(244, 'Naoko Smith', 'naokohori@gmail.com', '08032460868', '3-18-2 Sugebamba, Tama-Ku', 'Umedacho, Kiryu, Gunma', 113, '0277321181', '', 1, 25849, 26089, 113, '214-0004', NULL, 'Toyokan', '2019-07-30 09:07:04', '2019-07-30 09:07:04'),
(245, 'Bike.RentBike', 'bikerent@gsastuto.com', '0448198191', '3-18-2 Sugebanba', 'Dogenzaka 1-1-2', 113, '0322225555', '', 1, 40790, 26551, 113, '214-0004', NULL, 'Excel', '2019-08-05 21:42:44', '2019-10-09 19:35:04'),
(247, 'Mi', 'muazam@gm.com', '03000000000', '3-chōme-7-6 Tenjinchō, Kiryu, Gunma 376-0052, Japan', '3-chōme-7-6 Tenjinchō, Kiryu, Gunma 376-0052, Japan', 113, '03000000000', 'Testi', 1, 40796, 40796, 113, '376-0052', '376-0052', 'N/A', '2019-09-18 10:07:57', '2019-11-14 12:21:09'),
(248, 'App', 'abc@app.com', '03331231231', 'Assad’s', 'ward', 177, '03331232312', 'Scsdcss', 1, 33080, 33081, 177, '2250', NULL, 'Ali baba', '2019-09-18 10:20:07', '2019-09-18 10:20:07'),
(249, 'Muazam', 'muazam@qqq.com', '03001231231', 'Wanda town', 'Wanda town', 177, '03001231231', 'Dcsdcs', 1, 33081, 33081, 177, '52250', NULL, 'N/A', '2019-09-18 13:06:59', '2019-09-18 13:06:59'),
(250, 'Mehmood', 'mehmood@rana.com', '03009090909', 'Wanda our', 'Wanda our', 177, '03009090909', '', 1, 33144, 33144, 177, '53000', NULL, 'N/A', '2019-09-18 13:08:21', '2019-09-18 13:08:21'),
(252, 'New User 1', 'newuser@gsastuto.com', '08044446666', '2-2-3 Harajuku', '1-1-1 Maroniuchi', 113, '0322226666', '', 1, 26576, 26576, 113, '150-0001', NULL, 'Palace Hotel', '2019-09-27 09:54:08', '2019-09-27 09:54:08'),
(253, 'Tim', 'ttttest@gmail.co.jp', '+818035030081', '1-2-3 Sow wheee', '1-2-3 Sow wheee', 113, '+818035030081', '', 1, 26576, 26576, 113, '150-0001', NULL, 'N/A', '2019-10-03 23:54:49', '2019-10-03 23:54:49'),
(255, 'ABC', 'abc@gmail.com', '123456789', 'abcd', 'mall road', 177, '04277575757', '', 1, 33081, 33300, 177, '340000', NULL, 'abc', '2019-10-10 09:38:04', '2019-10-10 11:51:01'),
(259, 'Muhammad Zubair', 'mzubair@gmail.com', '12345678', 'New Address 123123123', 'XYZ', 177, '1234567', 'Testing', 1, 33081, 33081, 177, '52250', NULL, 'Hotel 2223', '2019-10-11 10:01:58', '2019-10-24 14:24:35'),
(260, 'Zubair', 'mzubair2@gmail.com', '987654321', 'Gujranwala', 'Gujranwala', 177, '987654321', 'Testing Notes', 1, 33081, 33082, 177, '52250', NULL, 'My Hotel', '2019-10-11 11:28:57', '2019-10-11 15:03:30'),
(261, 'Lal', 'Lal.bhinder@appcrates.com', '12345678', 'Japanese Garden Rd, 31B, Sector 31, Chandigarh, 160030, India', 'Huje, 4000 Kranj, Slovenia', 104, '12345678', 'test', 1, 37691, 17994, 199, '160047', NULL, 'Hotel', '2019-10-11 14:19:19', '2019-10-11 15:16:09'),
(262, 'Test New@123', 't12345@gsastuto.com', '+814455557777', '35 Westward Ho, Leiston IP16 4HX, UK', '1-chōme-12-2 Dōgenzaka, Shibuya City, Tōkyō-to 150-0043, Japan', 113, '+81344447777', '', 1, 40794, 15133, 76, 'IP16 4HX', NULL, 'Shibuya Excel', '2019-10-11 16:32:00', '2019-10-11 16:32:00'),
(264, 'qa', 'qa.appcrates+50@gmail.com', '03000000000', '3-chōme-7-6 Tenjinchō, Kiryu, Gunma 376-0052, Japan', '3-chōme-7-6 Tenjinchō, Kiryu, Gunma 376-0052, Japan', 113, '03000000000', '', 1, 40796, 40796, 113, '376-0052', NULL, 'N/A', '2019-10-14 09:48:51', '2019-10-14 09:52:20'),
(265, 'qa', 'qa.appcrates+51@gmail.com', '03000000000', 'Japan, 〒182-0026 Tōkyō-to, Chofu, Kojimachō, 1-chōme−38−１ 調布PARCO 8F～10F', '1-chōme-1-1 Kamiasao, Asao Ward, Kawasaki, Kanagawa 215-0021, Japan', 113, '081444555778', 'Testy', 1, 40798, 40797, 113, '182-0026', NULL, 'hotalia', '2019-10-14 09:59:34', '2019-10-14 10:07:54'),
(266, 'qa', 'qa.appcrates+53@gmail.com', '03000000000', '3-chōme-7-6 Tenjinchō, Kiryu, Gunma 376-0052, Japan', '3-chōme-7-6 Tenjinchō, Kiryu, Gunma 376-0052, Japan', 113, '03000000000', '', 1, 40796, 40796, 113, '376-0052', NULL, 'N/A', '2019-10-14 10:11:19', '2019-10-14 12:08:54'),
(268, 'test@rider', 'test.rider@gsastuto.com', '8344445555', '227-1 Yanokuchi, Inagi-shi, Tōkyō-to 206-0812, Japan', '3-chōme-7-6 Tenjinchō, Kiryu, Gunma 376-0052, Japan', 113, '045551111', '', 1, 40796, 40799, 113, '206-0812', NULL, 'Asruto Cc', '2019-10-17 14:51:23', '2019-10-17 14:56:34'),
(269, 'Muhammad Zubair', 'mzubair3895@gmail.com', '12345678', 'New Address 123123123', 'XYZ', 177, '1234567', 'Testing', 1, 33081, 33081, 177, '52250', NULL, 'Hotel 2223', '2019-10-24 14:23:34', '2019-10-24 14:23:34'),
(270, 'Hamza', 'hamza.shahzad@appcrates.com', '030000000000', 'ASTUTO CC KIRYU,3 Chome-7-6 Tenjincho, Kiryu, Gunma 376-0052, Japan', 'ASTUTO CC KIRYU,3 Chome-7-6 Tenjincho, Kiryu, Gunma 376-0052, Japan', 113, '030000000000', '', 1, 40796, 40796, 113, '376-0052', NULL, 'N/A', '2019-10-29 06:29:29', '2019-10-30 13:55:36'),
(271, 'hamza', 'hamza.shazad@appcrates.com', '03001234567', '桐生市,日本、群馬県桐生市', 'パレスホテル東京｜Palace Hotel Tokyo,日本、〒100-0005 東京都千代田区丸の内１丁目１−１', 113, '000080000', 'B b hcucu', 1, 40801, 40796, 113, '376-0024', NULL, 'dddd', '2019-10-30 13:51:59', '2019-10-30 13:51:59'),
(272, 'Testing.88', 'test88@gsastuto.com', '+810344448888', 'Set Lip 玉川学園店,7 Chome-5-4 Tamagawagakuen, Machida, Tokyo 194-0041, Japan', 'Shibuya Excel Hotel Tokyu,Japan, 〒150-0043 Tokyo, Shibuya City, Dogenzaka, 1 Chome−12−2 渋谷マークシティ内', 113, '+810366668888', '', 1, 40794, 40802, 113, '194-0041', NULL, 'Shibuya Excel', '2019-10-31 06:30:04', '2019-10-31 06:30:04'),
(273, 'Mahmood Rana', 'hassan.ikram@appcrates.com', '03009595878', 'Kunjah,Kunjah, Gujrat, Punjab, Pakistan', 'Kunjah,Kunjah, Gujrat, Punjab, Pakistan', 177, '03009595878', 'Nottaesss', 1, 40816, 40816, 177, '214-0004', '214-0004', 'N/A', '2019-11-01 10:01:11', '2020-04-30 06:56:14'),
(274, 'mahmo⋯⋯這麼說？你', 'qa.appcrates+99@gmail.com', '0300088880', '1-chōme-12-2 Dōgenzaka, Shibuya City, Tōkyō-to 150-0043, Japan', '1-chōme-12-2 Dōgenzaka, Shibuya City, Tōkyō-to 150-0043, Japan', 113, '0300088880', '', 1, 40794, 40794, 113, '150-0043', NULL, 'N/A', '2019-11-01 10:10:50', '2019-11-01 10:22:47'),
(275, 'moodd', 'qa.appcrates+909@gmail.com', '04548400445', 'Sugebanba,Sugebanba, Tama Ward, Kawasaki, Kanagawa 214-0004, Japan', 'Sugebanba,Sugebanba, Tama Ward, Kawasaki, Kanagawa 214-0004, Japan', 113, '04548400445', '', 1, 40803, 40803, 113, '214-0004', NULL, 'N/A', '2019-11-01 10:29:51', '2019-11-01 10:32:45'),
(276, 'subair', 'qa.appcrates+90@gmail.com', '03215000000', 'Kaka H Karyana Store,Tarna Wala Galli, Mubarak Colony, Gujranwala, Punjab, Pakistan', 'Kaka H Karyana Store,Tarna Wala Galli, Mubarak Colony, Gujranwala, Punjab, Pakistan', 177, '03215000000', '', 1, 33081, 33081, 177, '52250', NULL, 'na', '2019-11-01 10:45:26', '2019-11-01 10:45:42'),
(277, 'zubair', 'zubair123@gmail.com', '03250000058', 'Chick N Chill,Chick N Chill near Brown Tech Int. Pindi Bypass, Sialkot, road, Sialkot, Punjab, Pakistan', 'Chick N Chill,Chick N Chill near Brown Tech Int. Pindi Bypass, Sialkot, road, Sialkot, Punjab, Pakistan', 177, '03250000058', '', 1, 40804, 40804, 177, '52250', '65569', 'None', '2019-11-01 10:55:26', '2019-12-23 12:43:39'),
(278, 'zubair', 'zubair1234@gmail.com', '03250000058', 'Chick N Chill,Chick N Chill near Brown Tech Int. Pindi Bypass, Sialkot, road, Sialkot, Punjab, Pakistan', 'Chick N Chill,Chick N Chill near Brown Tech Int. Pindi Bypass, Sialkot, road, Sialkot, Punjab, Pakistan', 177, '03250000058', '', 1, 40804, 40804, 177, '52250', NULL, 'None', '2019-11-01 10:56:59', '2019-11-01 11:00:49'),
(279, 'zubair', 'zubair12345@gmail.com', '03250000058', 'Chick N Chill,Chick N Chill near Brown Tech Int. Pindi Bypass, Sialkot, road, Sialkot, Punjab, Pakistan', 'Chick N Chill,Chick N Chill near Brown Tech Int. Pindi Bypass, Sialkot, road, Sialkot, Punjab, Pakistan', 177, '03250000058', '', 1, 40804, 40804, 177, '52250', NULL, 'None', '2019-11-01 11:04:31', '2019-11-01 11:04:31'),
(280, 'Zubair', 'zubair123123@gmail.com', '032145558888', 'Search N Social,Kangni wala, Kangri Wala, Gujranwala, Punjab 52550, Pakistan', 'Search N Social,Kangni wala, Kangri Wala, Gujranwala, Punjab 52550, Pakistan', 177, '032145558888', '', 1, 40804, 40804, 177, '52250', '52250', 'N/A', '2019-11-01 11:11:10', '2019-12-06 14:29:33'),
(281, 'zubair', 'zubair123124@gmail.com', '03225652588', 'KO,Block N Gulberg III, Lahore, Punjab, Pakistan', 'KO,Block N Gulberg III, Lahore, Punjab, Pakistan', 177, '03225652588', '', 1, 40805, 40805, 177, '52250', NULL, 'None', '2019-11-01 11:13:50', '2019-11-01 11:17:32'),
(282, 'qa', 'qa.appcrates+91@gmail.com', '03000000000', 'American Bakers,Block B-3, Wapda Town, Block 3 Phase B Wapda Town, Gujranwala, Punjab 52132, Pakistan', 'American Bakers,Block B-3, Wapda Town, Block 3 Phase B Wapda Town, Gujranwala, Punjab 52132, Pakistan', 177, '03000000000', 'Gggg', 1, 33081, 33081, 177, '52250', NULL, 'N/A', '2019-11-01 11:28:32', '2019-11-01 11:28:32'),
(283, 'Mahmoud', 'ranamahmood+1@gmail.com', '000000000', 'Copenhagen Strand,Havnegade 37, 1058 København, Denmark', 'Copenhagen Strand,Havnegade 37, 1058 København, Denmark', 58, '000000000', '', 1, 40806, 40806, 58, '1058', NULL, 'N/A', '2019-11-01 12:54:15', '2019-11-01 12:54:15'),
(284, 'Mehmood', 'ranamahmood+2@gmail.com', '03000000000', 'German post office,Im Bungert 6, 51429 Bergisch Gladbach, Germany', 'Hotel Boskamp,Am Eichenkamp 1, 51427 Bergisch Gladbach, Germany', 56, '+492219226250', 'Ddddd', 1, 9087, 9087, 56, '51429', NULL, 'Hotel Boskamp', '2019-11-01 13:25:23', '2019-11-01 13:54:17'),
(285, 'testo555', 'test555@gsastuto.com', '+818033335555', '3-7-6 tenjincho, kiryu, gunma, 377-0052', 'Shibuya Excel Hotel Tokyu,Japan, 〒150-0043 Tokyo, Shibuya City, Dogenzaka, 1 Chome−12−2 渋谷マークシティ内', 113, '+81344448888', '', 1, 40794, 40807, 113, '376-0052', NULL, 'Shibuya Excel Hotel Tokyu', '2019-11-05 11:54:34', '2019-11-05 11:54:34'),
(286, 'QA', 'QA.appcrates+102@gmail.com', '03000000000', 'qasdf', 'qasdf', 177, '03000000000', '', 1, 33145, 33145, 177, '56789', '56789', 'N/A', '2019-11-06 11:40:26', '2019-11-06 11:41:22'),
(287, 'qa', 'qa.appcrates+103@gmail.com', '030041222278', 'Holida,Via Sotto Maiellaro Geremia, 6, 70014 Conversano BA, Italy', 'Holida,Via Sotto Maiellaro Geremia, 6, 70014 Conversano BA, Italy', 109, '030041222278', '', 1, 24757, 24757, 109, '70014', '70014', 'N/A', '2019-11-06 12:24:06', '2019-11-06 12:24:06'),
(288, 'Joe.Wein', 'joewein@gmail.com', '09060295622', 'Setagaya City,Setagaya City, Tokyo, Japan', 'Palace Hotel Tokyo,1 Chome-1-1 Marunouchi, Chiyoda City, Tokyo 100-0005, Japan', 113, '03555511113', '', 1, 40801, 40811, 113, '154-0017', '100-0005', 'Palace Hotel Tokyo', '2019-11-07 06:48:42', '2019-11-07 06:48:42'),
(289, 'qa', 'qa.appcrates+5@gmail.com', '03000000000', 'Kiryu,Kiryu, Gunma, Japan', 'Palace Hotel Tokyo,1 Chome-1-1 Marunouchi, Chiyoda City, Tokyo 100-0005, Japan', 113, '03000000000', 'Have', 1, 40801, 40796, 113, '376-0024', '100-0005', 'Palace Hotel Tokyo', '2019-11-07 10:48:27', '2019-11-07 10:51:11'),
(290, 'qa', 'qa.appcrates+6@gmail.com', '1231564', 'abcs', 'abcs', 177, '1231564', '', 1, 33145, 33145, 177, '54600', '54600', 'N/A', '2019-11-07 10:56:36', '2019-11-07 10:56:36'),
(291, 'QA', 'QA.appcrates+109@gmail.com', '03000000000', 'Kunjah,Kunjah, Gujrat, Punjab, Pakistan', 'Silver Spoon Restaurant,Bhimber Road Opposite Allena Shopping Center, Gulshan Colony, Gujrat, Punjab, Pakistan', 177, '0300000000', '', 1, 33082, 33144, 177, '53000', '53000', 'Silver Spoon Restaurant', '2019-11-08 13:06:10', '2019-11-08 13:06:10'),
(292, 'Mahmoud', 'QA.appcrates+110@gmail.com', '03211234567', 'Shelton Hotel,شیلٹن روڈ opp. Gulshan-E-Iqbal Park، Shaheenabad, Gujranwala, Pakistan', 'Shelton Hotel,شیلٹن روڈ opp. Gulshan-E-Iqbal Park، Shaheenabad, Gujranwala, Pakistan', 177, '03211234567', 'Notes', 1, 33081, 33081, 177, '52250', '52250', 'N/A', '2019-11-08 14:34:14', '2019-11-08 14:34:14'),
(293, 'mmmmmm', 'QA.appcrates+111@gmail.com', '03000000000', 'Rehman Plaza,MM74 /MM76B-3 Block,, Block 3 Phase B Wapda Town, Gujranwala, Punjab, Pakistan', 'Rehman Plaza,MM74 /MM76B-3 Block,, Block 3 Phase B Wapda Town, Gujranwala, Punjab, Pakistan', 177, '03000000000', 'Hhhhh', 1, 33081, 33081, 177, '52250', '52250', 'N/A', '2019-11-08 14:40:58', '2019-11-08 14:40:58'),
(294, 'Test777', 'test777@gsastuto.com', '045554444', 'M.Musee,Japan, 〒106-0045 Tokyo, Minato City, Azabujuban, 1 Chome−10−3 モンテプラザ 2F', 'M.Musee,Japan, 〒106-0045 Tokyo, Minato City, Azabujuban, 1 Chome−10−3 モンテプラザ 2F', 113, '045554444', '', 1, 40815, 40815, 113, '106-0045', '106-0045', 'N/A', '2019-11-14 19:32:40', '2019-11-14 19:45:39'),
(295, 'Allen', 'skoog5600@gmail.com', '08056594585', 'Koganei shi', 'Koganei shi', 113, '08056594585', '', 1, 26576, 26576, 113, '184-0003', '184-0003', 'N/A', '2019-11-30 21:56:48', '2019-11-30 21:56:48'),
(298, 'zaid', 'zaid1111@gmail.com', '123123', 'adddress', 'hoata address', 1, '0222222222', 'notes', 1, 0, 0, 0, '', NULL, '', '2019-12-18 10:24:28', '2019-12-18 10:24:28'),
(299, 'Tester', 'test@test.com', '0321234567', 'Gujranwala', 'Gujranwala', 177, '0321234567', '', 1, 33081, 33081, 177, '52250', '52250', 'N/A', '2019-12-23 09:58:31', '2020-02-03 14:39:59'),
(300, 'saleh', 'isalehrana@gmail.com', '000464949', 'Kunjah,Kunjah, Gujrat, Punjab, Pakistan', 'Kunjah,Kunjah, Gujrat, Punjab, Pakistan', 177, '000464949', '', 1, 33144, 33144, 177, '54300', '54300', 'N/A', '2019-12-26 13:53:01', '2019-12-26 14:04:27'),
(301, 'Mahmood Rana', 'mehmood.rana@appcrates.com', '03009595878', '318 Fremont St, Las Vegas, NV 89101, USA', 'Kunjah,Kunjah, Gujrat, Punjab, Pakistan', 177, '03009595878', 'Nottaesss', 1, 40816, 40816, 1, '214-0004', '214-0004', 'N/A', '2019-12-26 14:46:31', '2020-08-19 01:50:06'),
(302, 'Mahmood Rana', 'mehmood.rana@appcrates.com', '03009595878', 'Kunjah,Kunjah, Gujrat, Punjab, Pakistan', 'Kunjah,Kunjah, Gujrat, Punjab, Pakistan', 177, '03009595878', 'Nottaesss', 1, 40816, 40816, 177, '214-0004', '214-0004', 'N/A', '2019-12-26 14:47:52', '2020-04-30 06:56:14'),
(303, 'Usama amjad', 'usamaamjad99@gmail.com', '03127252761', 'fdfd', '', 0, '', '', 1, 0, 33053, 177, '5555', NULL, '', '2020-01-09 08:30:21', '2020-01-09 08:47:21'),
(304, 'Saleh Mahmood', 'mahmood.appcrates@gmail.com', '03000000000', 'Main circular road near Committee Office', '', 0, '', '', 1, 0, 33144, 177, '52250', NULL, '', '2020-01-09 09:04:38', '2020-01-09 09:04:38'),
(305, 'mahmood', 'mehmood.qutor@gmail.com', '03210000000', 'Gujranwala,Gujranwala, Punjab, Pakistan', 'Gujranwala,Gujranwala, Punjab, Pakistan', 177, '03210000000', 'Notaf', 1, 33081, 33081, 177, '52250', '52250', 'N/A', '2020-01-16 07:01:34', '2020-01-16 13:43:24'),
(306, 'zaid mugha', 'zaid@gmail.com', '1234345', 'asdfghjkhk;khjhg', '', 0, '', '', 1, 0, 33081, 177, '1234', NULL, '', '2020-01-30 15:36:40', '2020-01-30 15:36:40'),
(307, 'Ali Raza', 'ali.raza@appcrates.com', '56445656456', 'Gujranwala, Punjab, Pakistan', '', 0, '', '', 1, 0, 33081, 177, '52250', NULL, '', '2020-01-30 16:02:58', '2020-01-30 16:02:58'),
(308, 'haris', 'muhammad.haris@appcrates.com', '03006421838', 'Lahore,Lahore, Punjab, Pakistan', 'Lahore,Lahore, Punjab, Pakistan', 177, '03006421838', '', 1, 40805, 40805, 177, '85001', '85001', 'N/A', '2020-05-05 05:26:17', '2020-05-05 05:26:17'),
(309, 'Harris', 'haris@appcrates.com', '03006421838', 'Mode,Mode, Punjab 143108, India', 'Mode,Mode, Punjab 143108, India', 104, '03006421838', '', 1, 20534, 20534, 104, '143108', '143108', 'N/A', '2020-05-05 07:45:14', '2020-05-20 05:19:11'),
(310, 'haris', 'haris@appcrares.com', '03006421838', 'Lah college,Kot Ameer Hussain, Gujrat, Punjab, Pakistan', 'Lah college,Kot Ameer Hussain, Gujrat, Punjab, Pakistan', 177, '03006421838', '', 1, 33145, 33145, 177, '85001', '85001', 'N/A', '2020-05-05 07:46:33', '2020-05-05 07:46:33'),
(311, 'Harris', 'haris@appcrattes.com', '03006421838', 'Lahore,Lahore, Punjab, Pakistan', 'Lahore,Lahore, Punjab, Pakistan', 177, '03006421838', '', 1, 40805, 40805, 177, '85001', '85001', 'N/A', '2020-05-05 07:57:33', '2020-05-05 07:57:33'),
(312, 'Harris', 'meharharis01@gmail.com', '03006421838', 'Gujranwala,Gujranwala, Punjab, Pakistan', 'Gujranwala,Gujranwala, Punjab, Pakistan', 177, '03006421838', '', 1, 40820, 40820, 177, '85001', '85001', 'N/A', '2020-05-08 06:04:54', '2020-05-08 06:04:54'),
(313, 'Harris', 'Harris@appcrates.com', '03006421838', 'New Look Mobile,amir center,، Old Town, Gujranwala, Punjab, Pakistan', 'New Look Mobile,amir center,، Old Town, Gujranwala, Punjab, Pakistan', 177, '03006421838', '', 1, 33081, 33081, 177, '85001', '85001', 'N/A', '2020-05-11 06:01:28', '2020-05-11 06:01:28'),
(314, 'Harris', 'haris@appcrtes.com', '03006421838', 'New Look Mobile,amir center,، Old Town, Gujranwala, Punjab, Pakistan', 'New Look Mobile,amir center,، Old Town, Gujranwala, Punjab, Pakistan', 177, '03006421838', '', 1, 33081, 33081, 177, '85001', '85001', 'N/A', '2020-05-13 04:51:02', '2020-05-13 04:51:02'),
(315, 'haris', 'haris@appcrates.cpm', '03006421838', 'Mod Beauty Parlor,Street Number 3, Mohalla Amir Park Civil Lines, Gujranwala, Punjab 52250, Pakistan', 'Mod Beauty Parlor,Street Number 3, Mohalla Amir Park Civil Lines, Gujranwala, Punjab 52250, Pakistan', 177, '03006421838', '', 1, 33081, 33081, 177, '85001', '85001', 'N/A', '2020-05-15 05:50:49', '2020-05-15 05:50:49'),
(316, 'haris', 'haris@appcartes.com', '03006421838', 'New Look Mobile,amir center,، Old Town, Gujranwala, Punjab, Pakistan', 'New Look Mobile,amir center,، Old Town, Gujranwala, Punjab, Pakistan', 177, '03006421838', '', 1, 33081, 33081, 177, 'Lahore', 'Lahore', 'N/A', '2020-05-15 06:27:41', '2020-05-15 06:27:41'),
(317, 'haris', 'appcrates@gmail.com', '030012345678', 'Model Town park,Model Town Square, Model Town, Gujranwala, Punjab, Pakistan', 'Model Town park,Model Town Square, Model Town, Gujranwala, Punjab, Pakistan', 177, '030012345678', '', 1, 33081, 33081, 177, '85001', '85001', 'N/A', '2020-06-25 09:38:03', '2020-06-25 09:38:03'),
(318, 'haris', 'haris@gmail.com', '03001234567', 'Model Town park,Model Town Square, Model Town, Gujranwala, Punjab, Pakistan', 'Model Town park,Model Town Square, Model Town, Gujranwala, Punjab, Pakistan', 177, '03001234567', '', 1, 33081, 33081, 177, '85001', '85001', 'N/A', '2020-06-25 09:58:59', '2020-06-25 09:58:59');

-- --------------------------------------------------------

--
-- Table structure for table `depots`
--

CREATE TABLE `depots` (
  `id` int(10) UNSIGNED NOT NULL,
  `name` varchar(191) COLLATE utf8mb4_unicode_ci NOT NULL,
  `lat` varchar(191) COLLATE utf8mb4_unicode_ci NOT NULL,
  `long` varchar(191) COLLATE utf8mb4_unicode_ci NOT NULL,
  `created_by` int(10) UNSIGNED NOT NULL,
  `status` int(11) NOT NULL DEFAULT '1',
  `total_bicycle` int(11) NOT NULL DEFAULT '0',
  `created_at` timestamp NULL DEFAULT NULL,
  `updated_at` timestamp NULL DEFAULT NULL,
  `address` text COLLATE utf8mb4_unicode_ci NOT NULL,
  `depo_image` varchar(255) COLLATE utf8mb4_unicode_ci NOT NULL
) ENGINE=InnoDB DEFAULT CHARSET=utf8mb4 COLLATE=utf8mb4_unicode_ci;

--
-- Dumping data for table `depots`
--

INSERT INTO `depots` (`id`, `name`, `lat`, `long`, `created_by`, `status`, `total_bicycle`, `created_at`, `updated_at`, `address`, `depo_image`) VALUES
(1, 'Depot-1', '32.533160810600684', '73.97267090796925', 1, 1, 0, '2019-01-07 23:08:35', '2019-05-14 05:29:59', 'Gondal Rd, Kunjah, Gujrat, Punjab, Pakistan', 'U88EMr8Rdl9XEnGgWbAEjtkZT5ScYxKTS5FOdNUW.jpeg'),
(2, 'Depot-2', '36.16994247686033', '-115.14181539154055', 1, 1, 0, '2019-01-07 23:09:19', '2019-01-07 23:09:19', '', '1551448833.jpeg'),
(3, 'Lahore Dep', '31.4884087', '74.32621840000002', 1, 1, 0, '2019-01-07 23:09:52', '2019-05-17 09:11:42', 'Unnamed Road, Model Town, Lahore, Punjab, Pakistan', '1558091500.jpg'),
(25, 'new depot Edit', '32.57307249999999', '74.10050439999998', 1, 1, 0, '2019-03-01 14:19:11', '2019-05-13 08:39:55', 'Gujrat, Punjab, Pakistan', '1551453551.jpeg'),
(26, 'depot 3', '32.573326', '74.10169989999997', 1, 1, 0, '2019-03-01 14:19:40', '2019-05-14 06:02:54', 'Natt Rd, Gujrat, Punjab, Pakistan', '1551706501.jpeg'),
(27, 'CrossCafe', '35.64085860000001', '139.5201647', 1, 1, 0, '2019-03-04 22:42:36', '2019-03-04 22:52:50', 'Japan, 〒206-0812 Tōkyō-to, Inagi-shi, Yanokuchi, ２２７−１ グランツドルフ1階', '1551743531.jpg'),
(28, 'zaiddepo', '33.44830051063872', '-112.08151028399197', 1, 1, 0, '2019-03-05 03:50:10', '2019-03-15 12:23:46', '590 W Washington St, Phoenix, AZ 85003, USA', '1551775810.jpeg'),
(29, 'Rana Mehmood', '32.0953713', '74.1793649', 1, 1, 0, '2019-03-15 14:45:11', '2019-05-14 06:05:44', 'Plot 48 C 1, C-1 Block Block 1 Phase C Wapda Town, Gujranwala, Punjab, Pakistan', '1556630627.jpg'),
(30, 'Hashim', '33.4482483', '-112.08129480000002', 1, 1, 0, '2019-03-15 14:47:11', '2019-03-15 14:47:11', '590 W Washington St, Phoenix, AZ 85003, USA', '1552664831.jpg'),
(31, 'Rana Mahmood', '32.1876919', '74.19445289999999', 9, 0, 0, '2019-04-10 08:39:13', '2019-04-10 08:39:13', 'Gujranwala, Punjab, Pakistan', '1554892753.jpg'),
(32, 'AstutoCC Kiyru', '36.4296335', '139.35276399999998', 1, 1, 0, '2019-04-14 04:09:59', '2019-04-28 23:24:09', '3-chōme-7-6 Tenjinchō, Kiryu, Gunma 376-0052, Japan', '1556501049.jpg'),
(33, 'Test Depot', '32.06323946133492', '74.06902482824171', 1, 1, 0, '2019-04-17 05:43:47', '2019-05-14 06:07:27', 'Nowshera Rd, Jajokey, Gujranwala, Punjab, Pakistan', '1557821247.jpg'),
(34, 'xaid', '32.5695141', '74.09552910000002', 1, 1, 0, '2019-05-03 10:24:01', '2019-05-14 06:05:07', 'Shadoula Rd, Gujrat, Punjab, Pakistan', '1556886260.jpeg'),
(35, 'asa', '32.57307249999999', '74.10050439999998', 1, 1, 0, '2019-05-06 12:26:12', '2019-05-06 12:26:27', 'Gujrat, Punjab, Pakistan', '1557152787.jpeg'),
(36, 'Gujranwala Depot', '32.19713353468302', '74.17879278305054', 1, 1, 0, '2019-05-07 03:53:36', '2019-05-14 06:08:09', 'Service Rd, Industrial Estate 1, Gujranwala, Punjab, Pakistan', '1557208416.jpg'),
(37, 'test', '32.1876919', '74.19445289999999', 9, 1, 0, '2019-05-07 09:33:05', '2019-05-07 09:33:05', 'Gujranwala, Punjab, Pakistan', '1557228785.jpeg'),
(38, 'check', '32.18329712440805', '74.18786539465941', 1, 1, 0, '2019-05-07 09:34:06', '2019-05-14 06:08:27', 'Jinnah Rd, Civil Lines, Gujranwala, Punjab, Pakistan', '1557228846.jpeg'),
(39, 'Appcrates', '-4.0434771', '39.6682065', 1, 1, 0, '2019-05-08 08:54:35', '2019-05-08 08:54:35', 'Mombasa, Kenya', '1557312873.jpg'),
(40, 'wapda town depot', '32.09827255459564', '74.18448848570551', 1, 1, 0, '2019-05-09 03:22:10', '2019-05-14 06:08:54', 'Plot 79 C, B-1 Block Block 1 Phase B Wapda Town, Gujranwala, Punjab, Pakistan', '1557379330.jpg'),
(41, 'ssss', '32.57325332480343', '74.07713699506223', 1, 1, 0, '2019-05-10 07:49:54', '2019-05-14 06:09:38', 'Kalwa Chowk St, Gujrat, Punjab, Pakistan', '1557481794.jpeg'),
(42, 'desing', '32.17772162860681', '74.19026865393676', 1, 1, 0, '2019-05-13 08:06:40', '2019-05-14 06:09:59', 'Street Loharan Wali # 1, Civil Lines, Gujranwala, Punjab, Pakistan', '1557742000.jpg'),
(43, 'Add 1', '32.52888882996141', '73.97245021415551', 1, 1, 0, '2019-05-13 08:43:20', '2019-05-14 06:15:25', 'Eid gah Rd, Kunjah, Gujrat, Punjab, Pakistan', '1557744200.png'),
(44, 'dede', '32.16299123380271', '74.19024719626464', 1, 1, 0, '2019-05-13 09:37:32', '2019-05-14 06:15:59', '105 Stadium Rd, Civil Lines, Gujranwala, Punjab, Pakistan', '1557817503.jpeg'),
(45, 'dede', '32.1876919', '74.19445289999999', 1, 1, 0, '2019-05-13 09:38:51', '2019-05-13 09:38:51', 'Gujranwala, Punjab, Pakistan', '1557747531.jpeg'),
(46, 'Rockwood Hotel', '40.693185', '140.27930000000003', 1, 1, 0, '2019-05-14 21:10:56', '2019-05-14 21:10:56', 'Japan, 〒038-2793 青森県西津軽郡鯵ヶ沢町鯵ヶ沢高原', '1557875455.png'),
(47, 'bASECAMP Talloires', '45.8403326', '6.2145777000000635', 1, 1, 0, '2019-05-14 22:28:29', '2019-05-14 22:28:29', '21 Rue Noblemaire, 74290 Talloires-Montmin, France', '1557880109.jpg'),
(48, 'karachi', '24.8607343', '67.00113639999995', 1, 1, 0, '2019-05-28 08:17:30', '2019-05-28 08:17:30', 'Karachi, Karachi City, Sindh, Pakistan', '1559038650.jpeg'),
(49, 'Grand Hyatt Tokyo', '35.6600777', '139.7283208', 1, 1, 0, '2019-06-04 05:02:45', '2019-06-04 05:02:45', '6-chōme-10-3 Roppongi, Minato City, Tōkyō-to 106-0032, Japan', '1559631763.jpg'),
(50, 'Above Bike Store', '35.6096953', '139.61901880000005', 1, 1, 0, '2019-06-04 05:39:33', '2019-06-04 05:39:33', '1-chōme-25-18 Futago, Takatsu-ku, Kawasaki, Kanagawa 213-0002, Japan', '1559633973.jpg'),
(51, 'Tokyo American Club', '35.6587295', '139.7402204', 1, 1, 0, '2019-08-27 22:04:49', '2019-08-27 22:04:49', '2-chōme-1-2 Azabudai, Minato City, Tōkyō-to 106-0041, Japan', '1566950689.jpg'),
(52, 'awais', '32.161979', '74.19885550000004', 1, 0, 0, '2019-09-24 06:38:43', '2019-09-24 06:38:43', 'Satellite Town, Gujranwala, Punjab, Pakistan', '1569314323.jpg'),
(53, 'awais', '32.16328686479661', '74.19306192852787', 1, 1, 0, '2019-09-24 06:40:17', '2019-09-24 06:46:43', 'Sialkot Rd, Civil Lines, Gujranwala, Punjab, Pakistan', '1569314417.jpg'),
(54, 'Hadi', '32.1618328', '74.20227550000004', 1, 1, 0, '2019-09-26 08:57:59', '2019-09-26 08:57:59', '203B Satellite Town, Block B Satellite Town, Gujranwala, Punjab, Pakistan', '1569495479.jpg'),
(55, 'Honda Showroom', '32.0952732', '74.18564719999995', 1, 1, 0, '2019-10-29 06:16:13', '2019-10-29 06:16:13', 'Wapda Town, Gujranwala, Punjab, Pakistan', '1572333373.png'),
(56, 'Freewheeling Japan', '35.6735691', '139.66944460000002', 1, 1, 0, '2019-11-19 23:37:30', '2019-11-19 23:37:30', '1 Chome Sasazuka, Shibuya City, Tokyo 151-0073, Japan', '1574210239.jpg'),
(57, 'asdad', '36.170340884968994', '-115.13958379364014', 1, 1, 0, '2020-08-11 01:44:23', '2020-08-11 01:44:23', '140 Las Vegas Blvd N, Las Vegas, NV 89101, USA', '1597128263.jpg'),
(58, 'asdad', '36.170340884968994', '-115.13958379364014', 1, 1, 0, '2020-08-11 01:45:33', '2020-08-11 01:45:33', '140 Las Vegas Blvd N, Las Vegas, NV 89101, USA', '1597128333.jpg');

-- --------------------------------------------------------

--
-- Table structure for table `depot_with_agents`
--

CREATE TABLE `depot_with_agents` (
  `id` int(10) UNSIGNED NOT NULL,
  `depot_id` int(10) UNSIGNED NOT NULL,
  `agent_id` int(10) UNSIGNED NOT NULL,
  `created_at` timestamp NULL DEFAULT NULL,
  `updated_at` timestamp NULL DEFAULT NULL
) ENGINE=InnoDB DEFAULT CHARSET=utf8mb4 COLLATE=utf8mb4_unicode_ci;

--
-- Dumping data for table `depot_with_agents`
--

INSERT INTO `depot_with_agents` (`id`, `depot_id`, `agent_id`, `created_at`, `updated_at`) VALUES
(57, 35, 2, '2019-05-06 12:26:27', '2019-05-06 12:26:27'),
(58, 35, 5, '2019-05-06 12:26:27', '2019-05-06 12:26:27'),
(63, 37, 9, '2019-05-07 09:33:07', '2019-05-07 09:33:07'),
(68, 39, 4, '2019-05-08 08:55:07', '2019-05-08 08:55:07'),
(69, 39, 5, '2019-05-08 08:55:07', '2019-05-08 08:55:07'),
(70, 39, 10, '2019-05-08 08:55:07', '2019-05-08 08:55:07'),
(106, 45, 2, '2019-05-14 05:54:47', '2019-05-14 05:54:47'),
(107, 45, 4, '2019-05-14 05:54:47', '2019-05-14 05:54:47'),
(112, 1, 5, '2019-05-14 06:02:29', '2019-05-14 06:02:29'),
(113, 1, 8, '2019-05-14 06:02:29', '2019-05-14 06:02:29'),
(114, 1, 9, '2019-05-14 06:02:29', '2019-05-14 06:02:29'),
(115, 1, 10, '2019-05-14 06:02:29', '2019-05-14 06:02:29'),
(121, 26, 2, '2019-05-14 06:02:54', '2019-05-14 06:02:54'),
(122, 26, 5, '2019-05-14 06:02:54', '2019-05-14 06:02:54'),
(123, 26, 9, '2019-05-14 06:02:54', '2019-05-14 06:02:54'),
(124, 26, 10, '2019-05-14 06:02:54', '2019-05-14 06:02:54'),
(125, 26, 13, '2019-05-14 06:02:54', '2019-05-14 06:02:54'),
(126, 25, 2, '2019-05-14 06:04:16', '2019-05-14 06:04:16'),
(127, 25, 9, '2019-05-14 06:04:16', '2019-05-14 06:04:16'),
(128, 25, 10, '2019-05-14 06:04:16', '2019-05-14 06:04:16'),
(133, 34, 4, '2019-05-14 06:05:08', '2019-05-14 06:05:08'),
(134, 34, 6, '2019-05-14 06:05:08', '2019-05-14 06:05:08'),
(135, 34, 9, '2019-05-14 06:05:08', '2019-05-14 06:05:08'),
(136, 34, 10, '2019-05-14 06:05:08', '2019-05-14 06:05:08'),
(137, 29, 9, '2019-05-14 06:05:44', '2019-05-14 06:05:44'),
(138, 29, 10, '2019-05-14 06:05:44', '2019-05-14 06:05:44'),
(139, 29, 13, '2019-05-14 06:05:44', '2019-05-14 06:05:44'),
(140, 33, 9, '2019-05-14 06:07:27', '2019-05-14 06:07:27'),
(141, 33, 10, '2019-05-14 06:07:27', '2019-05-14 06:07:27'),
(142, 33, 11, '2019-05-14 06:07:27', '2019-05-14 06:07:27'),
(143, 36, 2, '2019-05-14 06:08:09', '2019-05-14 06:08:09'),
(144, 36, 4, '2019-05-14 06:08:09', '2019-05-14 06:08:09'),
(145, 36, 9, '2019-05-14 06:08:09', '2019-05-14 06:08:09'),
(146, 36, 13, '2019-05-14 06:08:09', '2019-05-14 06:08:09'),
(147, 38, 2, '2019-05-14 06:08:27', '2019-05-14 06:08:27'),
(148, 38, 5, '2019-05-14 06:08:27', '2019-05-14 06:08:27'),
(149, 38, 9, '2019-05-14 06:08:27', '2019-05-14 06:08:27'),
(150, 40, 4, '2019-05-14 06:08:54', '2019-05-14 06:08:54'),
(151, 40, 6, '2019-05-14 06:08:54', '2019-05-14 06:08:54'),
(152, 40, 8, '2019-05-14 06:08:54', '2019-05-14 06:08:54'),
(153, 40, 10, '2019-05-14 06:08:54', '2019-05-14 06:08:54'),
(154, 41, 4, '2019-05-14 06:09:38', '2019-05-14 06:09:38'),
(155, 41, 6, '2019-05-14 06:09:38', '2019-05-14 06:09:38'),
(156, 42, 2, '2019-05-14 06:09:59', '2019-05-14 06:09:59'),
(163, 44, 2, '2019-05-14 06:15:59', '2019-05-14 06:15:59'),
(164, 43, 5, '2019-05-14 07:02:36', '2019-05-14 07:02:36'),
(165, 43, 8, '2019-05-14 07:02:36', '2019-05-14 07:02:36'),
(166, 43, 9, '2019-05-14 07:02:36', '2019-05-14 07:02:36'),
(167, 43, 10, '2019-05-14 07:02:36', '2019-05-14 07:02:36'),
(168, 43, 11, '2019-05-14 07:02:36', '2019-05-14 07:02:36'),
(169, 43, 12, '2019-05-14 07:02:36', '2019-05-14 07:02:36'),
(170, 43, 13, '2019-05-14 07:02:36', '2019-05-14 07:02:36'),
(171, 46, 8, '2019-05-14 21:10:56', '2019-05-14 21:10:56'),
(173, 47, 2, '2019-05-14 22:37:17', '2019-05-14 22:37:17'),
(180, 3, 9, '2019-05-17 09:11:43', '2019-05-17 09:11:43'),
(181, 3, 10, '2019-05-17 09:11:43', '2019-05-17 09:11:43'),
(182, 3, 16, '2019-05-17 09:11:43', '2019-05-17 09:11:43'),
(183, 48, 9, '2019-05-28 08:17:30', '2019-05-28 08:17:30'),
(184, 48, 10, '2019-05-28 08:17:30', '2019-05-28 08:17:30'),
(185, 49, 8, '2019-06-04 05:02:45', '2019-06-04 05:02:45'),
(186, 50, 17, '2019-06-04 05:39:33', '2019-06-04 05:39:33'),
(189, 27, 2, '2019-08-27 21:17:39', '2019-08-27 21:17:39'),
(190, 27, 8, '2019-08-27 21:17:39', '2019-08-27 21:17:39'),
(191, 27, 18, '2019-08-27 21:17:39', '2019-08-27 21:17:39'),
(192, 51, 2, '2019-08-27 22:04:49', '2019-08-27 22:04:49'),
(193, 52, 10, '2019-09-24 06:38:43', '2019-09-24 06:38:43'),
(196, 53, 10, '2019-09-24 06:46:43', '2019-09-24 06:46:43'),
(197, 54, 2, '2019-09-26 08:57:59', '2019-09-26 08:57:59'),
(198, 55, 19, '2019-10-29 06:16:13', '2019-10-29 06:16:13'),
(199, 56, 8, '2019-11-19 23:37:30', '2019-11-19 23:37:30'),
(201, 58, 2, '2020-08-11 01:51:26', '2020-08-11 01:51:26'),
(202, 58, 4, '2020-08-11 01:51:26', '2020-08-11 01:51:26');

-- --------------------------------------------------------

--
-- Table structure for table `items`
--

CREATE TABLE `items` (
  `id` int(10) UNSIGNED NOT NULL,
  `name` varchar(191) COLLATE utf8mb4_unicode_ci NOT NULL,
  `status` int(11) NOT NULL DEFAULT '1',
  `agent_id` int(10) UNSIGNED NOT NULL,
  `depot_id` int(10) UNSIGNED NOT NULL,
  `created_at` timestamp NULL DEFAULT NULL,
  `updated_at` timestamp NULL DEFAULT NULL
) ENGINE=InnoDB DEFAULT CHARSET=utf8mb4 COLLATE=utf8mb4_unicode_ci;

-- --------------------------------------------------------

--
-- Table structure for table `migrations`
--

CREATE TABLE `migrations` (
  `id` int(10) UNSIGNED NOT NULL,
  `migration` varchar(191) COLLATE utf8mb4_unicode_ci NOT NULL,
  `batch` int(11) NOT NULL
) ENGINE=InnoDB DEFAULT CHARSET=utf8mb4 COLLATE=utf8mb4_unicode_ci;

--
-- Dumping data for table `migrations`
--

INSERT INTO `migrations` (`id`, `migration`, `batch`) VALUES
(25, '2014_10_12_000000_create_users_table', 1),
(26, '2018_11_23_072131_create_depots_table', 1),
(27, '2018_11_23_104120_create_items_table', 1),
(29, '2018_11_28_085510_add_paid_to_users', 1),
(30, '2018_12_05_082407_create_customers_table', 1),
(31, '2018_12_05_140816_create_countries_table', 1),
(32, '2018_12_06_084428_add_paid_to_depots', 1),
(33, '2018_12_13_080031_create_resource_types_table', 1),
(34, '2018_12_17_082432_create_variation_table', 1),
(35, '2018_12_17_093018_create_variation_values_table', 1),
(36, '2019_01_08_082508_create_resources_table', 1),
(37, '2019_01_09_091702_create_resource_variation_table', 1),
(38, '2019_01_15_062349_change_field_type_of_res_image_in_resources_table', 1),
(39, '2019_01_15_081618_create_resource_quantities_table', 1),
(40, '2019_01_15_125058_add_variation_id_in_resource_variations_table', 1),
(41, '2019_01_15_162721_create_resource_images_table', 1),
(42, '2019_01_16_142400_add_created_by_field_in_resources_table', 1),
(43, '2019_02_19_074602_create_resource_prices_table', 1),
(44, '2019_02_19_075442_create_resource_price_rules_table', 1),
(45, '2019_02_20_121313_create_additional_resources_table', 1),
(46, '2019_02_20_121545_create_addit_res_quantities_table', 1),
(48, '2019_02_21_080756_create_additional_res_pricings_table', 1),
(49, '2019_02_25_103736_create_carts_table', 1),
(50, '2019_02_25_131207_add_paid_to_carts', 2),
(51, '2019_02_26_072440_create_orders_table', 3),
(52, '2019_02_26_075004_create_order_details_table', 4),
(53, '2019_02_26_075036_create_order_shiping_adresses_table', 4),
(54, '2019_02_26_123957_create_order_variations_table', 5),
(55, '2019_02_28_090504_create_order_addit_resources_table', 6),
(56, '2019_03_07_143125_create_attitional_resource_variations_table', 7),
(58, '2019_03_15_102144_create_cities_table', 8),
(59, '2019_04_03_065838_create_booked_resources_table', 9);

-- --------------------------------------------------------

--
-- Table structure for table `orders`
--

CREATE TABLE `orders` (
  `id` int(10) UNSIGNED NOT NULL,
  `total_amount` varchar(255) COLLATE utf8mb4_unicode_ci NOT NULL DEFAULT '0',
  `status` int(11) NOT NULL DEFAULT '1',
  `customer_id` int(10) UNSIGNED NOT NULL,
  `transaction_id` varchar(255) COLLATE utf8mb4_unicode_ci NOT NULL,
  `payment_gateway` varchar(255) COLLATE utf8mb4_unicode_ci NOT NULL,
  `cop_code` varchar(255) COLLATE utf8mb4_unicode_ci NOT NULL,
  `cop_discount` int(255) NOT NULL,
  `order_status` int(11) NOT NULL DEFAULT '0' COMMENT '0= bydefualt, 1= check out,2=pending,3=check in,4= cancel ,5= deleted',
  `reservation_status` int(11) NOT NULL COMMENT '1=notconfermerd,2= confermed',
  `payment_status` int(11) NOT NULL COMMENT '1 = umpaid,2= paid',
  `source` int(11) NOT NULL COMMENT '1= app,2=manual',
  `reservation_id` int(33) NOT NULL,
  `select_days` int(255) NOT NULL,
  `created_at` timestamp NULL DEFAULT NULL,
  `updated_at` timestamp NULL DEFAULT NULL
) ENGINE=InnoDB DEFAULT CHARSET=utf8mb4 COLLATE=utf8mb4_unicode_ci;

--
-- Dumping data for table `orders`
--

INSERT INTO `orders` (`id`, `total_amount`, `status`, `customer_id`, `transaction_id`, `payment_gateway`, `cop_code`, `cop_discount`, `order_status`, `reservation_status`, `payment_status`, `source`, `reservation_id`, `select_days`, `created_at`, `updated_at`) VALUES
(1033, '495', 1, 247, '', '', '', 0, 4, 0, 3, 1, 0, 0, '2019-10-16 05:28:16', '2019-10-16 06:29:02'),
(1034, '495', 1, 247, '', '', '', 0, 4, 0, 3, 1, 0, 0, '2019-10-16 05:28:23', '2019-10-16 06:29:02'),
(1035, '495', 1, 247, '', '', '', 0, 4, 0, 3, 1, 0, 0, '2019-10-16 05:28:32', '2019-10-16 06:29:02'),
(1036, '495', 1, 247, '', '', '', 0, 4, 0, 3, 1, 0, 0, '2019-10-16 05:28:36', '2019-10-16 06:29:02'),
(1037, '495', 1, 247, '', '', '', 0, 4, 0, 3, 1, 0, 0, '2019-10-16 05:28:40', '2019-10-16 06:29:03'),
(1038, '495', 1, 247, '', '', '', 0, 4, 0, 3, 1, 0, 0, '2019-10-16 05:28:51', '2019-10-16 06:29:03'),
(1039, '495', 1, 247, '', '', '', 0, 4, 0, 3, 1, 0, 0, '2019-10-16 05:28:55', '2019-10-16 06:29:03'),
(1040, '495', 1, 247, '', '', '', 0, 4, 0, 3, 1, 0, 0, '2019-10-16 05:29:01', '2019-10-16 06:29:03'),
(1041, '495', 1, 247, '', '', '', 0, 4, 0, 3, 1, 0, 0, '2019-10-16 05:30:44', '2019-10-16 06:31:02'),
(1042, '440', 1, 247, '', '', '', 0, 4, 0, 3, 1, 0, 0, '2019-10-16 05:45:15', '2019-10-16 06:46:01'),
(1043, '440', 1, 247, '', '', '', 0, 4, 0, 3, 1, 0, 0, '2019-10-16 05:45:31', '2019-10-16 06:46:02'),
(1044, '440', 1, 247, '', '', '', 0, 4, 0, 3, 1, 0, 0, '2019-10-16 05:45:33', '2019-10-16 06:46:02'),
(1045, '440', 1, 247, '', '', '', 0, 4, 0, 3, 1, 0, 0, '2019-10-16 05:45:42', '2019-10-16 06:46:02'),
(1046, '440', 1, 247, '', '', '', 0, 4, 0, 3, 1, 0, 0, '2019-10-16 05:45:44', '2019-10-16 06:46:02'),
(1047, '440', 1, 247, '', '', '', 0, 4, 0, 3, 1, 0, 0, '2019-10-16 05:45:47', '2019-10-16 06:46:02'),
(1048, '440', 1, 247, '', '', '', 0, 4, 0, 3, 1, 0, 0, '2019-10-16 05:45:49', '2019-10-16 06:46:02'),
(1049, '440', 1, 247, 'PAY-5PJ53106F4348383VLWTMV3A', 'paypal', '', 0, 0, 2, 2, 1, 0, 0, '2019-10-16 05:45:54', '2019-10-16 05:47:01'),
(1050, '110', 1, 247, 'PAY-7CN99618PH7166100LWTMWMI', 'paypal', '', 0, 0, 2, 2, 1, 0, 0, '2019-10-16 05:47:51', '2019-10-16 05:48:09'),
(1051, '990', 1, 259, '', '', '', 0, 4, 0, 3, 1, 0, 0, '2019-10-16 05:49:52', '2019-10-16 06:50:03'),
(1052, '495', 1, 259, '', '', '', 0, 4, 0, 3, 1, 0, 0, '2019-10-16 06:39:44', '2019-10-16 07:40:04'),
(1053, '495', 1, 259, '', '', '', 0, 4, 0, 3, 1, 0, 0, '2019-10-16 06:39:49', '2019-10-16 07:40:04'),
(1054, '495', 1, 259, '', '', '', 0, 4, 0, 3, 1, 0, 0, '2019-10-16 06:40:03', '2019-10-16 07:40:04'),
(1055, '495', 1, 259, '', '', '', 0, 4, 0, 3, 1, 0, 0, '2019-10-16 08:28:07', '2019-10-16 09:29:02'),
(1056, '495', 1, 259, '', '', '', 0, 4, 0, 3, 1, 0, 0, '2019-10-16 08:28:11', '2019-10-16 09:29:02'),
(1057, '495', 1, 259, '', '', '', 0, 4, 0, 3, 1, 0, 0, '2019-10-16 08:28:14', '2019-10-16 09:29:02'),
(1058, '495', 1, 259, '', '', '', 0, 4, 0, 3, 1, 0, 0, '2019-10-16 08:28:17', '2019-10-16 09:29:02'),
(1059, '440', 1, 259, '', '', '', 0, 4, 0, 3, 1, 0, 0, '2019-10-16 09:03:19', '2019-10-16 10:04:01'),
(1060, '440', 1, 259, '', '', '', 0, 4, 0, 3, 1, 0, 0, '2019-10-16 09:03:23', '2019-10-16 10:04:02'),
(1061, '495', 1, 247, '', '', '', 0, 4, 0, 3, 1, 0, 0, '2019-10-16 09:11:03', '2019-10-16 10:12:02'),
(1062, '495', 1, 247, 'PAY-8PP28969577994455LWTPWDA', 'paypal', '', 0, 0, 2, 2, 1, 0, 0, '2019-10-16 09:11:58', '2019-10-16 09:12:20'),
(1063, '495', 1, 259, '', '', '', 0, 4, 0, 3, 1, 0, 0, '2019-10-16 09:17:48', '2019-10-16 10:18:01'),
(1064, '1600', 1, 259, '', '', '', 0, 4, 0, 3, 1, 0, 0, '2019-10-16 09:21:27', '2019-10-16 10:22:01'),
(1065, '1600', 1, 259, '', '', '', 0, 4, 0, 3, 1, 0, 0, '2019-10-16 09:23:34', '2019-10-16 10:24:02'),
(1066, '1800', 1, 259, '', '', '', 0, 4, 0, 3, 1, 0, 0, '2019-10-16 09:27:29', '2019-10-16 10:28:01'),
(1067, '15000', 1, 268, '', '', '', 0, 4, 0, 3, 1, 0, 0, '2019-10-17 14:56:36', '2019-10-17 15:57:02'),
(1068, '200', 1, 247, '', '', '', 0, 4, 0, 3, 1, 0, 0, '2019-10-21 09:30:22', '2019-10-21 10:31:02'),
(1069, '200', 1, 247, '', '', '', 0, 4, 0, 3, 1, 0, 0, '2019-10-21 09:30:37', '2019-10-21 10:31:05'),
(1070, '200', 1, 247, '', '', '', 0, 4, 0, 3, 1, 0, 0, '2019-10-21 09:31:14', '2019-10-21 10:32:09'),
(1071, '110', 1, 259, '', '', '', 0, 4, 0, 3, 1, 0, 0, '2019-10-22 07:05:52', '2019-10-22 08:06:01'),
(1072, '440', 1, 259, '', '', '', 0, 4, 0, 3, 1, 0, 0, '2019-10-24 14:12:14', '2019-10-24 15:13:02'),
(1073, '225', 1, 270, '', '', '', 0, 4, 2, 2, 2, 932222960, 5, '2019-10-29 06:29:29', '2019-10-29 06:31:33'),
(1074, '200', 1, 270, 'PAY-7HW95873WP587341PLW42JJA', 'paypal', '', 0, 0, 2, 2, 1, 0, 0, '2019-10-30 13:55:38', '2019-10-30 13:56:47'),
(1075, '1800', 2, 104, '', '', '', 0, 4, 0, 3, 0, 0, 0, '2019-10-31 07:35:24', '2019-10-31 08:36:03'),
(1076, '1800', 2, 104, '', '', '', 0, 4, 0, 3, 0, 0, 0, '2019-10-31 07:36:37', '2019-10-31 08:37:02'),
(1077, '1800', 2, 104, '', '', '', 0, 4, 0, 3, 0, 0, 0, '2019-10-31 07:37:27', '2019-10-31 08:38:01'),
(1078, '1800', 2, 104, '', '', '', 0, 4, 0, 3, 0, 0, 0, '2019-10-31 07:38:20', '2019-10-31 08:39:03'),
(1079, '1800', 2, 104, '', '', '', 0, 4, 0, 3, 0, 0, 0, '2019-10-31 07:41:49', '2019-10-31 08:42:02'),
(1080, '1800', 2, 104, '', '', '', 0, 4, 0, 3, 0, 0, 0, '2019-10-31 07:43:54', '2019-10-31 08:44:02'),
(1081, '1800', 2, 104, '', '', '', 0, 4, 0, 3, 0, 0, 0, '2019-10-31 07:44:22', '2019-10-31 08:45:03'),
(1082, '1800', 2, 104, '', '', '', 0, 4, 0, 3, 0, 0, 0, '2019-10-31 07:45:04', '2019-10-31 08:46:03'),
(1083, '200', 1, 273, 'PAY-84K454187C106045CLW6BCXI', 'paypal', '', 0, 0, 2, 2, 1, 0, 0, '2019-11-01 10:04:11', '2019-11-01 10:05:11'),
(1084, '200', 1, 274, '', '', '', 0, 4, 0, 3, 1, 0, 0, '2019-11-01 10:11:24', '2019-11-01 11:12:02'),
(1086, '200', 1, 274, 'PAY-81M23731DM7205844LW6BHVQ', 'paypal', '', 0, 0, 2, 2, 1, 0, 0, '2019-11-01 10:15:22', '2019-11-01 10:15:42'),
(1087, '200', 1, 274, 'PAY-8GX4367330037314FLW6BLTI', 'paypal', '', 0, 0, 2, 2, 1, 0, 0, '2019-11-01 10:23:44', '2019-11-01 10:24:05'),
(1088, '200', 1, 276, '', '', '', 0, 4, 0, 3, 1, 0, 0, '2019-11-01 10:45:44', '2019-11-01 11:46:02'),
(1089, '1600', 1, 277, '', '', '', 0, 4, 0, 3, 1, 0, 0, '2019-11-01 10:56:02', '2019-11-01 11:57:02'),
(1090, '1600', 1, 277, '', '', '', 0, 4, 0, 3, 1, 0, 0, '2019-11-01 10:56:45', '2019-11-01 11:57:02'),
(1091, '1600', 1, 278, '', '', '', 0, 4, 0, 3, 1, 0, 0, '2019-11-01 10:57:21', '2019-11-01 11:58:02'),
(1092, '1600', 1, 278, '', '', '', 0, 4, 0, 3, 1, 0, 0, '2019-11-01 11:04:12', '2019-11-01 12:05:04'),
(1093, '200', 1, 282, '', '', '', 0, 4, 0, 3, 1, 0, 0, '2019-11-01 11:28:34', '2019-11-01 12:29:02'),
(1094, '200', 1, 282, 'PAY-4MS66714LS317863BLW6CKBQ', 'paypal', '', 0, 0, 2, 2, 1, 0, 0, '2019-11-01 11:28:37', '2019-11-01 11:29:02'),
(1095, '200', 1, 283, 'PAY-0KX4141446820920MLW6DSTA', 'paypal', '', 0, 0, 2, 2, 1, 0, 0, '2019-11-01 12:54:23', '2019-11-01 12:55:32'),
(1096, '200', 1, 284, 'PAY-4NM09796Y86608349LW6EA2A', 'paypal', '', 0, 0, 2, 2, 1, 0, 0, '2019-11-01 13:25:26', '2019-11-01 13:25:51'),
(1097, '200', 1, 284, 'PAY-0MP176210S907794TLW6EPII', 'paypal', '', 0, 0, 2, 2, 1, 0, 0, '2019-11-01 13:54:19', '2019-11-01 13:56:42'),
(1098, '21750', 1, 285, 'PAY-52U69241NT681370MLXAXDDY', 'paypal', '', 0, 0, 2, 2, 1, 0, 0, '2019-11-05 11:56:28', '2019-11-05 11:56:56'),
(1099, '1800', 2, 287, 'PAY-1RA9207391878324XLXBMVCI', 'paypal', '', 0, 0, 2, 2, 1, 0, 0, '2019-11-06 12:26:49', '2019-11-06 12:28:49'),
(1100, '15500', 1, 288, 'PAY-6WJ8154734852061DLXB4Y3Q', 'paypal', '', 0, 0, 2, 2, 1, 0, 0, '2019-11-07 06:48:47', '2019-11-07 06:49:12'),
(1101, '400', 3, 289, 'PAY-5K1156677R296080ALXCAL2Q', 'paypal', '', 0, 0, 2, 2, 1, 0, 0, '2019-11-07 10:53:51', '2019-11-07 10:54:26'),
(1102, '22750', 3, 149, 'PAY-91880483C2622670FLXCCGSI', 'paypal', '', 0, 0, 2, 2, 1, 0, 0, '2019-11-07 12:59:14', '2019-11-07 12:59:46'),
(1103, '22750', 3, 169, 'PAY-16359014T69317939LXCCL4I', 'paypal', '', 0, 0, 2, 2, 1, 0, 0, '2019-11-07 13:10:18', '2019-11-07 13:11:06'),
(1104, '14500', 2, 149, '', '', '', 0, 4, 0, 3, 1, 0, 0, '2019-11-07 17:04:47', '2019-11-07 18:05:03'),
(1105, '14500', 1, 149, 'PAY-9PC31509EX052450YLXCGL3Y', 'paypal', '', 0, 0, 2, 2, 1, 0, 0, '2019-11-07 17:23:32', '2019-11-07 17:44:08'),
(1106, '15000', 2, 149, 'PAY-4XT97990AL248302WLXCKKRQ', 'paypal', '', 0, 0, 2, 2, 1, 0, 0, '2019-11-07 22:13:52', '2019-11-07 22:14:23'),
(1109, '1000', 2, 126, '', '', '', 0, 4, 0, 3, 1, 0, 0, '2019-11-08 11:26:02', '2019-11-08 12:27:02'),
(1111, '2448', 1, 273, '', '', '', 0, 4, 2, 3, 2, 483687122, 2, '2019-11-08 11:56:12', '2019-11-08 12:57:02'),
(1112, '1000', 2, 126, '', '', '', 0, 4, 0, 3, 1, 0, 1, '2019-11-08 12:35:02', '2019-11-08 13:35:03'),
(1113, '1000', 2, 126, '', '', '', 0, 4, 0, 3, 1, 0, 1, '2019-11-08 12:37:29', '2019-11-08 13:38:01'),
(1114, '1000', 2, 126, '', '', '', 0, 4, 0, 3, 1, 0, 1, '2019-11-08 12:39:29', '2019-11-08 13:40:04'),
(1115, '200', 1, 247, 'PAY-4YG98920VY310952XLXCXBSA', 'paypal', '', 0, 0, 2, 2, 1, 0, 1, '2019-11-08 12:42:07', '2019-11-08 12:42:40'),
(1116, '1000', 2, 126, '', '', '', 0, 4, 0, 3, 1, 0, 3, '2019-11-08 12:54:38', '2019-11-08 13:55:03'),
(1117, '1900', 2, 247, '', '', '', 0, 4, 0, 3, 1, 0, 1, '2019-11-08 13:00:17', '2019-11-08 14:01:02'),
(1118, '1900', 2, 247, 'PAY-2BX25626AD803264BLXCXKCA', 'paypal', '', 0, 0, 2, 2, 1, 0, 1, '2019-11-08 13:00:20', '2019-11-08 13:00:49'),
(1119, '500', 1, 291, 'PAY-9AK47709NC933030GLXCXNYI', 'paypal', '', 0, 0, 2, 2, 1, 0, 2, '2019-11-08 13:08:12', '2019-11-08 13:08:40'),
(1120, '216', 1, 273, '', '', '', 0, 0, 2, 2, 2, 832474126, 3, '2019-11-08 13:12:56', '2019-11-08 13:12:56'),
(1122, '120', 1, 273, '', '', '', 0, 0, 2, 2, 2, 651989503, 3, '2019-11-08 14:02:15', '2019-11-08 14:02:15'),
(1123, '1920', 2, 273, '', '', '', 0, 0, 2, 2, 2, 927998588, 3, '2019-11-08 14:12:11', '2019-11-08 14:12:11'),
(1125, '2000', 1, 293, 'PAY-6BH1649667465162VLXCYZGQ', 'paypal', '', 0, 0, 2, 2, 1, 0, 10, '2019-11-08 14:40:59', '2019-11-08 14:41:21'),
(1126, '29000', 1, 149, 'PAY-1G970538BR602813LLXE43DQ', 'paypal', '', 0, 0, 2, 2, 1, 0, 4, '2019-11-11 20:07:13', '2019-11-11 20:07:34'),
(1127, '56000', 3, 280, '', '', '', 0, 4, 0, 3, 1, 0, 8, '2019-11-14 10:22:07', '2019-11-14 11:23:02'),
(1128, '1800', 2, 126, '', '', '', 0, 4, 0, 3, 1, 0, 0, '2019-11-14 10:26:59', '2019-11-14 11:27:01'),
(1129, '60000', 3, 280, '', '', '', 0, 4, 0, 3, 1, 0, 8, '2019-11-14 10:28:36', '2019-11-14 11:29:02'),
(1130, '1800', 2, 126, '', '', '', 0, 4, 0, 3, 1, 0, 0, '2019-11-14 10:31:00', '2019-11-14 11:31:03'),
(1131, '1800', 3, 126, '', '', '', 0, 4, 0, 3, 1, 0, 0, '2019-11-14 10:32:14', '2019-11-14 11:33:01'),
(1132, '60000', 3, 280, '', '', '', 0, 4, 0, 3, 1, 0, 8, '2019-11-14 10:35:55', '2019-11-14 11:36:02'),
(1133, '1800', 3, 126, '', '', '', 0, 4, 0, 3, 1, 0, 0, '2019-11-14 10:37:23', '2019-11-14 11:38:02'),
(1134, '1800', 3, 126, '', '', '', 0, 4, 0, 3, 1, 0, 0, '2019-11-14 10:38:02', '2019-11-14 11:39:02'),
(1135, '1800', 3, 126, '', '', '', 0, 4, 0, 3, 1, 0, 0, '2019-11-14 10:39:52', '2019-11-14 11:40:03'),
(1136, '1600', 3, 280, '', '', '', 0, 4, 0, 3, 1, 0, 8, '2019-11-14 11:29:11', '2019-11-14 12:30:03'),
(1137, '1800', 3, 126, '', '', '', 0, 4, 0, 3, 1, 0, 0, '2019-11-14 11:32:16', '2019-11-14 12:33:01'),
(1138, '800', 3, 280, '', '', '', 0, 4, 0, 3, 1, 0, 4, '2019-11-14 11:36:41', '2019-11-14 12:37:02'),
(1139, '1800', 3, 126, '', '', '', 0, 4, 0, 3, 1, 0, 0, '2019-11-14 11:37:20', '2019-11-14 12:38:02'),
(1140, '400', 3, 280, '', '', '', 0, 4, 0, 3, 1, 0, 2, '2019-11-14 11:43:42', '2019-11-14 12:44:02'),
(1141, '400', 3, 280, '', '', '', 0, 4, 0, 3, 1, 0, 2, '2019-11-14 12:14:01', '2019-11-14 13:15:02'),
(1142, '300', 2, 247, '', '', '', 0, 4, 0, 3, 1, 0, 1, '2019-11-14 12:18:18', '2019-11-14 13:19:01'),
(1143, '300', 3, 247, 'PAY-37C175923K887735SLXGVJCA', 'paypal', '', 0, 0, 2, 2, 1, 0, 0, '2019-11-14 12:18:55', '2019-11-14 12:20:17'),
(1144, '200', 1, 247, '', '', '', 0, 4, 0, 3, 1, 0, 1, '2019-11-14 12:22:46', '2019-11-14 13:23:01'),
(1145, '400', 3, 280, '', '', '', 0, 4, 0, 3, 1, 0, 2, '2019-11-14 12:31:38', '2019-11-14 13:32:14'),
(1146, '400', 3, 280, '', '', '', 0, 4, 0, 3, 1, 0, 2, '2019-11-14 12:34:27', '2019-11-14 13:35:03'),
(1147, '400', 3, 280, 'PAY-91X58611685981157LXGVWKQ', 'paypal', '', 0, 0, 2, 2, 1, 0, 2, '2019-11-14 12:48:10', '2019-11-14 12:48:35'),
(1148, '800', 1, 280, '', '', '', 0, 4, 0, 3, 1, 0, 2, '2019-11-14 12:54:10', '2019-11-14 13:55:03'),
(1149, '800', 1, 280, '', '', '', 0, 4, 0, 3, 1, 0, 2, '2019-11-14 12:54:28', '2019-11-14 13:55:04'),
(1150, '110', 3, 280, 'PAY-03C452850M008560TLXGWABA', 'paypal', '', 0, 0, 2, 2, 1, 0, 2, '2019-11-14 13:08:48', '2019-11-14 13:09:17'),
(1151, '14500', 3, 149, '', '', '', 0, 4, 0, 3, 1, 0, 2, '2019-11-14 19:11:26', '2019-11-14 20:12:02'),
(1152, '14500', 3, 149, 'PAY-5KF515626L0403409LXG3L2I', 'paypal', '', 0, 0, 2, 2, 1, 0, 0, '2019-11-14 19:14:15', '2019-11-14 19:15:48'),
(1153, '85000', 1, 294, 'PAY-3NY60075X6128335GLXG34BA', 'paypal', '', 0, 0, 2, 2, 1, 0, 17, '2019-11-14 19:45:42', '2019-11-14 19:50:21'),
(1154, '21000', 1, 280, '', '', '', 0, 4, 0, 3, 1, 0, 3, '2019-11-19 13:09:42', '2019-11-19 14:10:03'),
(1155, '30000', 1, 280, '', '', '', 0, 4, 0, 3, 1, 0, 4, '2019-11-19 13:25:05', '2019-11-19 14:26:01'),
(1156, '30000', 3, 280, '', '', '', 0, 4, 0, 3, 1, 0, 0, '2019-11-19 13:26:14', '2019-11-19 14:27:01'),
(1157, '22500', 1, 280, '', '', '', 0, 4, 0, 3, 1, 0, 3, '2019-11-19 13:27:55', '2019-11-19 14:28:01'),
(1158, '22500', 1, 280, '', '', '', 0, 4, 0, 3, 1, 0, 3, '2019-11-19 13:32:17', '2019-11-19 14:33:02'),
(1159, '22500', 1, 280, '', '', '', 0, 4, 0, 3, 1, 0, 3, '2019-11-19 13:36:22', '2019-11-19 14:37:02'),
(1160, '22500', 1, 280, '', '', '', 0, 4, 0, 3, 1, 0, 0, '2019-11-19 13:37:17', '2019-11-19 14:38:02'),
(1161, '22500', 1, 280, 'PAY-61M76027WN742822WLXJ75YY', 'paypal', '', 0, 0, 2, 2, 1, 0, 0, '2019-11-19 13:38:55', '2019-11-19 13:40:44'),
(1162, '15000', 2, 149, 'PAY-3EL83470BD0558413LXKB4SQ', 'paypal', '', 0, 0, 2, 2, 1, 0, 3, '2019-11-19 15:53:39', '2019-11-19 15:54:43'),
(1163, '37500', 3, 169, 'PAY-64B79837MW869190XLXKB6RA', 'paypal', '', 0, 0, 2, 2, 1, 0, 5, '2019-11-19 15:58:30', '2019-11-19 15:58:53'),
(1164, '8250', 1, 169, 'PAY-8GU5157355658442GLXKCCEA', 'paypal', '', 0, 0, 2, 2, 1, 0, 1, '2019-11-19 16:06:13', '2019-11-19 16:06:31'),
(1166, '15000', 2, 149, 'PAY-5AW19207SL378414FLXLAH6A', 'paypal', '', 0, 0, 2, 2, 1, 0, 3, '2019-11-21 02:26:22', '2019-11-21 02:26:58'),
(1167, '8000', 1, 149, '', '', '', 0, 4, 0, 3, 1, 0, 1, '2019-11-21 02:53:58', '2019-11-21 03:54:02'),
(1168, '22750', 1, 149, 'PAY-2GD92179C7039374NLXNXIMA', 'paypal', '', 0, 0, 2, 2, 1, 0, 3, '2019-11-25 05:26:46', '2019-11-25 05:27:05'),
(1175, '1800', 3, 126, '201', 'adasdasf', '', 200, 0, 0, 2, 1, 0, 1, '2019-11-27 06:39:39', '2019-12-18 09:17:41'),
(1194, '15500', 1, 149, 'PAY-44159695S6039741TLXPPRII', 'paypal', '', 0, 0, 2, 2, 1, 0, 2, '2019-11-27 21:28:37', '2019-11-27 21:28:58'),
(1216, '1800', 3, 126, '', '', '', 0, 4, 0, 3, 1, 0, 1, '2019-11-28 09:35:40', '2019-11-28 10:36:01'),
(1217, '1800', 3, 126, '', '', '', 0, 4, 0, 3, 1, 0, 0, '2019-11-28 09:36:21', '2019-11-28 10:37:01'),
(1218, '10000', 1, 149, 'PAY-1GC56236K2409745ALXQANDQ', 'paypal', '', 0, 0, 2, 2, 1, 0, 2, '2019-11-28 16:40:15', '2019-11-28 16:40:38'),
(1219, '22750', 3, 149, 'PAY-6W460754BE0821846LXQ3RBI', 'paypal', '', 0, 0, 2, 2, 1, 0, 3, '2019-11-29 23:31:39', '2019-11-29 23:32:14'),
(1221, '16000', 1, 149, '', '', '', 0, 4, 0, 3, 1, 0, 2, '2019-12-02 09:24:45', '2019-12-02 10:25:06'),
(1222, '16000', 3, 149, 'PAY-49222801JB077784CLXSOPDY', 'paypal', '', 0, 0, 2, 2, 1, 0, 0, '2019-12-02 09:28:37', '2019-12-02 09:29:44'),
(1223, '3025', 1, 273, '', '', '', 0, 0, 2, 2, 2, 496450217, 5, '2019-12-02 09:55:35', '2019-12-02 09:55:35'),
(1224, '234', 3, 273, '', '', '', 0, 4, 0, 3, 1, 0, 5, '2019-12-02 10:25:16', '2019-12-02 11:26:02'),
(1226, '900', 3, 273, 'PAY-3U359931T59559115LXSPNLQ', 'paypal', '', 0, 0, 2, 2, 1, 0, 4, '2019-12-02 10:33:41', '2019-12-02 10:34:15'),
(1227, '165', 1, 280, '', '', '', 0, 4, 0, 3, 1, 0, 3, '2019-12-03 06:58:09', '2019-12-03 07:59:02'),
(1228, '165', 1, 280, '', '', '', 0, 4, 0, 3, 1, 0, 3, '2019-12-03 07:17:57', '2019-12-03 08:18:02'),
(1229, '165', 1, 280, '', '', '', 0, 4, 0, 3, 1, 0, 3, '2019-12-03 07:19:43', '2019-12-03 08:20:04'),
(1230, '165', 1, 280, '', '', '', 0, 4, 0, 3, 1, 0, 0, '2019-12-03 07:28:46', '2019-12-03 08:29:02'),
(1231, '165', 1, 280, '', '', '', 0, 4, 0, 3, 1, 0, 0, '2019-12-03 07:31:41', '2019-12-03 08:32:13'),
(1232, '227', 1, 280, '', '', '', 0, 4, 0, 3, 1, 0, 4, '2019-12-03 07:42:17', '2019-12-03 08:43:02'),
(1233, '172', 1, 280, '', '', '', 0, 4, 0, 3, 1, 0, 3, '2019-12-03 07:45:59', '2019-12-03 08:46:02'),
(1234, '172', 1, 280, '', '', '', 0, 4, 0, 3, 1, 0, 3, '2019-12-03 08:01:32', '2019-12-03 09:02:02'),
(1235, '607', 1, 280, '', '', '', 0, 4, 0, 3, 1, 0, 3, '2019-12-03 08:04:19', '2019-12-03 09:05:02'),
(1236, '607', 1, 280, '', '', '', 0, 4, 0, 3, 1, 0, 3, '2019-12-03 08:06:27', '2019-12-03 09:07:01'),
(1237, '9585', 1, 273, '', '', '', 0, 0, 2, 2, 2, 618679669, 15, '2019-12-03 12:58:44', '2019-12-03 12:58:44'),
(1238, '400', 3, 273, '', '', '', 0, 0, 2, 2, 2, 3501796, 10, '2019-12-04 10:43:04', '2019-12-04 10:43:04'),
(1239, '1090', 3, 273, '', '', '', 0, 4, 2, 2, 2, 943092432, 10, '2019-12-04 10:46:11', '2019-12-04 11:02:34'),
(1240, '1340', 3, 273, '', '', '', 0, 0, 2, 2, 2, 528209147, 10, '2019-12-04 11:04:16', '2019-12-04 11:04:16'),
(1241, '359', 3, 273, '', '', '', 0, 4, 0, 3, 1, 0, 10, '2019-12-04 11:09:20', '2019-12-04 12:10:03'),
(1243, '409', 2, 273, '', '', '', 0, 4, 0, 3, 1, 0, 10, '2019-12-04 11:13:04', '2019-12-04 12:14:01'),
(1244, '409', 1, 273, 'PAY-7VS35418A1127090VLXT2FYQ', 'paypal', '', 0, 1, 2, 2, 1, 0, 10, '2019-12-04 11:13:10', '2019-12-04 11:15:07'),
(1245, '110', 1, 273, 'PAY-01055827U7162481KLXT2JDI', 'paypal', '', 0, 0, 2, 2, 1, 0, 356, '2019-12-04 11:19:53', '2019-12-04 11:20:38'),
(1246, '1800', 3, 126, '', '', '', 0, 4, 0, 3, 1, 0, 1, '2019-12-04 11:47:58', '2019-12-04 12:48:01'),
(1247, '172', 2, 280, 'PAY-02T11987DB923073WLXT3AIQ', 'paypal', '', 0, 0, 2, 2, 1, 0, 3, '2019-12-04 12:04:29', '2019-12-04 12:10:08'),
(1248, '165', 2, 280, '', '', '', 0, 4, 0, 3, 1, 0, 3, '2019-12-04 12:29:38', '2019-12-04 13:30:02'),
(1249, '172', 2, 280, '', '', '', 0, 4, 0, 3, 1, 0, 3, '2019-12-04 12:37:34', '2019-12-04 13:38:02'),
(1250, '165', 2, 280, '', '', '', 0, 4, 0, 3, 1, 0, 3, '2019-12-04 12:46:06', '2019-12-04 13:47:02'),
(1251, '186', 2, 280, '', '', '', 0, 4, 0, 3, 1, 0, 3, '2019-12-04 13:09:58', '2019-12-04 14:10:03'),
(1252, '186', 2, 280, '', '', '', 0, 4, 0, 3, 1, 0, 0, '2019-12-04 13:13:47', '2019-12-04 14:14:02'),
(1253, '186', 2, 280, '', '', '', 0, 4, 0, 3, 1, 0, 0, '2019-12-04 13:15:10', '2019-12-04 14:16:02'),
(1254, '621', 2, 280, '', '', '', 0, 4, 0, 3, 1, 0, 3, '2019-12-04 13:17:43', '2019-12-04 14:18:02'),
(1255, '165', 3, 280, '', '', '', 0, 4, 0, 3, 1, 0, 3, '2019-12-05 06:37:33', '2019-12-05 07:38:02'),
(1256, '165', 3, 280, '', '', '', 0, 4, 0, 3, 1, 0, 3, '2019-12-05 07:37:21', '2019-12-05 08:38:01'),
(1257, '165', 1, 280, '', '', '', 0, 4, 0, 3, 1, 0, 3, '2019-12-05 07:56:25', '2019-12-05 08:57:02'),
(1258, '40', 2, 273, 'txn_1FmdZyKoh4CbeFDcmyAWusZj', 'stripe', '', 0, 0, 2, 2, 2, 784347129, 2, '2019-12-05 09:28:46', '2019-12-06 08:58:31'),
(1259, '275', 3, 273, 'PAY-83H08316LY492691MLXUN4QI', 'paypal', '', 0, 0, 2, 2, 1, 0, 0, '2019-12-05 09:36:18', '2019-12-05 09:39:05'),
(1260, '150', 3, 273, '', '', '', 0, 0, 2, 2, 2, 460942825, 2, '2019-12-05 09:36:33', '2019-12-05 09:36:33'),
(1261, '165', 3, 280, '', '', '', 0, 4, 0, 3, 1, 0, 3, '2019-12-05 09:52:58', '2019-12-05 10:53:07'),
(1262, '165', 3, 280, '', '', '', 0, 4, 0, 3, 1, 0, 3, '2019-12-05 12:54:36', '2019-12-05 13:55:03'),
(1263, '1856', 2, 273, 'txn_1FmdgMKoh4CbeFDciGnyU4ft', 'stripe', '', 0, 4, 0, 3, 1, 0, 4, '2019-12-05 13:09:32', '2019-12-06 09:06:01'),
(1264, '186', 2, 280, '', '', '', 0, 4, 0, 3, 1, 0, 3, '2019-12-05 13:14:09', '2019-12-05 14:15:03'),
(1265, '220', 2, 273, '', '', '', 0, 4, 0, 3, 1, 0, 4, '2019-12-05 13:37:22', '2019-12-05 14:38:01'),
(1266, '5', 1, 273, 'PAY-98072736PL063682JLXUSCIY', 'paypal', '', 0, 0, 2, 2, 1, 0, 1, '2019-12-05 14:24:07', '2019-12-05 14:24:27'),
(1267, '165750', 3, 149, '', '', '', 0, 4, 0, 3, 1, 0, 3, '2019-12-05 20:21:17', '2019-12-05 21:22:01'),
(1268, '165750', 3, 149, 'PAY-58735553NF960922BLXUXKUQ', 'paypal', '', 0, 0, 2, 2, 1, 0, 0, '2019-12-05 20:22:35', '2019-12-05 20:23:39'),
(1269, '15000', 2, 149, '', '', '', 0, 4, 0, 3, 1, 0, 3, '2019-12-05 20:37:31', '2019-12-05 21:38:01'),
(1270, '10000', 2, 149, '', '', '', 0, 4, 0, 3, 1, 0, 2, '2019-12-05 20:42:39', '2019-12-05 21:43:02'),
(1271, '10000', 3, 149, 'PAY-5W9151997D461873ULXUXU6I', 'paypal', '', 0, 0, 2, 2, 1, 0, 0, '2019-12-05 20:44:24', '2019-12-05 20:45:37'),
(1272, '2076', 1, 273, '', '', '', 0, 4, 2, 2, 2, 838081830, 3, '2019-12-06 06:03:12', '2019-12-06 06:08:53'),
(1273, '630', 1, 273, '', '', '', 0, 1, 2, 2, 2, 993348250, 3, '2019-12-06 06:07:35', '2019-12-06 06:08:08'),
(1274, '300', 1, 273, '', '', '', 0, 0, 2, 2, 2, 20486505, 3, '2019-12-06 06:10:26', '2019-12-06 06:10:26'),
(1275, '1800', 3, 126, 'txn_1Fmbe7Koh4CbeFDcuRkCUrgD', 'stripe', '', 0, 4, 0, 3, 1, 0, 0, '2019-12-06 06:48:51', '2019-12-06 07:49:01'),
(1276, '165', 1, 280, '', '', '', 0, 4, 0, 3, 1, 0, 3, '2019-12-06 09:42:04', '2019-12-06 10:43:01'),
(1277, '165', 1, 280, '', '', '', 0, 4, 0, 3, 1, 0, 3, '2019-12-06 09:57:11', '2019-12-06 10:58:02'),
(1278, '165', 1, 280, '', '', '', 0, 4, 0, 3, 1, 0, 3, '2019-12-06 10:10:03', '2019-12-06 11:11:02'),
(1279, '165', 1, 280, '', '', '', 0, 4, 0, 3, 1, 0, 3, '2019-12-06 10:13:02', '2019-12-06 11:14:01'),
(1283, '62', 2, 280, '', '', '', 0, 4, 0, 3, 1, 0, 1, '2019-12-06 10:38:08', '2019-12-06 11:39:02'),
(1284, '62', 2, 280, '', '', '', 0, 4, 0, 3, 1, 0, 0, '2019-12-06 10:41:13', '2019-12-06 11:42:02'),
(1285, '124', 1, 280, 'txn_1FsqgFKoh4CbeFDclckrs1Rz', 'stripe', '', 0, 4, 0, 3, 1, 0, 3, '2019-12-06 11:49:53', '2019-12-23 12:11:02'),
(1286, '537', 1, 280, '', '', '', 0, 4, 0, 3, 1, 0, 3, '2019-12-06 12:35:26', '2019-12-06 13:36:02'),
(1287, '342', 1, 280, 'txn_1FmhLwKoh4CbeFDcSCkpUNPV', 'stripe', '', 0, 4, 0, 3, 1, 0, 3, '2019-12-06 12:58:50', '2019-12-06 13:59:02'),
(1288, '228', 3, 273, 'txn_1FmhrwKoh4CbeFDcO1jndWj3', 'stripe', '', 0, 4, 0, 3, 1, 0, 2, '2019-12-06 13:31:59', '2019-12-06 14:32:13'),
(1289, '128', 3, 273, 'txn_1FmhxfKoh4CbeFDcfUmm4rDG', 'stripe', '', 0, 4, 0, 3, 1, 0, 2, '2019-12-06 13:38:37', '2019-12-06 14:39:02'),
(1290, '17520', 3, 149, 'txn_1Fmk9XKoh4CbeFDcqHkAbGri', 'stripe', '', 0, 4, 0, 3, 1, 0, 2, '2019-12-06 15:51:35', '2019-12-06 16:52:01'),
(1291, '26280', 3, 149, 'PAY-5U221542RG626201ALXVIUMQ', 'paypal', '', 0, 0, 2, 2, 1, 0, 3, '2019-12-06 16:04:22', '2019-12-06 16:04:59'),
(1292, '15000', 1, 149, 'txn_1FmkPYKoh4CbeFDc5QVkPgbt', 'stripe', '', 0, 4, 0, 3, 1, 0, 3, '2019-12-06 16:15:38', '2019-12-06 17:16:01'),
(1293, '10000', 2, 169, 'txn_1FmvKUKoh4CbeFDc1EuHwoRg', 'stripe', '', 0, 4, 0, 3, 1, 0, 2, '2019-12-07 03:53:38', '2019-12-07 04:54:02'),
(1294, '26280', 2, 149, 'PAY-44820301YJ832852GLXYLFRQ', 'paypal', '', 0, 0, 2, 2, 1, 0, 3, '2019-12-11 08:11:02', '2019-12-11 08:11:42'),
(1295, '15000', 1, 149, 'PAY-30K91332LV451882YLX4K2LA', 'paypal', '', 0, 0, 2, 2, 1, 0, 3, '2019-12-17 09:25:18', '2019-12-17 09:25:56'),
(1296, '26280', 2, 149, 'PAY-2CA04583BG3558704LX43QSA', 'paypal', '', 0, 0, 2, 2, 1, 0, 3, '2019-12-18 04:25:14', '2019-12-18 04:25:36'),
(1297, '1800', 3, 126, '', '', '', 0, 4, 0, 3, 1, 0, 0, '2019-12-18 09:17:28', '2019-12-18 10:18:02'),
(1298, '150', 2, 273, '', '', '', 0, 0, 2, 2, 2, 560662527, 2, '2019-12-19 09:03:31', '2019-12-19 09:03:31'),
(1299, '160', 2, 273, '', '', '', 0, 0, 2, 2, 2, 41489265, 2, '2019-12-19 09:15:52', '2019-12-19 09:15:52'),
(1300, '13200', 2, 273, '', '', '', 0, 0, 2, 2, 2, 234159011, 11, '2019-12-19 09:18:20', '2019-12-19 09:18:20'),
(1301, '1125', 1, 273, '', '', '', 0, 4, 2, 3, 2, 799331766, 9, '2019-12-19 09:37:45', '2019-12-19 10:38:01'),
(1302, '1320', 2, 273, '', '', '', 0, 0, 2, 2, 2, 563777245, 11, '2019-12-19 11:17:26', '2019-12-19 11:17:26'),
(1303, '7250', 1, 299, 'txn_1FsodMKoh4CbeFDc51sUMvYG', 'stripe', '', 0, 4, 0, 3, 1, 0, 1, '2019-12-23 09:59:04', '2019-12-23 11:00:07'),
(1304, '7000', 1, 299, '', '', '', 0, 4, 0, 3, 1, 0, 1, '2019-12-23 10:22:30', '2019-12-23 11:23:02'),
(1305, '7000', 1, 299, '', '', '', 0, 4, 0, 3, 1, 0, 1, '2019-12-23 10:25:23', '2019-12-23 11:26:02'),
(1306, '15000', 1, 299, '', '', '', 0, 4, 0, 3, 1, 0, 2, '2019-12-23 10:35:27', '2019-12-23 11:36:02'),
(1307, '110', 1, 277, '', '', '', 0, 4, 0, 3, 1, 0, 2, '2019-12-23 12:43:41', '2019-12-23 13:44:02'),
(1308, '0', 1, 273, '', '', '', 0, 4, 0, 3, 1, 0, 4, '2019-12-26 11:44:26', '2019-12-26 12:45:03'),
(1309, '0', 1, 273, '', '', '', 0, 4, 0, 3, 1, 0, 4, '2019-12-26 12:07:48', '2019-12-26 13:08:02'),
(1310, '0', 1, 273, '', '', '', 0, 4, 0, 3, 1, 0, 4, '2019-12-26 12:26:47', '2019-12-26 13:27:02'),
(1311, '0', 1, 273, '', '', '', 0, 4, 0, 3, 1, 0, 2, '2019-12-26 12:33:33', '2019-12-26 13:34:03'),
(1312, '0', 1, 273, '', '', '', 0, 4, 0, 3, 1, 0, 2, '2019-12-26 12:39:37', '2019-12-26 13:40:04'),
(1313, '1', 1, 273, '', '', '', 0, 4, 0, 3, 1, 0, 1, '2019-12-26 12:43:11', '2019-12-26 13:44:01'),
(1314, '1', 1, 273, '', '', '', 0, 4, 0, 3, 1, 0, 1, '2019-12-26 12:47:03', '2019-12-26 13:48:02'),
(1315, '0', 1, 273, '', '', '', 0, 4, 0, 3, 1, 0, 1, '2019-12-26 12:51:25', '2019-12-26 13:52:02'),
(1316, '0', 1, 273, '', '', '', 0, 4, 0, 3, 1, 0, 1, '2019-12-26 12:54:09', '2019-12-26 13:55:04'),
(1322, '100', 1, 149, 'txn_1Ftxo7Koh4CbeFDclAfhxS2i', 'stripe', '', 0, 4, 0, 3, 1, 0, 1, '2019-12-26 13:58:36', '2019-12-26 14:59:02'),
(1324, '110', 1, 149, '', '', '', 0, 4, 0, 3, 1, 0, 1, '2019-12-26 14:03:16', '2019-12-26 15:04:02'),
(1326, '1', 1, 165, '$charge->balance_transaction', 'stripe', '', 0, 4, 2, 2, 1, 0, 1, '2019-12-26 14:10:21', '2020-01-14 11:10:46'),
(1331, '1', 1, 273, '', '', '', 0, 4, 0, 3, 1, 0, 1, '2019-12-26 14:38:26', '2019-12-26 15:39:03'),
(1332, '0', 1, 299, '', '', '', 0, 4, 0, 3, 1, 0, 1, '2019-12-26 14:41:06', '2019-12-26 15:42:02'),
(1333, '5', 1, 299, '', '', '', 0, 4, 0, 3, 1, 0, 1, '2019-12-26 14:43:44', '2019-12-26 15:44:02'),
(1334, '5', 1, 299, '', '', '', 0, 4, 0, 3, 1, 0, 1, '2019-12-26 15:01:13', '2019-12-26 16:02:02'),
(1335, '0', 1, 299, '', '', '', 0, 4, 0, 3, 1, 0, 1, '2019-12-27 06:32:35', '2019-12-27 07:33:02'),
(1336, '0', 1, 299, '', '', '', 0, 4, 0, 3, 1, 0, 1, '2019-12-27 06:34:49', '2019-12-27 07:35:03'),
(1337, '1', 1, 299, '', '', '', 0, 4, 0, 3, 1, 0, 1, '2019-12-27 06:44:11', '2019-12-27 07:45:03'),
(1338, '1', 1, 299, '', '', '', 0, 4, 0, 3, 1, 0, 1, '2019-12-27 06:44:24', '2019-12-27 07:45:03'),
(1339, '1', 1, 299, '', '', '', 0, 4, 0, 3, 1, 0, 1, '2019-12-27 06:48:33', '2019-12-27 07:49:02'),
(1340, '1', 1, 273, '', '', '', 0, 4, 0, 3, 1, 0, 1, '2019-12-30 11:01:40', '2019-12-30 12:02:01'),
(1341, '1', 1, 273, '', '', '', 0, 4, 0, 3, 1, 0, 1, '2019-12-30 11:07:48', '2019-12-30 12:08:02'),
(1342, '300', 1, 149, 'txn_1FwqGpKoh4CbeFDcYMpgf80M', 'stripe', '', 0, 4, 0, 3, 1, 0, 2, '2020-01-03 12:31:49', '2020-01-03 13:32:04'),
(1343, '200', 1, 149, 'txn_1FwqNuKoh4CbeFDcxyLo71lB', 'stripe', '', 0, 4, 0, 3, 1, 0, 2, '2020-01-03 12:39:31', '2020-01-03 13:40:03'),
(1344, '200', 1, 149, 'txn_1FwqROKoh4CbeFDcoyfIjce4', 'stripe', '', 0, 4, 0, 3, 1, 0, 2, '2020-01-03 12:43:17', '2020-01-03 13:44:01'),
(1345, '320', 1, 149, 'txn_1FwqVfKoh4CbeFDcEtGxTnkS', 'stripe', '', 0, 4, 0, 3, 1, 0, 2, '2020-01-03 12:47:37', '2020-01-03 13:48:02'),
(1346, '165', 1, 299, '', '', '', 0, 4, 0, 3, 1, 0, 3, '2020-01-03 13:14:32', '2020-01-03 14:15:03'),
(1347, '165', 1, 299, '', '', '', 0, 4, 2, 2, 1, 0, 3, '2020-01-03 13:31:49', '2020-01-03 14:32:18'),
(1348, '200', 1, 273, '', '', '', 0, 4, 1, 3, 1, 0, 1, '2020-01-08 13:01:54', '2020-01-08 14:02:01'),
(1349, '200', 2, 273, 'txn_1FyfNVKoh4CbeFDcMr7nOCNl', 'stripe', '', 0, 4, 2, 2, 1, 0, 1, '2020-01-08 13:15:34', '2020-01-09 08:54:58'),
(1350, '500', 1, 273, '', '', '', 0, 4, 1, 3, 1, 0, 1, '2020-01-08 13:21:00', '2020-01-08 14:21:02'),
(1351, '300', 1, 104, '$charge->balance_transaction', 'stripe', '', 0, 2, 2, 2, 1, 0, 1, '2020-01-08 13:22:40', '2020-01-14 12:18:05'),
(1352, '19600', 1, 273, '', '', '', 0, 4, 1, 3, 1, 0, 14, '2020-01-08 13:25:37', '2020-01-08 14:26:02'),
(1354, '12600', 1, 273, '', '', '', 0, 4, 1, 3, 1, 0, 9, '2020-01-08 13:27:57', '2020-01-08 14:28:02'),
(1355, '12600', 1, 273, '', '', '', 0, 4, 1, 3, 1, 0, 9, '2020-01-08 13:28:00', '2020-01-08 14:28:03'),
(1356, '12600', 1, 273, '', '', '', 0, 4, 1, 3, 1, 0, 9, '2020-01-08 13:30:53', '2020-01-08 14:31:01'),
(1357, '12600', 1, 273, 'txn_1FyfZtKoh4CbeFDcaQRAP5HW', 'stripe', '', 0, 1, 2, 2, 1, 0, 9, '2020-01-08 13:31:00', '2020-01-09 08:18:17'),
(1358, '0', 1, 303, '', '', '', 0, 4, 2, 3, 1, 549739382, 23, '2020-01-09 08:30:21', '2020-01-09 09:31:02'),
(1359, '0', 1, 303, '', '', '', 0, 4, 1, 3, 1, 709857542, 14, '2020-01-09 08:33:04', '2020-01-09 09:34:02'),
(1360, '0', 1, 303, '', '', '', 0, 4, 1, 3, 1, 682106914, 23, '2020-01-09 08:36:10', '2020-01-09 09:37:02'),
(1361, '0', 1, 303, '', '', '', 0, 2, 2, 2, 2, 274080247, 23, '2020-01-09 08:47:21', '2020-01-09 08:47:21'),
(1362, '1040', 2, 304, '', 'stripe', '', 0, 4, 2, 2, 2, 940122471, 1, '2020-01-09 09:04:38', '2020-01-14 11:24:14'),
(1363, '800', 2, 104, '', '', '', 0, 4, 1, 3, 1, 0, 0, '2020-01-14 12:40:14', '2020-01-14 13:41:03'),
(1364, '800', 2, 104, '', '', '', 0, 4, 1, 3, 1, 0, 0, '2020-01-14 12:41:39', '2020-01-14 13:42:02'),
(1365, '800', 2, 104, '', '', '', 0, 4, 1, 3, 1, 0, 0, '2020-01-14 12:42:55', '2020-01-14 13:43:02'),
(1366, '800', 2, 104, '', '', '', 0, 4, 1, 3, 1, 0, 0, '2020-01-14 12:43:26', '2020-01-14 13:44:03'),
(1367, '800', 2, 104, '', '', '', 0, 4, 1, 3, 1, 0, 0, '2020-01-14 13:04:24', '2020-01-14 14:05:03'),
(1368, '800', 2, 104, '', '', '', 0, 4, 1, 3, 1, 0, 3, '2020-01-14 13:08:10', '2020-01-14 14:09:04'),
(1369, '800', 2, 104, '', '', '', 0, 4, 1, 3, 1, 0, 3, '2020-01-14 13:09:49', '2020-01-14 14:10:05'),
(1370, '800', 2, 104, '', '', '', 0, 4, 1, 3, 1, 0, 3, '2020-01-14 13:10:36', '2020-01-14 14:11:02'),
(1371, '800', 2, 104, '', '', '', 0, 4, 1, 3, 1, 0, 3, '2020-01-14 13:13:22', '2020-01-14 14:14:01'),
(1372, '800', 2, 104, '', '', '', 0, 4, 1, 3, 1, 0, 4, '2020-01-14 13:17:16', '2020-01-14 14:18:02'),
(1373, '800', 2, 104, '', '', '', 0, 4, 1, 3, 1, 0, 4, '2020-01-14 13:23:42', '2020-01-14 14:24:02'),
(1374, '800', 2, 104, '', '', '', 0, 4, 1, 3, 1, 0, 4, '2020-01-14 13:33:59', '2020-01-14 14:34:02'),
(1375, '800', 2, 104, '', '', '', 0, 4, 1, 3, 1, 0, 4, '2020-01-14 13:34:57', '2020-01-14 14:35:03'),
(1376, '800', 2, 104, '', '', '', 0, 4, 1, 3, 1, 0, 4, '2020-01-14 13:35:14', '2020-01-14 14:36:02'),
(1377, '800', 2, 104, '', '', '', 0, 4, 1, 3, 1, 0, 4, '2020-01-14 13:35:17', '2020-01-14 14:36:02'),
(1378, '800', 2, 104, '', '', '', 0, 4, 1, 3, 1, 0, 4, '2020-01-14 13:37:30', '2020-01-14 14:38:02'),
(1379, '800', 2, 104, '', '', '', 0, 4, 1, 3, 1, 0, 0, '2020-01-14 13:40:15', '2020-01-14 14:41:02'),
(1380, '800', 2, 104, '', '', '', 0, 4, 1, 3, 1, 0, 4, '2020-01-14 13:41:17', '2020-01-14 14:42:02'),
(1381, '800', 2, 104, '', '', '', 0, 4, 1, 3, 1, 0, 4, '2020-01-14 13:43:46', '2020-01-14 14:44:02'),
(1382, '700', 1, 273, '', '', '', 0, 2, 2, 2, 2, 762556145, 1, '2020-01-14 14:07:38', '2020-01-14 14:07:38'),
(1383, '800', 2, 104, '', '', '', 0, 4, 1, 3, 1, 0, 4, '2020-01-15 05:48:56', '2020-01-15 06:49:02'),
(1384, '800', 2, 104, '', '', '', 0, 4, 1, 3, 1, 0, 4, '2020-01-15 05:53:14', '2020-01-15 06:54:01'),
(1385, '800', 2, 104, '', '', '', 0, 4, 1, 3, 1, 0, 4, '2020-01-15 05:57:47', '2020-01-15 06:58:02'),
(1386, '800', 2, 104, '', '', '', 0, 4, 1, 3, 1, 0, 4, '2020-01-15 05:59:21', '2020-01-15 07:00:04'),
(1387, '800', 2, 104, '', '', '', 0, 4, 1, 3, 1, 0, 4, '2020-01-15 06:01:10', '2020-01-15 07:02:02'),
(1388, '800', 2, 104, '', '', '', 0, 4, 1, 3, 1, 0, 4, '2020-01-15 06:36:34', '2020-01-15 07:37:02'),
(1389, '800', 2, 104, '', '', '', 0, 4, 1, 3, 1, 0, 4, '2020-01-15 06:40:09', '2020-01-15 07:41:02'),
(1390, '800', 2, 104, '', '', '', 0, 4, 1, 3, 1, 0, 0, '2020-01-15 06:47:27', '2020-01-15 07:48:01'),
(1391, '800', 2, 104, '', '', '', 0, 4, 1, 3, 1, 0, 4, '2020-01-15 06:48:35', '2020-01-15 07:49:01'),
(1392, '800', 2, 104, '', '', '', 0, 4, 1, 3, 1, 0, 4, '2020-01-15 06:52:57', '2020-01-15 07:53:02'),
(1393, '800', 2, 104, '', '', '', 0, 4, 1, 3, 1, 0, 4, '2020-01-15 06:53:25', '2020-01-15 07:54:02'),
(1394, '800', 2, 104, '', '', '', 0, 4, 1, 3, 1, 0, 4, '2020-01-15 07:04:12', '2020-01-15 08:05:03'),
(1395, '800', 2, 104, '', '', '', 0, 4, 1, 3, 1, 0, 4, '2020-01-15 07:05:15', '2020-01-15 08:06:02'),
(1396, '800', 2, 104, '', '', '', 0, 4, 1, 3, 1, 0, 4, '2020-01-15 07:09:27', '2020-01-15 08:10:04'),
(1397, '800', 2, 104, '', '', '', 0, 4, 1, 3, 1, 0, 4, '2020-01-15 07:44:19', '2020-01-15 08:45:04'),
(1399, '600', 1, 299, '', '', '', 0, 4, 1, 3, 1, 0, 3, '2020-01-16 09:44:53', '2020-01-16 10:45:03'),
(1400, '600', 1, 299, '', '', '', 0, 4, 1, 3, 1, 0, 3, '2020-01-16 09:49:14', '2020-01-16 10:50:03'),
(1401, '600', 1, 299, '', '', '', 0, 4, 1, 3, 1, 0, 0, '2020-01-16 09:51:25', '2020-01-16 10:52:01'),
(1402, '200', 1, 299, 'txn_1G1W77Koh4CbeFDcoUkfooKU', 'stripe', '', 0, 2, 2, 2, 1, 0, 1, '2020-01-16 09:59:48', '2020-01-16 10:02:14'),
(1403, '500', 1, 299, 'txn_1G1WgFKoh4CbeFDcHwt8VV6X', 'stripe', '', 0, 2, 2, 2, 1, 0, 1, '2020-01-16 10:37:28', '2020-01-16 10:38:31'),
(1404, '200', 1, 299, '', '', '', 0, 4, 1, 3, 1, 0, 1, '2020-01-16 11:27:17', '2020-01-16 12:28:02'),
(1405, '200', 1, 299, 'txn_1G1XYoKoh4CbeFDctpIHC9wd', 'stripe', '', 0, 2, 2, 2, 1, 0, 1, '2020-01-16 11:32:38', '2020-01-16 11:34:55'),
(1406, '600', 1, 299, '', '', '', 0, 4, 1, 3, 1, 0, 3, '2020-01-16 11:36:54', '2020-01-16 12:37:02'),
(1407, '600', 1, 299, '', '', '', 0, 4, 1, 3, 1, 0, 3, '2020-01-16 11:41:03', '2020-01-16 12:42:02'),
(1408, '400', 1, 299, '', '', '', 0, 4, 1, 3, 1, 0, 2, '2020-01-16 11:47:11', '2020-01-16 12:48:02'),
(1409, '600', 1, 299, '', '', '', 0, 4, 1, 3, 1, 0, 3, '2020-01-16 11:52:55', '2020-01-16 12:53:02'),
(1410, '15', 1, 299, '', '', '', 0, 4, 1, 3, 1, 0, 3, '2020-01-16 12:04:10', '2020-01-16 13:05:03'),
(1411, '600', 1, 299, '', '', '', 0, 4, 1, 3, 1, 0, 3, '2020-01-16 12:10:13', '2020-01-16 13:11:02'),
(1412, '200', 1, 299, '', '', '', 0, 4, 1, 3, 1, 0, 1, '2020-01-16 12:20:41', '2020-01-16 13:21:02'),
(1413, '200', 1, 299, '', '', '', 0, 4, 1, 3, 1, 0, 1, '2020-01-16 12:25:27', '2020-01-16 13:26:02'),
(1414, '200', 1, 299, '', '', '', 0, 4, 1, 3, 1, 0, 1, '2020-01-16 12:31:40', '2020-01-16 13:32:15'),
(1415, '200', 1, 299, '', '', '', 0, 4, 1, 3, 1, 0, 0, '2020-01-16 12:34:20', '2020-01-16 13:35:02'),
(1416, '200', 1, 299, '', '', '', 0, 4, 1, 3, 1, 0, 1, '2020-01-16 12:35:16', '2020-01-16 13:36:02'),
(1418, '900', 1, 305, 'txn_1G1ZC9Koh4CbeFDcVuG2R7OU', 'stripe', '', 0, 2, 2, 2, 1, 0, 3, '2020-01-16 13:19:18', '2020-01-16 13:19:38'),
(1419, '327', 1, 305, '', '', '', 0, 4, 1, 3, 1, 0, 0, '2020-01-16 13:43:31', '2020-01-16 14:44:02'),
(1420, '2320', 1, 149, 'txn_1G1jI0Koh4CbeFDcZycnXdWQ', 'stripe', '', 0, 2, 2, 2, 1, 0, 2, '2020-01-17 00:04:10', '2020-01-17 00:06:20'),
(1421, '200', 1, 299, '', '', '', 0, 4, 1, 3, 1, 0, 1, '2020-01-17 06:09:16', '2020-01-17 07:10:03'),
(1422, '1160', 1, 149, 'txn_1G1tkyKoh4CbeFDczEDHJ5Ww', 'stripe', '', 0, 3, 2, 2, 1, 0, 1, '2020-01-17 11:16:29', '2020-01-22 08:47:23'),
(1423, '101', 1, 306, '', '', '', 0, 2, 2, 2, 2, 797507571, 4, '2020-01-30 15:36:40', '2020-01-30 15:36:40'),
(1424, '760', 1, 307, '', '', '', 0, 2, 2, 2, 2, 862453420, 4, '2020-01-30 16:02:58', '2020-01-30 16:02:58'),
(1425, '213', 1, 299, '', '', '', 0, 4, 1, 3, 1, 0, 4, '2020-02-03 13:05:19', '2020-02-03 14:06:02'),
(1426, '160', 1, 299, '', '', '', 0, 4, 1, 3, 1, 0, 3, '2020-02-03 13:18:47', '2020-02-03 14:19:02'),
(1427, '181', 1, 299, '', '', '', 0, 4, 1, 3, 1, 0, 3, '2020-02-03 13:50:08', '2020-02-03 14:51:02'),
(1428, '181', 1, 299, '', '', '', 0, 4, 1, 3, 1, 0, 3, '2020-02-03 14:03:39', '2020-02-03 15:04:02'),
(1429, '181', 1, 299, '', '', '', 0, 4, 1, 3, 1, 0, 3, '2020-02-03 14:23:46', '2020-02-03 15:24:01'),
(1430, '181', 1, 299, '', '', '', 0, 4, 1, 3, 1, 0, 3, '2020-02-03 14:40:01', '2020-02-03 15:40:03'),
(1431, '3450', 1, 149, 'txn_1G8Bo6Koh4CbeFDcRXeaQQFk', 'stripe', '', 0, 2, 2, 2, 1, 0, 3, '2020-02-03 19:45:10', '2020-02-03 19:46:10'),
(1432, '9120', 2, 149, 'txn_1G8BxRKoh4CbeFDc9lxdVJV0', 'stripe', '', 0, 2, 2, 2, 1, 0, 8, '2020-02-03 19:54:47', '2020-02-03 19:55:50'),
(1433, '3840', 1, 273, '', '', '', 0, 2, 2, 2, 2, 555988343, 4, '2020-02-04 10:59:55', '2020-02-04 10:59:55'),
(1434, '0', 1, 273, '', '', '', 0, 4, 1, 3, 1, 0, 1, '2020-02-06 10:07:16', '2020-02-06 11:08:02'),
(1435, '92', 1, 104, '', '', '', 0, 2, 2, 2, 2, 673803433, 3, '2020-02-07 10:08:48', '2020-02-07 10:08:48'),
(1436, '0', 1, 273, '', '', '', 0, 4, 1, 3, 1, 0, 3, '2020-04-30 06:56:16', '2020-05-28 10:03:45'),
(1439, '320', 3, 311, '', '', '', 0, 4, 1, 3, 1, 0, 16, '2020-05-05 07:58:24', '2020-05-05 08:59:02'),
(1441, '720', 1, 165, '', '', '', 0, 4, 1, 3, 1, 0, 4, '2020-05-05 08:37:44', '2020-05-05 09:38:02'),
(1442, '720', 2, 165, 'txn_1GfOAiKoh4CbeFDc7Yrw9K19', 'stripe', '', 0, 2, 2, 2, 1, 0, 4, '2020-05-05 08:38:13', '2020-05-05 08:38:44'),
(1443, '480', 1, 309, '', '', '', 0, 4, 1, 3, 1, 0, 24, '2020-05-05 08:50:00', '2020-05-05 09:50:04'),
(1445, '270', 1, 149, '', '', '', 0, 4, 1, 3, 1, 0, 3, '2020-05-07 05:33:16', '2020-05-07 06:34:02'),
(1446, '100', 1, 149, 'txn_1Gg4IUKoh4CbeFDcFL6btEtg', 'stripe', '', 0, 2, 2, 2, 1, 0, 1, '2020-05-07 05:36:47', '2020-05-07 05:37:34'),
(1447, '360', 1, 149, '', '', '', 0, 4, 1, 3, 1, 0, 4, '2020-05-07 07:10:45', '2020-05-07 08:11:02'),
(1448, '5700', 1, 149, 'txn_1GgPNaKoh4CbeFDccN5nNUWU', 'stripe', '', 0, 2, 2, 2, 1, 0, 5, '2020-05-08 04:05:21', '2020-05-08 04:08:15'),
(1449, '560', 1, 312, '', '', '', 0, 4, 1, 3, 1, 0, 14, '2020-05-08 06:04:56', '2020-05-08 07:05:03'),
(1450, '560', 1, 309, '', '', '', 0, 4, 1, 3, 1, 0, 14, '2020-05-08 06:05:55', '2020-05-08 07:06:03'),
(1451, '320', 1, 309, '', '', '', 0, 4, 1, 3, 1, 0, 16, '2020-05-11 05:52:26', '2020-05-11 06:53:02'),
(1452, '72', 1, 313, '', '', '', 0, 4, 1, 3, 1, 0, 9, '2020-05-11 06:01:32', '2020-05-11 07:02:01'),
(1453, '5652', 1, 309, '', '', '', 0, 4, 1, 3, 1, 0, 9, '2020-05-11 06:05:56', '2020-05-11 07:06:02'),
(1454, '10880', 1, 309, '', '', '', 0, 4, 1, 3, 1, 0, 17, '2020-05-11 06:17:16', '2020-05-11 07:18:02'),
(1455, '300', 1, 309, '', '', '', 0, 4, 1, 3, 1, 0, 15, '2020-05-12 07:55:31', '2020-05-12 08:56:01'),
(1456, '320', 1, 314, '', '', '', 0, 4, 1, 3, 1, 0, 16, '2020-05-13 04:51:12', '2020-05-13 05:52:02'),
(1457, '14', 1, 309, '', '', '', 0, 4, 1, 3, 1, 0, 14, '2020-05-15 04:19:17', '2020-05-15 05:20:03'),
(1463, '16', 1, 309, '', '', '', 0, 4, 1, 3, 1, 0, 16, '2020-05-15 06:10:54', '2020-05-15 07:11:02'),
(1464, '0', 1, 316, '', '', '', 0, 4, 1, 3, 1, 0, 9, '2020-05-15 06:27:45', '2020-05-15 07:28:02'),
(1465, '16', 1, 309, '', '', '', 0, 4, 1, 3, 1, 0, 16, '2020-05-15 06:32:09', '2020-05-15 07:33:02'),
(1466, '15000', 1, 149, '', '', '', 0, 4, 1, 3, 1, 0, 3, '2020-05-15 22:40:29', '2020-05-15 23:41:02'),
(1467, '480', 1, 309, '', '', '', 0, 4, 1, 3, 1, 0, 8, '2020-05-18 04:23:49', '2020-05-18 05:24:01'),
(1469, '7810', 1, 309, '', '', '', 0, 4, 1, 3, 1, 0, 11, '2020-05-20 04:46:54', '2020-05-20 05:47:02'),
(1470, '8520', 1, 309, '', '', '', 0, 4, 1, 3, 1, 0, 12, '2020-05-20 05:10:29', '2020-05-20 06:11:02'),
(1472, '4800', 1, 317, 'txn_1GxtPlKoh4CbeFDcTQ9YnchJ', 'stripe', '', 0, 2, 2, 2, 1, 0, 8, '2020-06-25 09:38:07', '2020-06-25 09:38:46'),
(1473, '3906', 1, 318, '', '', '', 0, 4, 1, 3, 1, 0, 6, '2020-06-25 09:59:03', '2020-06-25 11:00:05'),
(1475, '2300', 1, 149, 'txn_1GyEsoKoh4CbeFDcJU1EnTpb', 'stripe', '', 0, 2, 2, 2, 1, 0, 2, '2020-06-26 08:33:11', '2020-06-26 08:34:10'),
(1476, '0', 1, 167, '', '', '', 0, 2, 1, 2, 1, 526698074, 8, '2020-07-07 08:40:30', '2020-07-07 08:40:30'),
(1477, '0', 3, 301, '', '', '', 0, 2, 2, 2, 1, 274808368, 10, '2020-08-18 00:55:22', '2020-08-18 00:55:22'),
(1478, '0', 3, 301, '', '', '', 0, 2, 2, 2, 2, 343786293, 14, '2020-08-18 10:05:17', '2020-08-18 10:05:17'),
(1479, '0', 3, 301, '', '', '', 0, 2, 2, 2, 2, 478524589, 14, '2020-08-18 10:39:13', '2020-08-18 10:39:13'),
(1480, '0', 3, 301, '', '', '', 0, 2, 2, 2, 2, 439723109, 10, '2020-08-18 10:47:07', '2020-08-18 10:47:07'),
(1481, '0', 3, 301, '', '', '', 0, 2, 2, 2, 1, 403486115, 14, '2020-08-18 10:54:15', '2020-08-18 10:54:15'),
(1482, '0', 3, 301, '', '', '', 0, 2, 2, 2, 1, 403486115, 14, '2020-08-18 10:57:07', '2020-08-18 10:57:07'),
(1483, '0', 3, 301, '', '', '', 0, 2, 2, 2, 1, 403486115, 12, '2020-08-18 10:58:31', '2020-08-18 10:58:31'),
(1484, '0', 3, 301, '', '', '', 0, 2, 2, 2, 1, 295248545, 13, '2020-08-19 01:50:06', '2020-08-19 01:50:06'),
(1485, '1800', 3, 126, '', '', '', 0, 0, 0, 1, 1, 0, 0, '2020-08-24 07:28:58', '2020-08-24 07:28:58'),
(1486, '1800', 3, 126, '', '', '', 0, 0, 0, 1, 1, 0, 0, '2020-08-24 07:29:38', '2020-08-24 07:29:38'),
(1487, '1800', 3, 126, '', '', '', 0, 0, 0, 1, 1, 0, 0, '2020-08-24 07:30:33', '2020-08-24 07:30:33'),
(1488, '1800', 3, 126, '', '', '', 0, 0, 0, 1, 1, 0, 0, '2020-08-24 07:32:13', '2020-08-24 07:32:13'),
(1489, '1800', 3, 126, '', '', '', 0, 0, 0, 1, 1, 0, 0, '2020-08-24 07:34:20', '2020-08-24 07:34:20'),
(1490, '1800', 3, 126, '', '', '', 0, 0, 0, 1, 1, 0, 0, '2020-08-24 07:35:02', '2020-08-24 07:35:02'),
(1491, '1800', 3, 126, '', '', '', 0, 0, 0, 1, 1, 0, 0, '2020-08-24 07:35:31', '2020-08-24 07:35:31');

-- --------------------------------------------------------

--
-- Table structure for table `order_addit_resources`
--

CREATE TABLE `order_addit_resources` (
  `id` int(10) UNSIGNED NOT NULL,
  `order_id` int(10) UNSIGNED NOT NULL,
  `agent_id` int(11) NOT NULL,
  `add_res_id` int(10) UNSIGNED NOT NULL,
  `quantity` varchar(191) COLLATE utf8mb4_unicode_ci NOT NULL,
  `note` varchar(191) COLLATE utf8mb4_unicode_ci DEFAULT NULL,
  `created_at` timestamp NULL DEFAULT NULL,
  `updated_at` timestamp NULL DEFAULT NULL
) ENGINE=InnoDB DEFAULT CHARSET=utf8mb4 COLLATE=utf8mb4_unicode_ci;

--
-- Dumping data for table `order_addit_resources`
--

INSERT INTO `order_addit_resources` (`id`, `order_id`, `agent_id`, `add_res_id`, `quantity`, `note`, `created_at`, `updated_at`) VALUES
(613, 1073, 19, 118, '5', '2', '2019-10-29 06:29:30', '2019-10-29 06:29:30'),
(614, 1080, 9, 83, '83', '83', '2019-10-31 07:43:54', '2019-10-31 07:43:54'),
(615, 1080, 9, 83, '83', '83', '2019-10-31 07:43:54', '2019-10-31 07:43:54'),
(616, 1080, 9, 83, '83', '83', '2019-10-31 07:43:54', '2019-10-31 07:43:54'),
(617, 1080, 9, 83, '83', '83', '2019-10-31 07:43:54', '2019-10-31 07:43:54'),
(618, 1081, 9, 83, '83', '83', '2019-10-31 07:44:22', '2019-10-31 07:44:22'),
(619, 1081, 9, 83, '83', '83', '2019-10-31 07:44:22', '2019-10-31 07:44:22'),
(620, 1081, 9, 83, '83', '83', '2019-10-31 07:44:22', '2019-10-31 07:44:22'),
(621, 1081, 9, 83, '83', '83', '2019-10-31 07:44:22', '2019-10-31 07:44:22'),
(622, 1082, 9, 83, '83', '83', '2019-10-31 07:45:04', '2019-10-31 07:45:04'),
(623, 1082, 9, 83, '83', '83', '2019-10-31 07:45:04', '2019-10-31 07:45:04'),
(624, 1082, 9, 83, '83', '83', '2019-10-31 07:45:04', '2019-10-31 07:45:04'),
(625, 1082, 9, 83, '83', '83', '2019-10-31 07:45:04', '2019-10-31 07:45:04'),
(626, 1100, 8, 94, '1', '', '2019-11-07 06:48:47', '2019-11-07 06:48:47'),
(627, 1100, 8, 104, '1', '', '2019-11-07 06:48:47', '2019-11-07 06:48:47'),
(628, 1102, 8, 94, '1', '', '2019-11-07 12:59:14', '2019-11-07 12:59:14'),
(629, 1103, 8, 94, '1', '', '2019-11-07 13:10:18', '2019-11-07 13:10:18'),
(630, 1103, 8, 104, '1', '', '2019-11-07 13:10:18', '2019-11-07 13:10:18'),
(631, 1104, 8, 104, '1', '', '2019-11-07 17:04:47', '2019-11-07 17:04:47'),
(632, 1105, 8, 104, '1', '', '2019-11-07 17:23:32', '2019-11-07 17:23:32'),
(634, 1109, 9, 83, '1', 'test', '2019-11-08 11:26:02', '2019-11-08 11:26:02'),
(635, 1111, 5, 84, '2', 'vc', '2019-11-08 11:56:12', '2019-11-08 11:56:12'),
(636, 1113, 9, 83, '1', 'test', '2019-11-08 12:37:29', '2019-11-08 12:37:29'),
(637, 1114, 9, 83, '1', 'test', '2019-11-08 12:39:29', '2019-11-08 12:39:29'),
(638, 1116, 9, 83, '1', 'test', '2019-11-08 12:54:38', '2019-11-08 12:54:38'),
(639, 1118, 10, 88, '15', '', '2019-11-08 13:00:20', '2019-11-08 13:00:20'),
(640, 1119, 10, 88, '1', '', '2019-11-08 13:08:12', '2019-11-08 13:08:12'),
(641, 1120, 9, 93, '2', 'v', '2019-11-08 13:12:56', '2019-11-08 13:12:56'),
(643, 1123, 5, 84, '1', 'ccc', '2019-11-08 14:12:11', '2019-11-08 14:12:11'),
(645, 1128, 9, 83, '1', 'test', '2019-11-14 10:26:59', '2019-11-14 10:26:59'),
(646, 1130, 9, 83, '1', 'test', '2019-11-14 10:31:00', '2019-11-14 10:31:00'),
(647, 1131, 9, 83, '1', 'test', '2019-11-14 10:32:14', '2019-11-14 10:32:14'),
(648, 1133, 9, 83, '1', 'test', '2019-11-14 10:37:23', '2019-11-14 10:37:23'),
(649, 1134, 9, 83, '1', 'test', '2019-11-14 10:38:02', '2019-11-14 10:38:02'),
(650, 1135, 9, 83, '1', 'test', '2019-11-14 10:39:52', '2019-11-14 10:39:52'),
(651, 1137, 9, 83, '1', 'test', '2019-11-14 11:32:16', '2019-11-14 11:32:16'),
(652, 1139, 9, 83, '1', 'test', '2019-11-14 11:37:20', '2019-11-14 11:37:20'),
(653, 1142, 10, 88, '1', 'bbbb', '2019-11-14 12:18:18', '2019-11-14 12:18:18'),
(654, 1143, 10, 88, '1', 'bbbb', '2019-11-14 12:18:55', '2019-11-14 12:18:55'),
(655, 1164, 8, 94, '1', '', '2019-11-19 16:06:13', '2019-11-19 16:06:13'),
(656, 1164, 8, 104, '1', '', '2019-11-19 16:06:13', '2019-11-19 16:06:13'),
(659, 1168, 8, 94, '1', '', '2019-11-25 05:26:46', '2019-11-25 05:26:46'),
(662, 1175, 9, 83, '1', 'test', '2019-11-27 06:39:39', '2019-11-27 06:39:39'),
(681, 1194, 8, 94, '1', '', '2019-11-27 21:28:37', '2019-11-27 21:28:37'),
(682, 1194, 8, 104, '1', '', '2019-11-27 21:28:37', '2019-11-27 21:28:37'),
(703, 1216, 5, 83, '1', 'test', '2019-11-28 09:35:40', '2019-11-28 09:35:40'),
(704, 1217, 5, 83, '1', 'test', '2019-11-28 09:36:21', '2019-11-28 09:36:21'),
(705, 1219, 8, 94, '1', '', '2019-11-29 23:31:40', '2019-11-29 23:31:40'),
(706, 1219, 8, 104, '1', '', '2019-11-29 23:31:40', '2019-11-29 23:31:40'),
(707, 1221, 8, 94, '1', '', '2019-12-02 09:24:45', '2019-12-02 09:24:45'),
(708, 1221, 2, 97, '1', 'size L', '2019-12-02 09:24:45', '2019-12-02 09:24:45'),
(709, 1221, 8, 104, '1', '', '2019-12-02 09:24:45', '2019-12-02 09:24:45'),
(710, 1222, 8, 94, '1', '', '2019-12-02 09:28:37', '2019-12-02 09:28:37'),
(711, 1222, 2, 97, '1', 'size L', '2019-12-02 09:28:37', '2019-12-02 09:28:37'),
(712, 1222, 8, 104, '1', '', '2019-12-02 09:28:37', '2019-12-02 09:28:37'),
(713, 1223, 10, 96, '10', '10', '2019-12-02 09:55:35', '2019-12-02 09:55:35'),
(716, 1226, 10, 88, '1', 'no', '2019-12-02 10:33:42', '2019-12-02 10:33:42'),
(717, 1232, 19, 118, '1', 'Notes are there', '2019-12-03 07:42:17', '2019-12-03 07:42:17'),
(718, 1233, 19, 118, '1', 'New Notes', '2019-12-03 07:45:59', '2019-12-03 07:45:59'),
(719, 1234, 19, 118, '1', 'Here are the notes', '2019-12-03 08:01:32', '2019-12-03 08:01:32'),
(720, 1235, 19, 118, '1', 'Haseeb notes', '2019-12-03 08:04:19', '2019-12-03 08:04:19'),
(721, 1236, 19, 118, '1', 'notes are here', '2019-12-03 08:06:27', '2019-12-03 08:06:27'),
(722, 1237, 10, 96, '5', '5', '2019-12-03 12:58:44', '2019-12-03 12:58:44'),
(723, 1237, 10, 113, '6', '6', '2019-12-03 12:58:44', '2019-12-03 12:58:44'),
(724, 1239, 10, 96, '1', '1', '2019-12-04 10:46:11', '2019-12-04 10:46:11'),
(725, 1239, 10, 113, '1', '1', '2019-12-04 10:46:11', '2019-12-04 10:46:11'),
(726, 1240, 10, 96, '1', '1', '2019-12-04 11:04:16', '2019-12-04 11:04:16'),
(727, 1240, 10, 113, '1', '1', '2019-12-04 11:04:16', '2019-12-04 11:04:16'),
(730, 1244, 10, 96, '1', 'q', '2019-12-04 11:13:10', '2019-12-04 11:13:10'),
(731, 1244, 10, 113, '1', 'w', '2019-12-04 11:13:10', '2019-12-04 11:13:10'),
(732, 1245, 10, 96, '1', '1', '2019-12-04 11:19:53', '2019-12-04 11:19:53'),
(733, 1246, 9, 83, '1', 'test', '2019-12-04 11:47:58', '2019-12-04 11:47:58'),
(734, 1247, 19, 118, '1', 'notes', '2019-12-04 12:04:29', '2019-12-04 12:04:29'),
(735, 1249, 19, 118, '1', '', '2019-12-04 12:37:34', '2019-12-04 12:37:34'),
(736, 1251, 19, 118, '1', '', '2019-12-04 13:09:58', '2019-12-04 13:09:58'),
(737, 1252, 19, 118, '1', '', '2019-12-04 13:13:47', '2019-12-04 13:13:47'),
(738, 1253, 19, 118, '1', '', '2019-12-04 13:15:10', '2019-12-04 13:15:10'),
(739, 1254, 19, 118, '1', '', '2019-12-04 13:17:43', '2019-12-04 13:17:43'),
(740, 1259, 10, 96, '1', 'add', '2019-12-05 09:36:18', '2019-12-05 09:36:18'),
(741, 1260, 10, 96, '1', 'added', '2019-12-05 09:36:33', '2019-12-05 09:36:33'),
(742, 1263, 10, 96, '1', 'abc', '2019-12-05 13:09:32', '2019-12-05 13:09:32'),
(743, 1263, 10, 113, '1', 'def', '2019-12-05 13:09:32', '2019-12-05 13:09:32'),
(744, 1264, 19, 118, '1', '', '2019-12-05 13:14:09', '2019-12-05 13:14:09'),
(745, 1265, 10, 96, '1', 'nota', '2019-12-05 13:37:22', '2019-12-05 13:37:22'),
(746, 1267, 8, 94, '1', '', '2019-12-05 20:21:17', '2019-12-05 20:21:17'),
(747, 1267, 2, 97, '1', '', '2019-12-05 20:21:17', '2019-12-05 20:21:17'),
(748, 1267, 8, 104, '1', '', '2019-12-05 20:21:17', '2019-12-05 20:21:17'),
(749, 1268, 8, 94, '1', '', '2019-12-05 20:22:35', '2019-12-05 20:22:35'),
(750, 1268, 2, 97, '1', '', '2019-12-05 20:22:35', '2019-12-05 20:22:35'),
(751, 1268, 8, 104, '1', '', '2019-12-05 20:22:35', '2019-12-05 20:22:35'),
(752, 1272, 5, 84, '1', 'frfrf', '2019-12-06 06:03:12', '2019-12-06 06:03:12'),
(753, 1272, 9, 93, '3', 'yhyh', '2019-12-06 06:03:12', '2019-12-06 06:03:12'),
(754, 1274, 9, 93, '5', 'llll', '2019-12-06 06:10:26', '2019-12-06 06:10:26'),
(755, 1275, 9, 83, '1', 'test', '2019-12-06 06:48:51', '2019-12-06 06:48:51'),
(757, 1283, 19, 118, '1', '', '2019-12-06 10:38:08', '2019-12-06 10:38:08'),
(758, 1284, 19, 118, '1', '', '2019-12-06 10:41:13', '2019-12-06 10:41:13'),
(759, 1285, 10, 96, '1', '', '2019-12-06 11:49:53', '2019-12-06 11:49:53'),
(760, 1285, 10, 113, '1', '', '2019-12-06 11:49:53', '2019-12-06 11:49:53'),
(761, 1286, 10, 96, '1', '', '2019-12-06 12:35:26', '2019-12-06 12:35:26'),
(762, 1286, 10, 113, '1', '', '2019-12-06 12:35:26', '2019-12-06 12:35:26'),
(763, 1287, 10, 96, '1', '', '2019-12-06 12:58:50', '2019-12-06 12:58:50'),
(764, 1287, 10, 113, '1', '', '2019-12-06 12:58:50', '2019-12-06 12:58:50'),
(765, 1288, 10, 96, '1', '', '2019-12-06 13:31:59', '2019-12-06 13:31:59'),
(766, 1288, 10, 113, '1', 'gggggg', '2019-12-06 13:31:59', '2019-12-06 13:31:59'),
(767, 1289, 10, 113, '1', 'huh huh', '2019-12-06 13:38:37', '2019-12-06 13:38:37'),
(768, 1290, 8, 94, '1', '', '2019-12-06 15:51:35', '2019-12-06 15:51:35'),
(769, 1290, 2, 97, '1', '', '2019-12-06 15:51:35', '2019-12-06 15:51:35'),
(770, 1290, 8, 104, '1', '', '2019-12-06 15:51:35', '2019-12-06 15:51:35'),
(771, 1291, 8, 94, '1', '', '2019-12-06 16:04:22', '2019-12-06 16:04:22'),
(772, 1291, 2, 97, '1', '', '2019-12-06 16:04:22', '2019-12-06 16:04:22'),
(773, 1291, 8, 104, '1', '', '2019-12-06 16:04:22', '2019-12-06 16:04:22'),
(774, 1294, 8, 94, '1', '', '2019-12-11 08:11:02', '2019-12-11 08:11:02'),
(775, 1294, 2, 97, '1', '', '2019-12-11 08:11:02', '2019-12-11 08:11:02'),
(776, 1294, 8, 104, '1', '', '2019-12-11 08:11:02', '2019-12-11 08:11:02'),
(777, 1296, 8, 94, '1', '', '2019-12-18 04:25:15', '2019-12-18 04:25:15'),
(778, 1296, 2, 97, '1', '', '2019-12-18 04:25:15', '2019-12-18 04:25:15'),
(779, 1296, 8, 104, '1', '', '2019-12-18 04:25:15', '2019-12-18 04:25:15'),
(780, 1297, 9, 83, '1', 'test', '2019-12-18 09:17:28', '2019-12-18 09:17:28'),
(781, 1298, 10, 96, '1', '1', '2019-12-19 09:03:31', '2019-12-19 09:03:31'),
(782, 1299, 10, 96, '1', '1', '2019-12-19 09:15:52', '2019-12-19 09:15:52'),
(783, 1300, 10, 88, '10', '10', '2019-12-19 09:18:20', '2019-12-19 09:18:20'),
(784, 1301, 10, 96, '2', 'test', '2019-12-19 09:37:45', '2019-12-19 09:37:45'),
(785, 1324, 8, 104, '1', '', '2019-12-26 14:03:16', '2019-12-26 14:03:16'),
(786, 1342, 2, 97, '1', '', '2020-01-03 12:31:49', '2020-01-03 12:31:49'),
(787, 1345, 2, 97, '1', '', '2020-01-03 12:47:37', '2020-01-03 12:47:37'),
(788, 1345, 8, 104, '1', '', '2020-01-03 12:47:37', '2020-01-03 12:47:37'),
(789, 1351, 10, 88, '1', 'not', '2020-01-08 13:22:40', '2020-01-08 13:22:40'),
(791, 1355, 10, 88, '10', '10', '2020-01-08 13:28:00', '2020-01-08 13:28:00'),
(792, 1357, 10, 88, '10', '10', '2020-01-08 13:31:00', '2020-01-08 13:31:00'),
(793, 1362, 10, 96, '5', '5', '2020-01-09 09:04:38', '2020-01-09 09:04:38'),
(794, 1362, 10, 113, '10', '10', '2020-01-09 09:04:38', '2020-01-09 09:04:38'),
(795, 1363, 9, 83, '1', 'test', '2020-01-14 12:40:14', '2020-01-14 12:40:14'),
(796, 1365, 9, 83, '1', 'test', '2020-01-14 12:42:55', '2020-01-14 12:42:55'),
(797, 1366, 9, 83, '1', 'test', '2020-01-14 12:43:26', '2020-01-14 12:43:26'),
(798, 1367, 9, 83, '1', 'test', '2020-01-14 13:04:24', '2020-01-14 13:04:24'),
(799, 1370, 9, 83, '1', 'test', '2020-01-14 13:10:36', '2020-01-14 13:10:36'),
(800, 1371, 9, 83, '1', 'test', '2020-01-14 13:13:22', '2020-01-14 13:13:22'),
(801, 1377, 9, 83, '1', 'test', '2020-01-14 13:35:17', '2020-01-14 13:35:17'),
(802, 1378, 9, 83, '1', 'test', '2020-01-14 13:37:30', '2020-01-14 13:37:30'),
(803, 1379, 9, 83, '1', 'test', '2020-01-14 13:40:15', '2020-01-14 13:40:15'),
(804, 1380, 9, 83, '1', 'test', '2020-01-14 13:41:17', '2020-01-14 13:41:17'),
(805, 1381, 9, 83, '1', 'test', '2020-01-14 13:43:47', '2020-01-14 13:43:47'),
(806, 1382, 10, 96, '10', '10', '2020-01-14 14:07:38', '2020-01-14 14:07:38'),
(807, 1383, 9, 83, '1', 'test', '2020-01-15 05:48:56', '2020-01-15 05:48:56'),
(808, 1384, 9, 83, '1', 'test', '2020-01-15 05:53:14', '2020-01-15 05:53:14'),
(809, 1385, 9, 83, '1', 'test', '2020-01-15 05:57:47', '2020-01-15 05:57:47'),
(810, 1386, 9, 83, '1', 'test', '2020-01-15 05:59:21', '2020-01-15 05:59:21'),
(811, 1387, 9, 83, '1', 'test', '2020-01-15 06:01:10', '2020-01-15 06:01:10'),
(812, 1388, 9, 83, '1', 'test', '2020-01-15 06:36:34', '2020-01-15 06:36:34'),
(813, 1389, 9, 83, '1', 'test', '2020-01-15 06:40:09', '2020-01-15 06:40:09'),
(814, 1390, 9, 83, '1', 'test', '2020-01-15 06:47:27', '2020-01-15 06:47:27'),
(815, 1391, 9, 83, '1', 'test', '2020-01-15 06:48:35', '2020-01-15 06:48:35'),
(816, 1392, 9, 83, '1', 'test', '2020-01-15 06:52:57', '2020-01-15 06:52:57'),
(817, 1393, 9, 83, '1', 'test', '2020-01-15 06:53:25', '2020-01-15 06:53:25'),
(818, 1394, 9, 83, '1', 'test', '2020-01-15 07:04:12', '2020-01-15 07:04:12'),
(819, 1395, 9, 83, '1', 'test', '2020-01-15 07:05:15', '2020-01-15 07:05:15'),
(820, 1396, 9, 83, '1', 'test', '2020-01-15 07:09:27', '2020-01-15 07:09:27'),
(821, 1397, 9, 83, '1', 'test', '2020-01-15 07:44:19', '2020-01-15 07:44:19'),
(825, 1418, 10, 88, '1', 'a', '2020-01-16 13:19:18', '2020-01-16 13:19:18'),
(826, 1419, 10, 96, '1', '', '2020-01-16 13:43:31', '2020-01-16 13:43:31'),
(827, 1419, 10, 113, '1', '', '2020-01-16 13:43:31', '2020-01-16 13:43:31'),
(828, 1420, 8, 94, '1', '', '2020-01-17 00:04:10', '2020-01-17 00:04:10'),
(829, 1420, 2, 97, '1', '', '2020-01-17 00:04:10', '2020-01-17 00:04:10'),
(830, 1420, 8, 104, '1', '', '2020-01-17 00:04:10', '2020-01-17 00:04:10'),
(831, 1422, 8, 94, '1', '', '2020-01-17 11:16:29', '2020-01-17 11:16:29'),
(832, 1422, 2, 97, '1', '', '2020-01-17 11:16:29', '2020-01-17 11:16:29'),
(833, 1422, 8, 104, '1', '', '2020-01-17 11:16:29', '2020-01-17 11:16:29'),
(834, 1427, 19, 118, '1', '', '2020-02-03 13:50:08', '2020-02-03 13:50:08'),
(835, 1428, 19, 118, '1', 'Here are the notes for resource Haseeb', '2020-02-03 14:03:39', '2020-02-03 14:03:39'),
(836, 1429, 19, 118, '1', 'Notes for Additional Resource', '2020-02-03 14:23:46', '2020-02-03 14:23:46'),
(837, 1430, 19, 118, '1', 'Notes', '2020-02-03 14:40:01', '2020-02-03 14:40:01'),
(838, 1431, 8, 94, '1', '', '2020-02-03 19:45:10', '2020-02-03 19:45:10'),
(839, 1431, 2, 97, '1', '', '2020-02-03 19:45:10', '2020-02-03 19:45:10'),
(840, 1431, 8, 104, '1', '', '2020-02-03 19:45:10', '2020-02-03 19:45:10'),
(841, 1432, 8, 94, '1', '', '2020-02-03 19:54:47', '2020-02-03 19:54:47'),
(842, 1432, 2, 97, '1', '', '2020-02-03 19:54:47', '2020-02-03 19:54:47'),
(843, 1432, 8, 104, '1', '', '2020-02-03 19:54:47', '2020-02-03 19:54:47'),
(844, 1433, 9, 83, '1', '1', '2020-02-04 10:59:55', '2020-02-04 10:59:55'),
(845, 1448, 8, 94, '1', '', '2020-05-08 04:05:21', '2020-05-08 04:05:21'),
(846, 1448, 2, 97, '1', '', '2020-05-08 04:05:21', '2020-05-08 04:05:21'),
(847, 1453, 5, 84, '1', '', '2020-05-11 06:05:56', '2020-05-11 06:05:56'),
(848, 1453, 9, 93, '1', '', '2020-05-11 06:05:56', '2020-05-11 06:05:56'),
(849, 1454, 5, 84, '1', '', '2020-05-11 06:17:16', '2020-05-11 06:17:16'),
(850, 1454, 9, 93, '1', '', '2020-05-11 06:17:16', '2020-05-11 06:17:16'),
(852, 1467, 10, 113, '1', '', '2020-05-18 04:23:49', '2020-05-18 04:23:49'),
(854, 1469, 9, 83, '1', '', '2020-05-20 04:46:54', '2020-05-20 04:46:54'),
(855, 1469, 10, 96, '1', '', '2020-05-20 04:46:54', '2020-05-20 04:46:54'),
(856, 1469, 10, 113, '1', '', '2020-05-20 04:46:54', '2020-05-20 04:46:54'),
(857, 1470, 9, 83, '1', '', '2020-05-20 05:10:29', '2020-05-20 05:10:29'),
(858, 1470, 10, 96, '1', '', '2020-05-20 05:10:29', '2020-05-20 05:10:29'),
(859, 1470, 10, 113, '1', '', '2020-05-20 05:10:29', '2020-05-20 05:10:29'),
(862, 1472, 9, 83, '1', '', '2020-06-25 09:38:08', '2020-06-25 09:38:08'),
(865, 1475, 8, 94, '1', '', '2020-06-26 08:33:11', '2020-06-26 08:33:11'),
(866, 1475, 2, 97, '1', '', '2020-06-26 08:33:11', '2020-06-26 08:33:11'),
(867, 1475, 8, 104, '1', '', '2020-06-26 08:33:11', '2020-06-26 08:33:11'),
(868, 1488, 9, 83, '1', 'test', '2020-08-24 07:32:13', '2020-08-24 07:32:13'),
(869, 1489, 9, 83, '1', 'test', '2020-08-24 07:34:20', '2020-08-24 07:34:20'),
(870, 1490, 9, 83, '1', 'test', '2020-08-24 07:35:03', '2020-08-24 07:35:03'),
(871, 1491, 9, 83, '1', 'test', '2020-08-24 07:35:32', '2020-08-24 07:35:32');

-- --------------------------------------------------------

--
-- Table structure for table `order_details`
--

CREATE TABLE `order_details` (
  `id` int(10) UNSIGNED NOT NULL,
  `device_id` varchar(255) COLLATE utf8mb4_unicode_ci NOT NULL,
  `res_id` int(11) NOT NULL,
  `res_name` varchar(191) COLLATE utf8mb4_unicode_ci NOT NULL,
  `depot_id` int(11) NOT NULL,
  `agent_id` int(11) NOT NULL,
  `depot_name` varchar(191) COLLATE utf8mb4_unicode_ci NOT NULL,
  `res_qty_id` int(11) NOT NULL,
  `uid` int(11) NOT NULL,
  `order_id` int(10) UNSIGNED NOT NULL,
  `created_at` timestamp NULL DEFAULT NULL,
  `updated_at` timestamp NULL DEFAULT NULL
) ENGINE=InnoDB DEFAULT CHARSET=utf8mb4 COLLATE=utf8mb4_unicode_ci;

--
-- Dumping data for table `order_details`
--

INSERT INTO `order_details` (`id`, `device_id`, `res_id`, `res_name`, `depot_id`, `agent_id`, `depot_name`, `res_qty_id`, `uid`, `order_id`, `created_at`, `updated_at`) VALUES
(1379, '', 0, '', 36, 0, 'Gujranwala Depot', 0, 0, 1033, '2019-10-16 05:28:16', '2019-10-16 05:28:16'),
(1380, '', 0, '', 36, 0, 'Gujranwala Depot', 0, 0, 1034, '2019-10-16 05:28:23', '2019-10-16 05:28:23'),
(1381, '', 0, '', 36, 0, 'Gujranwala Depot', 0, 0, 1035, '2019-10-16 05:28:32', '2019-10-16 05:28:32'),
(1382, '', 0, '', 36, 0, 'Gujranwala Depot', 0, 0, 1036, '2019-10-16 05:28:36', '2019-10-16 05:28:36'),
(1383, '', 0, '', 36, 0, 'Gujranwala Depot', 0, 0, 1037, '2019-10-16 05:28:40', '2019-10-16 05:28:40'),
(1384, '', 0, '', 36, 0, 'Gujranwala Depot', 0, 0, 1038, '2019-10-16 05:28:51', '2019-10-16 05:28:51'),
(1385, '', 0, '', 36, 0, 'Gujranwala Depot', 0, 0, 1039, '2019-10-16 05:28:55', '2019-10-16 05:28:55'),
(1386, '', 0, '', 36, 0, 'Gujranwala Depot', 0, 0, 1040, '2019-10-16 05:29:01', '2019-10-16 05:29:01'),
(1387, '', 0, '', 36, 0, 'Gujranwala Depot', 0, 0, 1041, '2019-10-16 05:30:44', '2019-10-16 05:30:44'),
(1388, '2798582D-8708-4E54-8AD4-150D0B27325C', 29, 'plaaas', 36, 9, 'Gujranwala Depot', 948, 228269578, 1042, '2019-10-16 05:45:15', '2019-10-16 05:45:15'),
(1389, '', 0, '', 36, 0, 'Gujranwala Depot', 0, 0, 1043, '2019-10-16 05:45:31', '2019-10-16 05:45:31'),
(1390, '', 0, '', 36, 0, 'Gujranwala Depot', 0, 0, 1044, '2019-10-16 05:45:33', '2019-10-16 05:45:33'),
(1391, '', 0, '', 36, 0, 'Gujranwala Depot', 0, 0, 1045, '2019-10-16 05:45:42', '2019-10-16 05:45:42'),
(1392, '', 0, '', 36, 0, 'Gujranwala Depot', 0, 0, 1046, '2019-10-16 05:45:44', '2019-10-16 05:45:44'),
(1393, '', 0, '', 36, 0, 'Gujranwala Depot', 0, 0, 1047, '2019-10-16 05:45:47', '2019-10-16 05:45:47'),
(1394, '', 0, '', 36, 0, 'Gujranwala Depot', 0, 0, 1048, '2019-10-16 05:45:49', '2019-10-16 05:45:49'),
(1395, '', 0, '', 36, 0, 'Gujranwala Depot', 0, 0, 1049, '2019-10-16 05:45:54', '2019-10-16 05:45:54'),
(1396, '2798582D-8708-4E54-8AD4-150D0B27325C', 29, 'plaaas', 36, 9, 'Gujranwala Depot', 947, 215903094, 1050, '2019-10-16 05:47:51', '2019-10-16 05:47:51'),
(1397, '2798582D-8708-4E54-8AD4-150D0B27325C', 29, 'plaaas', 36, 9, 'Gujranwala Depot', 949, 234319802, 1051, '2019-10-16 05:49:52', '2019-10-16 05:49:52'),
(1398, '2798582D-8708-4E54-8AD4-150D0B27325C', 29, 'plaaas', 36, 9, 'Gujranwala Depot', 950, 137212512, 1051, '2019-10-16 05:49:52', '2019-10-16 05:49:52'),
(1399, '2798582D-8708-4E54-8AD4-150D0B27325C', 29, 'plaaas', 36, 9, 'Gujranwala Depot', 947, 215903094, 1052, '2019-10-16 06:39:44', '2019-10-16 06:39:44'),
(1400, '', 0, '', 36, 0, 'Gujranwala Depot', 0, 0, 1053, '2019-10-16 06:39:49', '2019-10-16 06:39:49'),
(1401, '', 0, '', 36, 0, 'Gujranwala Depot', 0, 0, 1054, '2019-10-16 06:40:03', '2019-10-16 06:40:03'),
(1402, '2798582D-8708-4E54-8AD4-150D0B27325C', 29, 'plaaas', 36, 9, 'Gujranwala Depot', 947, 215903094, 1055, '2019-10-16 08:28:07', '2019-10-16 08:28:07'),
(1403, '', 0, '', 36, 0, 'Gujranwala Depot', 0, 0, 1056, '2019-10-16 08:28:11', '2019-10-16 08:28:11'),
(1404, '', 0, '', 36, 0, 'Gujranwala Depot', 0, 0, 1057, '2019-10-16 08:28:14', '2019-10-16 08:28:14'),
(1405, '', 0, '', 36, 0, 'Gujranwala Depot', 0, 0, 1058, '2019-10-16 08:28:17', '2019-10-16 08:28:17'),
(1406, 'AA41A5F8-28B4-466F-A57F-CE2407DF6B26', 29, 'plaaas', 36, 9, 'Gujranwala Depot', 948, 228269578, 1059, '2019-10-16 09:03:19', '2019-10-16 09:03:19'),
(1407, '', 0, '', 36, 0, 'Gujranwala Depot', 0, 0, 1060, '2019-10-16 09:03:23', '2019-10-16 09:03:23'),
(1408, 'AA41A5F8-28B4-466F-A57F-CE2407DF6B26', 29, 'plaaas', 36, 9, 'Gujranwala Depot', 949, 234319802, 1061, '2019-10-16 09:11:03', '2019-10-16 09:11:03'),
(1409, '', 0, '', 36, 0, 'Gujranwala Depot', 0, 0, 1062, '2019-10-16 09:11:58', '2019-10-16 09:11:58'),
(1410, 'AA41A5F8-28B4-466F-A57F-CE2407DF6B26', 29, 'plaaas', 36, 9, 'Gujranwala Depot', 950, 137212512, 1063, '2019-10-16 09:17:48', '2019-10-16 09:17:48'),
(1411, 'AA41A5F8-28B4-466F-A57F-CE2407DF6B26', 31, 'Coaster 911', 36, 16, 'Gujranwala Depot', 961, 48407534, 1064, '2019-10-16 09:21:27', '2019-10-16 09:21:27'),
(1412, 'AA41A5F8-28B4-466F-A57F-CE2407DF6B26', 31, 'Coaster 911', 36, 16, 'Gujranwala Depot', 962, 5262747, 1065, '2019-10-16 09:23:34', '2019-10-16 09:23:34'),
(1413, 'AA41A5F8-28B4-466F-A57F-CE2407DF6B26', 31, 'Coaster 911', 36, 16, 'Gujranwala Depot', 963, 594599135, 1066, '2019-10-16 09:27:29', '2019-10-16 09:27:29'),
(1414, '50DB2B21-E8F3-4F5F-AF82-98EF375AD559', 43, 'Astuto SL88 Carbon Roadbike', 49, 8, 'Grand Hyatt Tokyo', 1267, 369617677, 1067, '2019-10-17 14:56:36', '2019-10-17 14:56:36'),
(1415, '2798582D-8708-4E54-8AD4-150D0B27325C', 14, 'Yamaha 250DC', 29, 10, 'Rana Mehmood', 150, 315254199, 1068, '2019-10-21 09:30:22', '2019-10-21 09:30:22'),
(1416, '', 0, '', 29, 0, 'Rana Mehmood', 0, 0, 1069, '2019-10-21 09:30:37', '2019-10-21 09:30:37'),
(1417, '', 0, '', 29, 0, 'Rana Mehmood', 0, 0, 1070, '2019-10-21 09:31:14', '2019-10-21 09:31:14'),
(1418, '2798582D-8708-4E54-8AD4-150D0B27325C', 29, 'plaaas', 36, 9, 'Gujranwala Depot', 947, 215903094, 1071, '2019-10-22 07:05:52', '2019-10-22 07:05:52'),
(1419, 'D13A19C2-2191-4304-99B8-44B18206D3CF', 29, 'plaaas', 36, 9, 'Gujranwala Depot', 947, 215903094, 1072, '2019-10-24 14:12:14', '2019-10-24 14:12:14'),
(1420, 'HIUmte0kkGaM1jRx1fw1xEfHw2OZMNvUYWelew9U', 61, 'Players333', 36, 19, 'Gujranwala Depot', 1608, 862133629, 1073, '2019-10-29 06:29:29', '2019-10-29 06:29:29'),
(1421, 'HIUmte0kkGaM1jRx1fw1xEfHw2OZMNvUYWelew9U', 61, 'Players333', 36, 19, 'Gujranwala Depot', 1609, 398702319, 1073, '2019-10-29 06:29:30', '2019-10-29 06:29:30'),
(1422, 'AA41A5F8-28B4-466F-A57F-CE2407DF6B26', 14, 'Yamaha 250DC', 29, 10, 'Rana Mehmood', 150, 315254199, 1074, '2019-10-30 13:55:38', '2019-10-30 13:55:38'),
(1423, '', 0, '', 1, 0, 'Depot-1', 0, 0, 1076, '2019-10-31 07:36:37', '2019-10-31 07:36:37'),
(1424, '', 0, '', 1, 0, 'Depot-1', 0, 0, 1077, '2019-10-31 07:37:27', '2019-10-31 07:37:27'),
(1425, '', 0, '', 1, 0, 'Depot-1', 0, 0, 1078, '2019-10-31 07:38:20', '2019-10-31 07:38:20'),
(1426, '', 0, '', 1, 0, 'Depot-1', 0, 0, 1079, '2019-10-31 07:41:49', '2019-10-31 07:41:49'),
(1427, '', 0, '', 1, 0, 'Depot-1', 0, 0, 1080, '2019-10-31 07:43:54', '2019-10-31 07:43:54'),
(1428, '', 0, '', 1, 0, 'Depot-1', 0, 0, 1081, '2019-10-31 07:44:22', '2019-10-31 07:44:22'),
(1429, '', 0, '', 1, 0, 'Depot-1', 0, 0, 1082, '2019-10-31 07:45:04', '2019-10-31 07:45:04'),
(1430, 'AA41A5F8-28B4-466F-A57F-CE2407DF6B26', 14, 'Yamaha 250DC', 29, 10, 'Rana Mehmood', 150, 315254199, 1083, '2019-11-01 10:04:11', '2019-11-01 10:04:11'),
(1431, 'AA41A5F8-28B4-466F-A57F-CE2407DF6B26', 14, 'Yamaha 250DC', 29, 10, 'Rana Mehmood', 150, 315254199, 1084, '2019-11-01 10:11:24', '2019-11-01 10:11:24'),
(1433, 'AA41A5F8-28B4-466F-A57F-CE2407DF6B26', 14, 'Yamaha 250DC', 29, 10, 'Rana Mehmood', 150, 315254199, 1086, '2019-11-01 10:15:22', '2019-11-01 10:15:22'),
(1434, 'AA41A5F8-28B4-466F-A57F-CE2407DF6B26', 14, 'Yamaha 250DC', 29, 10, 'Rana Mehmood', 150, 315254199, 1087, '2019-11-01 10:23:44', '2019-11-01 10:23:44'),
(1435, 'AA41A5F8-28B4-466F-A57F-CE2407DF6B26', 14, 'Yamaha 250DC', 29, 10, 'Rana Mehmood', 150, 315254199, 1088, '2019-11-01 10:45:44', '2019-11-01 10:45:44'),
(1436, 'AA41A5F8-28B4-466F-A57F-CE2407DF6B26', 14, 'Yamaha 250DC', 29, 10, 'Rana Mehmood', 151, 259227363, 1089, '2019-11-01 10:56:02', '2019-11-01 10:56:02'),
(1437, '', 0, '', 29, 0, 'Rana Mehmood', 0, 0, 1090, '2019-11-01 10:56:45', '2019-11-01 10:56:45'),
(1438, '', 0, '', 29, 0, 'Rana Mehmood', 0, 0, 1091, '2019-11-01 10:57:21', '2019-11-01 10:57:21'),
(1439, '', 0, '', 29, 0, 'Rana Mehmood', 0, 0, 1092, '2019-11-01 11:04:12', '2019-11-01 11:04:12'),
(1440, 'AA41A5F8-28B4-466F-A57F-CE2407DF6B26', 14, 'Yamaha 250DC', 29, 10, 'Rana Mehmood', 150, 315254199, 1093, '2019-11-01 11:28:34', '2019-11-01 11:28:34'),
(1441, '', 0, '', 29, 0, 'Rana Mehmood', 0, 0, 1094, '2019-11-01 11:28:37', '2019-11-01 11:28:37'),
(1442, '3E9FBB2A-12DC-4550-94C2-40F56658BF88', 14, 'Yamaha 250DC', 29, 10, 'Rana Mehmood', 150, 315254199, 1095, '2019-11-01 12:54:23', '2019-11-01 12:54:23'),
(1443, '3E9FBB2A-12DC-4550-94C2-40F56658BF88', 14, 'Yamaha 250DC', 29, 10, 'Rana Mehmood', 150, 315254199, 1096, '2019-11-01 13:25:26', '2019-11-01 13:25:26'),
(1444, '3E9FBB2A-12DC-4550-94C2-40F56658BF88', 14, 'Yamaha 250DC', 29, 10, 'Rana Mehmood', 150, 315254199, 1097, '2019-11-01 13:54:19', '2019-11-01 13:54:19'),
(1445, '4B396096-A304-4A91-8412-56CB2CEDC759', 20, 'Specialized Carbon Robaix', 27, 8, 'CrossCafe', 1552, 700721668, 1098, '2019-11-05 11:56:28', '2019-11-05 11:56:28'),
(1446, 'AA41A5F8-28B4-466F-A57F-CE2407DF6B26', 14, 'Yamaha 250DC', 29, 10, 'Rana Mehmood', 151, 259227363, 1099, '2019-11-06 12:26:49', '2019-11-06 12:26:49'),
(1447, '4B396096-A304-4A91-8412-56CB2CEDC759', 20, 'Specialized Carbon Robaix', 27, 8, 'CrossCafe', 1552, 700721668, 1100, '2019-11-07 06:48:47', '2019-11-07 06:48:47'),
(1448, 'AA41A5F8-28B4-466F-A57F-CE2407DF6B26', 14, 'Yamaha 250DC', 29, 10, 'Rana Mehmood', 150, 315254199, 1101, '2019-11-07 10:53:51', '2019-11-07 10:53:51'),
(1449, '95934969-5151-41E6-83BF-461A58433030', 20, 'Specialized Carbon Robaix', 27, 8, 'CrossCafe', 1552, 700721668, 1102, '2019-11-07 12:59:14', '2019-11-07 12:59:14'),
(1450, '95934969-5151-41E6-83BF-461A58433030', 20, 'Specialized Carbon Robaix', 27, 8, 'CrossCafe', 1552, 700721668, 1103, '2019-11-07 13:10:18', '2019-11-07 13:10:18'),
(1451, '95934969-5151-41E6-83BF-461A58433030', 20, 'Specialized Carbon Robaix', 27, 8, 'CrossCafe', 1552, 700721668, 1104, '2019-11-07 17:04:47', '2019-11-07 17:04:47'),
(1452, '', 0, '', 27, 0, 'CrossCafe', 0, 0, 1105, '2019-11-07 17:23:32', '2019-11-07 17:23:32'),
(1453, '95934969-5151-41E6-83BF-461A58433030', 44, 'Surley Longhaul Trucker', 50, 17, 'Above Bike Store', 1275, 178777982, 1106, '2019-11-07 22:13:52', '2019-11-07 22:13:52'),
(1456, '402', 11, 'New Resource for 001', 1, 5, 'Depot-1', 58, 894091070, 1109, '2019-11-08 11:26:02', '2019-11-08 11:26:02'),
(1458, 'S0QQWA4wqVwD5JcM3TXKRf3FfvFxzW47TCOpVlyb', 30, 'cycle', 1, 2, 'Depot-1', 951, 309699585, 1111, '2019-11-08 11:56:12', '2019-11-08 11:56:12'),
(1459, 'S0QQWA4wqVwD5JcM3TXKRf3FfvFxzW47TCOpVlyb', 35, 'cycle', 1, 2, 'Depot-1', 1043, 686412420, 1111, '2019-11-08 11:56:12', '2019-11-08 11:56:12'),
(1460, '402', 11, 'New Resource for 001', 1, 5, 'Depot-1', 57, 868454488, 1112, '2019-11-08 12:35:02', '2019-11-08 12:35:02'),
(1461, '402', 11, 'New Resource for 001', 1, 5, 'Depot-1', 58, 894091070, 1113, '2019-11-08 12:37:29', '2019-11-08 12:37:29'),
(1462, '402', 11, 'New Resource for 001', 1, 5, 'Depot-1', 59, 682520773, 1114, '2019-11-08 12:39:29', '2019-11-08 12:39:29'),
(1463, '2798582D-8708-4E54-8AD4-150D0B27325C', 14, 'Yamaha 250DC', 29, 10, 'Rana Mehmood', 150, 315254199, 1115, '2019-11-08 12:42:07', '2019-11-08 12:42:07'),
(1464, '402', 10, 'New Resource for 001', 1, 5, 'Depot-1', 1457, 271136222, 1116, '2019-11-08 12:54:38', '2019-11-08 12:54:38'),
(1465, '3E9FBB2A-12DC-4550-94C2-40F56658BF88', 14, 'Yamaha 250DC', 29, 10, 'Rana Mehmood', 151, 259227363, 1117, '2019-11-08 13:00:17', '2019-11-08 13:00:17'),
(1466, '3E9FBB2A-12DC-4550-94C2-40F56658BF88', 14, 'Yamaha 250DC', 29, 10, 'Rana Mehmood', 152, 757743088, 1118, '2019-11-08 13:00:20', '2019-11-08 13:00:20'),
(1467, '3E9FBB2A-12DC-4550-94C2-40F56658BF88', 14, 'Yamaha 250DC', 29, 10, 'Rana Mehmood', 151, 259227363, 1119, '2019-11-08 13:08:12', '2019-11-08 13:08:12'),
(1468, 'S0QQWA4wqVwD5JcM3TXKRf3FfvFxzW47TCOpVlyb', 37, 'eeee', 1, 2, 'Depot-1', 1031, 725303181, 1120, '2019-11-08 13:12:56', '2019-11-08 13:12:56'),
(1469, 'S0QQWA4wqVwD5JcM3TXKRf3FfvFxzW47TCOpVlyb', 39, 'rrrrrrrrrrr', 1, 2, 'Depot-1', 1049, 610013224, 1120, '2019-11-08 13:12:56', '2019-11-08 13:12:56'),
(1471, 'S0QQWA4wqVwD5JcM3TXKRf3FfvFxzW47TCOpVlyb', 30, 'cycle', 1, 2, 'Depot-1', 951, 309699585, 1122, '2019-11-08 14:02:15', '2019-11-08 14:02:15'),
(1472, 'S0QQWA4wqVwD5JcM3TXKRf3FfvFxzW47TCOpVlyb', 37, 'eeee', 1, 2, 'Depot-1', 1031, 725303181, 1122, '2019-11-08 14:02:15', '2019-11-08 14:02:15'),
(1473, 'S0QQWA4wqVwD5JcM3TXKRf3FfvFxzW47TCOpVlyb', 30, 'cycle', 1, 2, 'Depot-1', 951, 309699585, 1123, '2019-11-08 14:12:11', '2019-11-08 14:12:11'),
(1474, 'S0QQWA4wqVwD5JcM3TXKRf3FfvFxzW47TCOpVlyb', 30, 'cycle', 1, 2, 'Depot-1', 952, 482916648, 1123, '2019-11-08 14:12:11', '2019-11-08 14:12:11'),
(1476, '3E9FBB2A-12DC-4550-94C2-40F56658BF88', 14, 'Yamaha 250DC', 29, 10, 'Rana Mehmood', 151, 259227363, 1125, '2019-11-08 14:40:59', '2019-11-08 14:40:59'),
(1477, '95934969-5151-41E6-83BF-461A58433030', 20, 'Specialized Carbon Robaix', 27, 8, 'CrossCafe', 1552, 700721668, 1126, '2019-11-11 20:07:13', '2019-11-11 20:07:13'),
(1478, 'F2D6F7AE-6E9D-464A-8487-E4024E065E6E', 19, 'TC3 Carbon Roadbike', 51, 8, 'Tokyo American Club', 1463, 111871483, 1127, '2019-11-14 10:22:07', '2019-11-14 10:22:07'),
(1479, '', 0, '', 2, 0, 'depot-2', 0, 0, 1128, '2019-11-14 10:26:59', '2019-11-14 10:26:59'),
(1480, 'F2D6F7AE-6E9D-464A-8487-E4024E065E6E', 43, 'Astuto SL88 Carbon Roadbike', 49, 8, 'Grand Hyatt Tokyo', 1267, 369617677, 1129, '2019-11-14 10:28:36', '2019-11-14 10:28:36'),
(1481, '', 0, '', 2, 0, 'depot-2', 0, 0, 1130, '2019-11-14 10:31:00', '2019-11-14 10:31:00'),
(1482, '', 0, '', 2, 0, 'depot-2', 0, 0, 1131, '2019-11-14 10:32:14', '2019-11-14 10:32:14'),
(1483, 'F2D6F7AE-6E9D-464A-8487-E4024E065E6E', 43, 'Astuto SL88 Carbon Roadbike', 49, 8, 'Grand Hyatt Tokyo', 1268, 707160265, 1132, '2019-11-14 10:35:55', '2019-11-14 10:35:55'),
(1484, '', 0, '', 2, 0, 'depot-2', 0, 0, 1133, '2019-11-14 10:37:23', '2019-11-14 10:37:23'),
(1485, '', 0, '', 2, 0, 'depot-2', 0, 0, 1134, '2019-11-14 10:38:02', '2019-11-14 10:38:02'),
(1486, '', 0, '', 2, 0, 'depot-2', 0, 0, 1135, '2019-11-14 10:39:52', '2019-11-14 10:39:52'),
(1487, '3E9FBB2A-12DC-4550-94C2-40F56658BF88', 14, 'Yamaha 250DC', 29, 10, 'Rana Mehmood', 150, 315254199, 1136, '2019-11-14 11:29:11', '2019-11-14 11:29:11'),
(1488, '', 0, '', 2, 0, 'depot-2', 0, 0, 1137, '2019-11-14 11:32:16', '2019-11-14 11:32:16'),
(1489, '3E9FBB2A-12DC-4550-94C2-40F56658BF88', 14, 'Yamaha 250DC', 29, 10, 'Rana Mehmood', 150, 315254199, 1138, '2019-11-14 11:36:41', '2019-11-14 11:36:41'),
(1490, '', 0, '', 2, 0, 'depot-2', 0, 0, 1139, '2019-11-14 11:37:20', '2019-11-14 11:37:20'),
(1491, '3E9FBB2A-12DC-4550-94C2-40F56658BF88', 14, 'Yamaha 250DC', 29, 10, 'Rana Mehmood', 150, 315254199, 1140, '2019-11-14 11:43:42', '2019-11-14 11:43:42'),
(1492, '3E9FBB2A-12DC-4550-94C2-40F56658BF88', 14, 'Yamaha 250DC', 29, 10, 'Rana Mehmood', 151, 259227363, 1141, '2019-11-14 12:14:01', '2019-11-14 12:14:01'),
(1493, '3E9FBB2A-12DC-4550-94C2-40F56658BF88', 14, 'Yamaha 250DC', 29, 10, 'Rana Mehmood', 150, 315254199, 1142, '2019-11-14 12:18:18', '2019-11-14 12:18:18'),
(1494, '', 0, '', 29, 0, 'Rana Mehmood', 0, 0, 1143, '2019-11-14 12:18:55', '2019-11-14 12:18:55'),
(1495, '3E9FBB2A-12DC-4550-94C2-40F56658BF88', 14, 'Yamaha 250DC', 29, 10, 'Rana Mehmood', 151, 259227363, 1144, '2019-11-14 12:22:46', '2019-11-14 12:22:46'),
(1496, '3E9FBB2A-12DC-4550-94C2-40F56658BF88', 14, 'Yamaha 250DC', 29, 10, 'Rana Mehmood', 152, 757743088, 1145, '2019-11-14 12:31:38', '2019-11-14 12:31:38'),
(1497, '3E9FBB2A-12DC-4550-94C2-40F56658BF88', 14, 'Yamaha 250DC', 29, 10, 'Rana Mehmood', 153, 751780659, 1146, '2019-11-14 12:34:27', '2019-11-14 12:34:27'),
(1498, '3E9FBB2A-12DC-4550-94C2-40F56658BF88', 14, 'Yamaha 250DC', 29, 10, 'Rana Mehmood', 154, 80725142, 1147, '2019-11-14 12:48:10', '2019-11-14 12:48:10'),
(1499, '3E9FBB2A-12DC-4550-94C2-40F56658BF88', 14, 'Yamaha 250DC', 29, 10, 'Rana Mehmood', 155, 18377607, 1148, '2019-11-14 12:54:10', '2019-11-14 12:54:10'),
(1500, '3E9FBB2A-12DC-4550-94C2-40F56658BF88', 14, 'Yamaha 250DC', 29, 10, 'Rana Mehmood', 156, 297817138, 1149, '2019-11-14 12:54:28', '2019-11-14 12:54:28'),
(1501, '3E9FBB2A-12DC-4550-94C2-40F56658BF88', 29, 'plaaas', 36, 9, 'Gujranwala Depot', 947, 215903094, 1150, '2019-11-14 13:08:48', '2019-11-14 13:08:48'),
(1502, '95934969-5151-41E6-83BF-461A58433030', 20, 'Specialized Carbon Robaix', 27, 8, 'CrossCafe', 1552, 700721668, 1151, '2019-11-14 19:11:26', '2019-11-14 19:11:26'),
(1503, '', 0, '', 27, 0, 'CrossCafe', 0, 0, 1152, '2019-11-14 19:14:15', '2019-11-14 19:14:15'),
(1504, '95934969-5151-41E6-83BF-461A58433030', 44, 'Surley Longhaul Trucker', 50, 17, 'Above Bike Store', 1275, 178777982, 1153, '2019-11-14 19:45:42', '2019-11-14 19:45:42'),
(1505, 'EC23F587-BEF1-4D69-A34E-DF78A41E9770', 19, 'TC3 Carbon Roadbike', 51, 8, 'Tokyo American Club', 1463, 111871483, 1154, '2019-11-19 13:09:42', '2019-11-19 13:09:42'),
(1506, 'EC23F587-BEF1-4D69-A34E-DF78A41E9770', 43, 'Astuto SL88 Carbon Roadbike', 49, 8, 'Grand Hyatt Tokyo', 1267, 369617677, 1155, '2019-11-19 13:25:05', '2019-11-19 13:25:05'),
(1507, '', 0, '', 49, 0, 'Grand Hyatt Tokyo', 0, 0, 1156, '2019-11-19 13:26:14', '2019-11-19 13:26:14'),
(1508, 'EC23F587-BEF1-4D69-A34E-DF78A41E9770', 43, 'Astuto SL88 Carbon Roadbike', 49, 8, 'Grand Hyatt Tokyo', 1267, 369617677, 1157, '2019-11-19 13:27:55', '2019-11-19 13:27:55'),
(1509, 'EC23F587-BEF1-4D69-A34E-DF78A41E9770', 43, 'Astuto SL88 Carbon Roadbike', 49, 8, 'Grand Hyatt Tokyo', 1268, 707160265, 1158, '2019-11-19 13:32:17', '2019-11-19 13:32:17'),
(1510, 'EC23F587-BEF1-4D69-A34E-DF78A41E9770', 43, 'Astuto SL88 Carbon Roadbike', 49, 8, 'Grand Hyatt Tokyo', 1269, 38327943, 1159, '2019-11-19 13:36:22', '2019-11-19 13:36:22'),
(1511, '', 0, '', 49, 0, 'Grand Hyatt Tokyo', 0, 0, 1160, '2019-11-19 13:37:17', '2019-11-19 13:37:17'),
(1512, '', 0, '', 49, 0, 'Grand Hyatt Tokyo', 0, 0, 1161, '2019-11-19 13:38:55', '2019-11-19 13:38:55'),
(1513, 'F74977BD-DDDB-4047-AE34-9A892ABFB0F6', 44, 'Surley Longhaul Trucker', 50, 17, 'Above Bike Store', 1275, 178777982, 1162, '2019-11-19 15:53:39', '2019-11-19 15:53:39'),
(1514, 'F74977BD-DDDB-4047-AE34-9A892ABFB0F6', 43, 'Astuto SL88 Carbon Roadbike', 49, 8, 'Grand Hyatt Tokyo', 1267, 369617677, 1163, '2019-11-19 15:58:30', '2019-11-19 15:58:30'),
(1515, 'F74977BD-DDDB-4047-AE34-9A892ABFB0F6', 20, 'Specialized Carbon Robaix', 27, 8, 'CrossCafe', 1552, 700721668, 1164, '2019-11-19 16:06:13', '2019-11-19 16:06:13'),
(1517, 'F74977BD-DDDB-4047-AE34-9A892ABFB0F6', 62, 'Freewheeling Cruiser', 56, 8, 'Freewheeling Japan', 1613, 49535733, 1166, '2019-11-21 02:26:22', '2019-11-21 02:26:22'),
(1518, 'F74977BD-DDDB-4047-AE34-9A892ABFB0F6', 63, 'Freewheeling Night Ride', 56, 8, 'Freewheeling Japan', 1625, 301346004, 1167, '2019-11-21 02:53:58', '2019-11-21 02:53:58'),
(1519, 'F74977BD-DDDB-4047-AE34-9A892ABFB0F6', 20, 'Specialized Carbon Robaix', 27, 8, 'CrossCafe', 1552, 700721668, 1168, '2019-11-25 05:26:46', '2019-11-25 05:26:46'),
(1526, '402', 11, 'New Resource for 001', 1, 5, 'Depot-1', 57, 868454488, 1175, '2019-11-27 06:39:39', '2019-11-27 06:39:39'),
(1527, '402', 20, 'Specialized Carbon Robaix', 1, 5, 'Depot-1', 57, 868454488, 1175, '2019-11-27 06:39:39', '2019-11-27 06:39:39'),
(1546, 'F74977BD-DDDB-4047-AE34-9A892ABFB0F6', 20, 'Specialized Carbon Robaix', 27, 8, 'CrossCafe', 1552, 700721668, 1194, '2019-11-27 21:28:37', '2019-11-27 21:28:37'),
(1568, '402', 11, 'New Resource for 001', 1, 5, 'Depot-1', 58, 894091070, 1216, '2019-11-28 09:35:40', '2019-11-28 09:35:40'),
(1569, '', 0, '', 2, 0, 'depot-2', 0, 0, 1217, '2019-11-28 09:36:21', '2019-11-28 09:36:21'),
(1570, 'F74977BD-DDDB-4047-AE34-9A892ABFB0F6', 44, 'Surley Longhaul Trucker', 50, 17, 'Above Bike Store', 1275, 178777982, 1218, '2019-11-28 16:40:15', '2019-11-28 16:40:15'),
(1571, 'F74977BD-DDDB-4047-AE34-9A892ABFB0F6', 20, 'Specialized Carbon Robaix', 27, 8, 'CrossCafe', 1552, 700721668, 1219, '2019-11-29 23:31:39', '2019-11-29 23:31:39'),
(1573, 'F74977BD-DDDB-4047-AE34-9A892ABFB0F6', 20, 'Specialized Carbon Robaix', 27, 8, 'CrossCafe', 1552, 700721668, 1221, '2019-12-02 09:24:45', '2019-12-02 09:24:45'),
(1574, '', 0, '', 27, 0, 'CrossCafe', 0, 0, 1222, '2019-12-02 09:28:37', '2019-12-02 09:28:37'),
(1575, 'QHvxZBq5dg6JNt1tbyfSw2sIl5U0aJmffmW4Tunv', 23, 'Tyre', 43, 10, 'Add 1', 972, 371403389, 1223, '2019-12-02 09:55:35', '2019-12-02 09:55:35'),
(1576, 'QHvxZBq5dg6JNt1tbyfSw2sIl5U0aJmffmW4Tunv', 51, 'Testttd', 43, 10, 'Add 1', 1477, 857668699, 1223, '2019-12-02 09:55:35', '2019-12-02 09:55:35'),
(1577, '3E9FBB2A-12DC-4550-94C2-40F56658BF88', 23, 'Tyre', 43, 10, 'Add 1', 973, 728649545, 1224, '2019-12-02 10:25:16', '2019-12-02 10:25:16'),
(1579, '3E9FBB2A-12DC-4550-94C2-40F56658BF88', 14, 'Yamaha 250DC', 29, 10, 'Rana Mehmood', 150, 315254199, 1226, '2019-12-02 10:33:41', '2019-12-02 10:33:41'),
(1580, 'F2D6F7AE-6E9D-464A-8487-E4024E065E6E', 29, 'plaaas', 36, 9, 'Gujranwala Depot', 947, 215903094, 1227, '2019-12-03 06:58:09', '2019-12-03 06:58:09'),
(1581, 'F2D6F7AE-6E9D-464A-8487-E4024E065E6E', 29, 'plaaas', 36, 9, 'Gujranwala Depot', 948, 228269578, 1228, '2019-12-03 07:17:57', '2019-12-03 07:17:57'),
(1582, 'F2D6F7AE-6E9D-464A-8487-E4024E065E6E', 29, 'plaaas', 36, 9, 'Gujranwala Depot', 949, 234319802, 1229, '2019-12-03 07:19:43', '2019-12-03 07:19:43'),
(1583, '', 0, '', 36, 0, 'Gujranwala Depot', 0, 0, 1230, '2019-12-03 07:28:46', '2019-12-03 07:28:46'),
(1584, '', 0, '', 36, 0, 'Gujranwala Depot', 0, 0, 1231, '2019-12-03 07:31:41', '2019-12-03 07:31:41'),
(1585, 'F2D6F7AE-6E9D-464A-8487-E4024E065E6E', 29, 'plaaas', 36, 9, 'Gujranwala Depot', 950, 137212512, 1232, '2019-12-03 07:42:17', '2019-12-03 07:42:17'),
(1586, 'F2D6F7AE-6E9D-464A-8487-E4024E065E6E', 29, 'plaaas', 36, 9, 'Gujranwala Depot', 950, 137212512, 1233, '2019-12-03 07:45:59', '2019-12-03 07:45:59'),
(1587, 'F2D6F7AE-6E9D-464A-8487-E4024E065E6E', 29, 'plaaas', 36, 9, 'Gujranwala Depot', 947, 215903094, 1234, '2019-12-03 08:01:32', '2019-12-03 08:01:32'),
(1588, 'F2D6F7AE-6E9D-464A-8487-E4024E065E6E', 31, 'Coaster 911', 36, 16, 'Gujranwala Depot', 961, 48407534, 1235, '2019-12-03 08:04:19', '2019-12-03 08:04:19'),
(1589, 'F2D6F7AE-6E9D-464A-8487-E4024E065E6E', 31, 'Coaster 911', 36, 16, 'Gujranwala Depot', 962, 5262747, 1236, '2019-12-03 08:06:27', '2019-12-03 08:06:27'),
(1590, 'nq9PHVhiTk7AYHTp1w3SnwI5poOeerXK8ZNERdLq', 23, 'Tyre', 43, 10, 'Add 1', 972, 371403389, 1237, '2019-12-03 12:58:44', '2019-12-03 12:58:44'),
(1591, 'nq9PHVhiTk7AYHTp1w3SnwI5poOeerXK8ZNERdLq', 41, 'RC001', 43, 10, 'Add 1', 1204, 924302970, 1237, '2019-12-03 12:58:44', '2019-12-03 12:58:44'),
(1592, 'nq9PHVhiTk7AYHTp1w3SnwI5poOeerXK8ZNERdLq', 45, '1122', 43, 10, 'Add 1', 1284, 525658951, 1237, '2019-12-03 12:58:44', '2019-12-03 12:58:44'),
(1593, 'm8EUvSniduFzBSNALtNwQ7rVRCtCbsAuAqyGW96W', 41, 'RC001', 43, 10, 'Add 1', 1204, 924302970, 1238, '2019-12-04 10:43:04', '2019-12-04 10:43:04'),
(1594, 'm8EUvSniduFzBSNALtNwQ7rVRCtCbsAuAqyGW96W', 59, 'Testtttt', 43, 10, 'Add 1', 1583, 133766865, 1238, '2019-12-04 10:43:04', '2019-12-04 10:43:04'),
(1595, '', 0, '', 43, 0, 'Add 1', 0, 0, 1239, '2019-12-04 10:46:11', '2019-12-04 10:46:11'),
(1596, 'm8EUvSniduFzBSNALtNwQ7rVRCtCbsAuAqyGW96W', 23, 'Tyre', 43, 10, 'Add 1', 972, 371403389, 1240, '2019-12-04 11:04:16', '2019-12-04 11:04:16'),
(1597, 'm8EUvSniduFzBSNALtNwQ7rVRCtCbsAuAqyGW96W', 59, 'Testtttt', 43, 10, 'Add 1', 1584, 963731587, 1240, '2019-12-04 11:04:16', '2019-12-04 11:04:16'),
(1598, '3E9FBB2A-12DC-4550-94C2-40F56658BF88', 23, 'Tyre', 43, 10, 'Add 1', 973, 728649545, 1241, '2019-12-04 11:09:20', '2019-12-04 11:09:20'),
(1600, '3E9FBB2A-12DC-4550-94C2-40F56658BF88', 41, 'RC001', 43, 10, 'Add 1', 1205, 979990144, 1243, '2019-12-04 11:13:04', '2019-12-04 11:13:04'),
(1601, '3E9FBB2A-12DC-4550-94C2-40F56658BF88', 45, '1122', 43, 10, 'Add 1', 1284, 525658951, 1244, '2019-12-04 11:13:10', '2019-12-04 11:13:10'),
(1602, '3E9FBB2A-12DC-4550-94C2-40F56658BF88', 23, 'Tyre', 43, 10, 'Add 1', 972, 371403389, 1245, '2019-12-04 11:19:53', '2019-12-04 11:19:53'),
(1603, '402', 11, 'New Resource for 001', 1, 5, 'Depot-1', 58, 894091070, 1246, '2019-12-04 11:47:58', '2019-12-04 11:47:58'),
(1604, 'F2D6F7AE-6E9D-464A-8487-E4024E065E6E', 29, 'plaaas', 36, 9, 'Gujranwala Depot', 947, 215903094, 1247, '2019-12-04 12:04:29', '2019-12-04 12:04:29'),
(1605, 'F2D6F7AE-6E9D-464A-8487-E4024E065E6E', 29, 'plaaas', 36, 9, 'Gujranwala Depot', 947, 215903094, 1248, '2019-12-04 12:29:38', '2019-12-04 12:29:38'),
(1606, 'F2D6F7AE-6E9D-464A-8487-E4024E065E6E', 29, 'plaaas', 36, 9, 'Gujranwala Depot', 948, 228269578, 1249, '2019-12-04 12:37:34', '2019-12-04 12:37:34'),
(1607, 'F2D6F7AE-6E9D-464A-8487-E4024E065E6E', 29, 'plaaas', 36, 9, 'Gujranwala Depot', 949, 234319802, 1250, '2019-12-04 12:46:06', '2019-12-04 12:46:06'),
(1608, 'F2D6F7AE-6E9D-464A-8487-E4024E065E6E', 29, 'plaaas', 36, 9, 'Gujranwala Depot', 950, 137212512, 1251, '2019-12-04 13:09:58', '2019-12-04 13:09:58'),
(1609, '', 0, '', 36, 0, 'Gujranwala Depot', 0, 0, 1252, '2019-12-04 13:13:47', '2019-12-04 13:13:47'),
(1610, '', 0, '', 36, 0, 'Gujranwala Depot', 0, 0, 1253, '2019-12-04 13:15:10', '2019-12-04 13:15:10'),
(1611, 'F2D6F7AE-6E9D-464A-8487-E4024E065E6E', 31, 'Coaster 911', 36, 16, 'Gujranwala Depot', 961, 48407534, 1254, '2019-12-04 13:17:43', '2019-12-04 13:17:43'),
(1612, 'F2D6F7AE-6E9D-464A-8487-E4024E065E6E', 29, 'plaaas', 36, 9, 'Gujranwala Depot', 948, 228269578, 1255, '2019-12-05 06:37:33', '2019-12-05 06:37:33'),
(1613, 'F2D6F7AE-6E9D-464A-8487-E4024E065E6E', 29, 'plaaas', 36, 9, 'Gujranwala Depot', 947, 215903094, 1256, '2019-12-05 07:37:21', '2019-12-05 07:37:21'),
(1614, '3E9FBB2A-12DC-4550-94C2-40F56658BF88', 29, 'plaaas', 36, 9, 'Gujranwala Depot', 949, 234319802, 1257, '2019-12-05 07:56:25', '2019-12-05 07:56:25'),
(1615, 'j3BkiaB2kVvZ2lE8vLwXPgCPE1nDhRdhlPT285WR', 41, 'RC001', 43, 10, 'Add 1', 1204, 924302970, 1258, '2019-12-05 09:28:46', '2019-12-05 09:28:46'),
(1616, '', 0, '', 43, 0, 'Add 1', 0, 0, 1259, '2019-12-05 09:36:18', '2019-12-05 09:36:18'),
(1617, 'j3BkiaB2kVvZ2lE8vLwXPgCPE1nDhRdhlPT285WR', 41, 'RC001', 43, 10, 'Add 1', 1205, 979990144, 1260, '2019-12-05 09:36:33', '2019-12-05 09:36:33'),
(1618, 'j3BkiaB2kVvZ2lE8vLwXPgCPE1nDhRdhlPT285WR', 23, 'Tyre', 43, 10, 'Add 1', 972, 371403389, 1260, '2019-12-05 09:36:33', '2019-12-05 09:36:33'),
(1619, '3E9FBB2A-12DC-4550-94C2-40F56658BF88', 29, 'plaaas', 36, 9, 'Gujranwala Depot', 947, 215903094, 1261, '2019-12-05 09:52:58', '2019-12-05 09:52:58'),
(1620, 'F2D6F7AE-6E9D-464A-8487-E4024E065E6E', 29, 'plaaas', 36, 9, 'Gujranwala Depot', 947, 215903094, 1262, '2019-12-05 12:54:36', '2019-12-05 12:54:36'),
(1621, 'F2D6F7AE-6E9D-464A-8487-E4024E065E6E', 23, 'Tyre', 43, 10, 'Add 1', 972, 371403389, 1263, '2019-12-05 13:09:32', '2019-12-05 13:09:32'),
(1622, 'F2D6F7AE-6E9D-464A-8487-E4024E065E6E', 29, 'plaaas', 36, 9, 'Gujranwala Depot', 948, 228269578, 1264, '2019-12-05 13:14:09', '2019-12-05 13:14:09'),
(1623, '3E9FBB2A-12DC-4550-94C2-40F56658BF88', 23, 'Tyre', 43, 10, 'Add 1', 972, 371403389, 1265, '2019-12-05 13:37:22', '2019-12-05 13:37:22'),
(1624, '3E9FBB2A-12DC-4550-94C2-40F56658BF88', 23, 'Tyre', 43, 10, 'Add 1', 972, 371403389, 1266, '2019-12-05 14:24:07', '2019-12-05 14:24:07'),
(1625, '0DAA4365-5845-48DC-8280-098FCD491F93', 20, 'Specialized Carbon Robaix', 27, 8, 'CrossCafe', 1552, 700721668, 1267, '2019-12-05 20:21:17', '2019-12-05 20:21:17'),
(1626, '', 0, '', 27, 0, 'CrossCafe', 0, 0, 1268, '2019-12-05 20:22:35', '2019-12-05 20:22:35'),
(1627, '0DAA4365-5845-48DC-8280-098FCD491F93', 62, 'Freewheeling Cruiser', 56, 8, 'Freewheeling Japan', 1613, 49535733, 1269, '2019-12-05 20:37:31', '2019-12-05 20:37:31'),
(1628, '0DAA4365-5845-48DC-8280-098FCD491F93', 62, 'Freewheeling Cruiser', 56, 8, 'Freewheeling Japan', 1613, 49535733, 1270, '2019-12-05 20:42:39', '2019-12-05 20:42:39'),
(1629, '', 0, '', 56, 0, 'Freewheeling Japan', 0, 0, 1271, '2019-12-05 20:44:24', '2019-12-05 20:44:24'),
(1630, 'QohFQCCzvdZl3E2gjRgkltgfxKEW7rqlWmqGR6zr', 30, 'cycle', 1, 2, 'Depot-1', 951, 309699585, 1272, '2019-12-06 06:03:12', '2019-12-06 06:03:12'),
(1631, 'QohFQCCzvdZl3E2gjRgkltgfxKEW7rqlWmqGR6zr', 39, 'rrrrrrrrrrr', 1, 2, 'Depot-1', 1049, 610013224, 1272, '2019-12-06 06:03:12', '2019-12-06 06:03:12'),
(1632, 'QohFQCCzvdZl3E2gjRgkltgfxKEW7rqlWmqGR6zr', 46, 'sds', 1, 2, 'Depot-1', 1289, 149993025, 1273, '2019-12-06 06:07:35', '2019-12-06 06:07:35'),
(1633, '', 0, '', 1, 0, 'Depot-1', 0, 0, 1274, '2019-12-06 06:10:26', '2019-12-06 06:10:26'),
(1634, '', 0, '', 2, 0, 'depot-2', 0, 0, 1275, '2019-12-06 06:48:51', '2019-12-06 06:48:51'),
(1635, 'F2D6F7AE-6E9D-464A-8487-E4024E065E6E', 29, 'plaaas', 36, 9, 'Gujranwala Depot', 947, 215903094, 1276, '2019-12-06 09:42:04', '2019-12-06 09:42:04'),
(1636, 'F2D6F7AE-6E9D-464A-8487-E4024E065E6E', 29, 'plaaas', 36, 9, 'Gujranwala Depot', 948, 228269578, 1277, '2019-12-06 09:57:11', '2019-12-06 09:57:11'),
(1637, 'F2D6F7AE-6E9D-464A-8487-E4024E065E6E', 29, 'plaaas', 36, 9, 'Gujranwala Depot', 949, 234319802, 1278, '2019-12-06 10:10:03', '2019-12-06 10:10:03'),
(1638, 'F2D6F7AE-6E9D-464A-8487-E4024E065E6E', 29, 'plaaas', 36, 9, 'Gujranwala Depot', 950, 137212512, 1279, '2019-12-06 10:13:02', '2019-12-06 10:13:02'),
(1642, 'F2D6F7AE-6E9D-464A-8487-E4024E065E6E', 29, 'plaaas', 36, 9, 'Gujranwala Depot', 947, 215903094, 1283, '2019-12-06 10:38:08', '2019-12-06 10:38:08'),
(1643, '', 0, '', 36, 0, 'Gujranwala Depot', 0, 0, 1284, '2019-12-06 10:41:13', '2019-12-06 10:41:13'),
(1644, 'F2D6F7AE-6E9D-464A-8487-E4024E065E6E', 23, 'Tyre', 43, 10, 'Add 1', 973, 728649545, 1285, '2019-12-06 11:49:53', '2019-12-06 11:49:53'),
(1645, 'F2D6F7AE-6E9D-464A-8487-E4024E065E6E', 41, 'RC001', 43, 10, 'Add 1', 1206, 607376708, 1286, '2019-12-06 12:35:26', '2019-12-06 12:35:26'),
(1646, 'F2D6F7AE-6E9D-464A-8487-E4024E065E6E', 23, 'Tyre', 43, 10, 'Add 1', 973, 728649545, 1287, '2019-12-06 12:58:50', '2019-12-06 12:58:50'),
(1647, '3E9FBB2A-12DC-4550-94C2-40F56658BF88', 23, 'Tyre', 43, 10, 'Add 1', 972, 371403389, 1288, '2019-12-06 13:31:59', '2019-12-06 13:31:59'),
(1648, '3E9FBB2A-12DC-4550-94C2-40F56658BF88', 23, 'Tyre', 43, 10, 'Add 1', 973, 728649545, 1289, '2019-12-06 13:38:37', '2019-12-06 13:38:37'),
(1649, 'F1B8C40B-FA11-496A-9C16-F9C632ECEBAB', 20, 'Specialized Carbon Robaix', 27, 8, 'CrossCafe', 1552, 700721668, 1290, '2019-12-06 15:51:35', '2019-12-06 15:51:35'),
(1650, 'F1B8C40B-FA11-496A-9C16-F9C632ECEBAB', 20, 'Specialized Carbon Robaix', 27, 8, 'CrossCafe', 1552, 700721668, 1291, '2019-12-06 16:04:22', '2019-12-06 16:04:22'),
(1651, 'F1B8C40B-FA11-496A-9C16-F9C632ECEBAB', 62, 'Freewheeling Cruiser', 56, 8, 'Freewheeling Japan', 1613, 49535733, 1292, '2019-12-06 16:15:38', '2019-12-06 16:15:38'),
(1652, 'F1B8C40B-FA11-496A-9C16-F9C632ECEBAB', 44, 'Surley Longhaul Trucker', 50, 17, 'Above Bike Store', 1275, 178777982, 1293, '2019-12-07 03:53:38', '2019-12-07 03:53:38'),
(1653, 'F1B8C40B-FA11-496A-9C16-F9C632ECEBAB', 20, 'Specialized Carbon Robaix', 27, 8, 'CrossCafe', 1552, 700721668, 1294, '2019-12-11 08:11:02', '2019-12-11 08:11:02'),
(1654, 'F1B8C40B-FA11-496A-9C16-F9C632ECEBAB', 47, 'Astuto Carbon Adventure 650b', 32, 8, 'AstutoCC Kiyru', 1295, 177768832, 1295, '2019-12-17 09:25:18', '2019-12-17 09:25:18'),
(1655, 'F1B8C40B-FA11-496A-9C16-F9C632ECEBAB', 20, 'Specialized Carbon Robaix', 27, 8, 'CrossCafe', 1552, 700721668, 1296, '2019-12-18 04:25:15', '2019-12-18 04:25:15'),
(1656, '', 0, '', 2, 0, 'depot-2', 0, 0, 1297, '2019-12-18 09:17:28', '2019-12-18 09:17:28'),
(1657, 'lMpGp71PktBbBbQJkqRct6sVB6i2p5QHuK9B6DyQ', 23, 'Tyre', 43, 10, 'Add 1', 972, 371403389, 1298, '2019-12-19 09:03:31', '2019-12-19 09:03:31'),
(1658, 'lMpGp71PktBbBbQJkqRct6sVB6i2p5QHuK9B6DyQ', 41, 'RC001', 43, 10, 'Add 1', 1204, 924302970, 1298, '2019-12-19 09:03:31', '2019-12-19 09:03:31'),
(1659, 'lMpGp71PktBbBbQJkqRct6sVB6i2p5QHuK9B6DyQ', 41, 'RC001', 43, 10, 'Add 1', 1205, 979990144, 1299, '2019-12-19 09:15:52', '2019-12-19 09:15:52'),
(1660, 'lMpGp71PktBbBbQJkqRct6sVB6i2p5QHuK9B6DyQ', 45, '1122', 43, 10, 'Add 1', 1284, 525658951, 1299, '2019-12-19 09:15:52', '2019-12-19 09:15:52'),
(1661, 'g0xjY0YTRGI7pQ9agoUNYuAzcwZWXhtMvSU2qoUM', 14, 'Yamaha 250DC', 29, 10, 'Rana Mehmood', 150, 315254199, 1300, '2019-12-19 09:18:20', '2019-12-19 09:18:20'),
(1662, 'lMpGp71PktBbBbQJkqRct6sVB6i2p5QHuK9B6DyQ', 59, 'Testtttt', 43, 10, 'Add 1', 1583, 133766865, 1301, '2019-12-19 09:37:45', '2019-12-19 09:37:45'),
(1663, 'lMpGp71PktBbBbQJkqRct6sVB6i2p5QHuK9B6DyQ', 23, 'Tyre', 43, 10, 'Add 1', 973, 728649545, 1301, '2019-12-19 09:37:45', '2019-12-19 09:37:45'),
(1664, 'gdvESUdvpUpAEo4tvn60uDR8PsXSdKutSIpcj85V', 51, 'Testttd', 43, 10, 'Add 1', 1477, 857668699, 1302, '2019-12-19 11:17:26', '2019-12-19 11:17:26'),
(1665, 'gdvESUdvpUpAEo4tvn60uDR8PsXSdKutSIpcj85V', 41, 'RC001', 43, 10, 'Add 1', 1206, 607376708, 1302, '2019-12-19 11:17:26', '2019-12-19 11:17:26'),
(1666, '1FA6BB4C-5A26-45AD-AB9C-D08076E91C9C', 20, 'Specialized Carbon Robaix', 27, 8, 'CrossCafe', 1552, 700721668, 1303, '2019-12-23 09:59:04', '2019-12-23 09:59:04'),
(1667, '1FA6BB4C-5A26-45AD-AB9C-D08076E91C9C', 19, 'TC3 Carbon Roadbike', 51, 8, 'Tokyo American Club', 1463, 111871483, 1304, '2019-12-23 10:22:30', '2019-12-23 10:22:30'),
(1668, '1FA6BB4C-5A26-45AD-AB9C-D08076E91C9C', 19, 'TC3 Carbon Roadbike', 51, 8, 'Tokyo American Club', 1463, 111871483, 1305, '2019-12-23 10:25:23', '2019-12-23 10:25:23'),
(1669, '1FA6BB4C-5A26-45AD-AB9C-D08076E91C9C', 43, 'Astuto SL88 Carbon Roadbike', 49, 8, 'Grand Hyatt Tokyo', 1267, 369617677, 1306, '2019-12-23 10:35:27', '2019-12-23 10:35:27'),
(1670, 'C8C7B50B-C0BE-404F-922D-76B84DC47755', 29, 'plaaas', 36, 9, 'Gujranwala Depot', 947, 215903094, 1307, '2019-12-23 12:43:41', '2019-12-23 12:43:41'),
(1671, '67589E55-BF4E-4AF0-8EC9-68DB61F2E0D7', 23, 'Tyre', 43, 10, 'Add 1', 973, 728649545, 1308, '2019-12-26 11:44:26', '2019-12-26 11:44:26'),
(1672, '67589E55-BF4E-4AF0-8EC9-68DB61F2E0D7', 23, 'Tyre', 43, 10, 'Add 1', 973, 728649545, 1309, '2019-12-26 12:07:48', '2019-12-26 12:07:48'),
(1673, '67589E55-BF4E-4AF0-8EC9-68DB61F2E0D7', 41, 'RC001', 43, 10, 'Add 1', 1204, 924302970, 1310, '2019-12-26 12:26:47', '2019-12-26 12:26:47'),
(1674, '67589E55-BF4E-4AF0-8EC9-68DB61F2E0D7', 41, 'RC001', 43, 10, 'Add 1', 1205, 979990144, 1311, '2019-12-26 12:33:33', '2019-12-26 12:33:33'),
(1675, '67589E55-BF4E-4AF0-8EC9-68DB61F2E0D7', 23, 'Tyre', 43, 10, 'Add 1', 972, 371403389, 1312, '2019-12-26 12:39:37', '2019-12-26 12:39:37'),
(1676, '67589E55-BF4E-4AF0-8EC9-68DB61F2E0D7', 41, 'RC001', 43, 10, 'Add 1', 1204, 924302970, 1313, '2019-12-26 12:43:11', '2019-12-26 12:43:11'),
(1677, '67589E55-BF4E-4AF0-8EC9-68DB61F2E0D7', 41, 'RC001', 43, 10, 'Add 1', 1205, 979990144, 1314, '2019-12-26 12:47:03', '2019-12-26 12:47:03'),
(1678, '67589E55-BF4E-4AF0-8EC9-68DB61F2E0D7', 23, 'Tyre', 43, 10, 'Add 1', 972, 371403389, 1315, '2019-12-26 12:51:25', '2019-12-26 12:51:25'),
(1679, '67589E55-BF4E-4AF0-8EC9-68DB61F2E0D7', 23, 'Tyre', 43, 10, 'Add 1', 973, 728649545, 1316, '2019-12-26 12:54:09', '2019-12-26 12:54:09'),
(1685, 'CD13200D-81BC-46FE-BFF9-339F8216A89C', 20, 'Specialized Carbon Robaix', 27, 8, 'CrossCafe', 1552, 700721668, 1322, '2019-12-26 13:58:36', '2019-12-26 13:58:36'),
(1687, 'CD13200D-81BC-46FE-BFF9-339F8216A89C', 20, 'Specialized Carbon Robaix', 27, 8, 'CrossCafe', 1552, 700721668, 1324, '2019-12-26 14:03:16', '2019-12-26 14:03:16'),
(1689, '67589E55-BF4E-4AF0-8EC9-68DB61F2E0D7', 41, 'RC001', 43, 10, 'Add 1', 1204, 924302970, 1326, '2019-12-26 14:10:21', '2019-12-26 14:10:21'),
(1694, '2AC76154-98FA-4977-AE49-D018D5DE60B6', 41, 'RC001', 43, 10, 'Add 1', 1204, 924302970, 1331, '2019-12-26 14:38:26', '2019-12-26 14:38:26'),
(1695, 'AF33AA42-A3BF-4528-BFF7-42F5B5B44C92', 23, 'Tyre', 43, 10, 'Add 1', 973, 728649545, 1332, '2019-12-26 14:41:06', '2019-12-26 14:41:06'),
(1696, 'AF33AA42-A3BF-4528-BFF7-42F5B5B44C92', 60, 'Ahmed', 54, 2, 'Hadi', 1593, 92117558, 1333, '2019-12-26 14:43:44', '2019-12-26 14:43:44'),
(1697, 'AF33AA42-A3BF-4528-BFF7-42F5B5B44C92', 60, 'Ahmed', 54, 2, 'Hadi', 1594, 315197371, 1334, '2019-12-26 15:01:13', '2019-12-26 15:01:13'),
(1698, '33363942-F7B6-4B6A-A8F5-8F4E45FCD79A', 23, 'Tyre', 43, 10, 'Add 1', 972, 371403389, 1335, '2019-12-27 06:32:35', '2019-12-27 06:32:35'),
(1699, '33363942-F7B6-4B6A-A8F5-8F4E45FCD79A', 23, 'Tyre', 43, 10, 'Add 1', 972, 371403389, 1336, '2019-12-27 06:34:49', '2019-12-27 06:34:49'),
(1700, '33363942-F7B6-4B6A-A8F5-8F4E45FCD79A', 23, 'Tyre', 43, 10, 'Add 1', 973, 728649545, 1337, '2019-12-27 06:44:11', '2019-12-27 06:44:11'),
(1701, '33363942-F7B6-4B6A-A8F5-8F4E45FCD79A', 41, 'RC001', 43, 10, 'Add 1', 1204, 924302970, 1338, '2019-12-27 06:44:24', '2019-12-27 06:44:24'),
(1702, '33363942-F7B6-4B6A-A8F5-8F4E45FCD79A', 41, 'RC001', 43, 10, 'Add 1', 1205, 979990144, 1339, '2019-12-27 06:48:33', '2019-12-27 06:48:33'),
(1703, '33363942-F7B6-4B6A-A8F5-8F4E45FCD79A', 23, 'Tyre', 43, 10, 'Add 1', 972, 371403389, 1340, '2019-12-30 11:01:40', '2019-12-30 11:01:40'),
(1704, '33363942-F7B6-4B6A-A8F5-8F4E45FCD79A', 41, 'RC001', 43, 10, 'Add 1', 1204, 924302970, 1341, '2019-12-30 11:07:48', '2019-12-30 11:07:48'),
(1705, 'E7A70138-0DE3-41AE-9E97-03ABBD93105E', 20, 'Specialized Carbon Robaix', 27, 8, 'CrossCafe', 1552, 700721668, 1342, '2020-01-03 12:31:49', '2020-01-03 12:31:49'),
(1706, 'E7A70138-0DE3-41AE-9E97-03ABBD93105E', 20, 'Specialized Carbon Robaix', 27, 8, 'CrossCafe', 1552, 700721668, 1343, '2020-01-03 12:39:31', '2020-01-03 12:39:31'),
(1707, 'E7A70138-0DE3-41AE-9E97-03ABBD93105E', 20, 'Specialized Carbon Robaix', 27, 8, 'CrossCafe', 1552, 700721668, 1344, '2020-01-03 12:43:17', '2020-01-03 12:43:17'),
(1708, 'E7A70138-0DE3-41AE-9E97-03ABBD93105E', 20, 'Specialized Carbon Robaix', 27, 8, 'CrossCafe', 1552, 700721668, 1345, '2020-01-03 12:47:37', '2020-01-03 12:47:37'),
(1709, 'C8C7B50B-C0BE-404F-922D-76B84DC47755', 29, 'plaaas', 36, 9, 'Gujranwala Depot', 947, 215903094, 1346, '2020-01-03 13:14:32', '2020-01-03 13:14:32'),
(1710, 'C8C7B50B-C0BE-404F-922D-76B84DC47755', 29, 'plaaas', 36, 9, 'Gujranwala Depot', 948, 228269578, 1347, '2020-01-03 13:31:49', '2020-01-03 13:31:49'),
(1711, '43FED0BC-681B-4308-BB6B-3F6C72328C90', 14, 'Yamaha 250DC', 29, 10, 'Rana Mehmood', 150, 315254199, 1348, '2020-01-08 13:01:54', '2020-01-08 13:01:54'),
(1712, '43FED0BC-681B-4308-BB6B-3F6C72328C90', 14, 'Yamaha 250DC', 29, 10, 'Rana Mehmood', 150, 315254199, 1349, '2020-01-08 13:15:34', '2020-01-08 13:15:34'),
(1713, '43FED0BC-681B-4308-BB6B-3F6C72328C90', 14, 'Yamaha 250DC', 29, 10, 'Rana Mehmood', 151, 259227363, 1350, '2020-01-08 13:21:00', '2020-01-08 13:21:00'),
(1714, '43FED0BC-681B-4308-BB6B-3F6C72328C90', 14, 'Yamaha 250DC', 29, 10, 'Rana Mehmood', 150, 315254199, 1351, '2020-01-08 13:22:40', '2020-01-08 13:22:40'),
(1715, '43FED0BC-681B-4308-BB6B-3F6C72328C90', 14, 'Yamaha 250DC', 29, 10, 'Rana Mehmood', 151, 259227363, 1352, '2020-01-08 13:25:37', '2020-01-08 13:25:37'),
(1717, '43FED0BC-681B-4308-BB6B-3F6C72328C90', 14, 'Yamaha 250DC', 29, 10, 'Rana Mehmood', 151, 259227363, 1354, '2020-01-08 13:27:57', '2020-01-08 13:27:57'),
(1718, '43FED0BC-681B-4308-BB6B-3F6C72328C90', 14, 'Yamaha 250DC', 29, 10, 'Rana Mehmood', 152, 757743088, 1355, '2020-01-08 13:28:00', '2020-01-08 13:28:00'),
(1719, '43FED0BC-681B-4308-BB6B-3F6C72328C90', 14, 'Yamaha 250DC', 29, 10, 'Rana Mehmood', 153, 751780659, 1356, '2020-01-08 13:30:53', '2020-01-08 13:30:53'),
(1720, '43FED0BC-681B-4308-BB6B-3F6C72328C90', 14, 'Yamaha 250DC', 29, 10, 'Rana Mehmood', 154, 80725142, 1357, '2020-01-08 13:31:00', '2020-01-08 13:31:00'),
(1721, '', 0, '', 2, 0, 'Depot-2', 0, 0, 1358, '2020-01-09 08:30:21', '2020-01-09 08:30:21'),
(1722, '', 0, '', 31, 0, 'Rana Mahmood', 0, 0, 1359, '2020-01-09 08:33:04', '2020-01-09 08:33:04'),
(1723, '', 0, '', 31, 0, 'Rana Mahmood', 0, 0, 1360, '2020-01-09 08:36:10', '2020-01-09 08:36:10'),
(1724, '', 0, '', 31, 0, 'Rana Mahmood', 0, 0, 1361, '2020-01-09 08:47:21', '2020-01-09 08:47:21'),
(1725, 'l4MqABtUDVMO8u5PyPzFWeHx8AAEnn2Q25mQTO1p', 51, 'Testttd', 43, 10, 'Add 1', 1477, 857668699, 1362, '2020-01-09 09:04:38', '2020-01-09 09:04:38'),
(1726, 'l4MqABtUDVMO8u5PyPzFWeHx8AAEnn2Q25mQTO1p', 51, 'Testttd', 43, 10, 'Add 1', 1478, 941017627, 1362, '2020-01-09 09:04:38', '2020-01-09 09:04:38'),
(1727, '', 0, '', 2, 0, 'depot-2', 0, 0, 1363, '2020-01-14 12:40:14', '2020-01-14 12:40:14'),
(1728, '', 0, '', 2, 0, 'depot-2', 0, 0, 1364, '2020-01-14 12:41:39', '2020-01-14 12:41:39'),
(1729, '', 0, '', 2, 0, 'depot-2', 0, 0, 1365, '2020-01-14 12:42:55', '2020-01-14 12:42:55'),
(1730, '', 0, '', 2, 0, 'depot-2', 0, 0, 1366, '2020-01-14 12:43:26', '2020-01-14 12:43:26'),
(1731, '', 0, '', 2, 0, 'depot-2', 0, 0, 1367, '2020-01-14 13:04:24', '2020-01-14 13:04:24'),
(1732, '402', 10, 'New Resource for 001', 1, 5, 'Depot-1', 1629, 271136222, 1368, '2020-01-14 13:08:10', '2020-01-14 13:08:10'),
(1733, '402', 10, 'New Resource for 001', 1, 9, 'Depot-1', 1630, 244277798, 1369, '2020-01-14 13:09:49', '2020-01-14 13:09:49'),
(1734, '402', 10, 'New Resource for 001', 1, 9, 'Depot-1', 1631, 504603471, 1370, '2020-01-14 13:10:36', '2020-01-14 13:10:36'),
(1735, '402', 10, 'New Resource for 001', 1, 9, 'Depot-1', 1632, 82252798, 1371, '2020-01-14 13:13:22', '2020-01-14 13:13:22'),
(1736, '402', 10, 'New Resource for 001', 1, 9, 'Depot-1', 1629, 271136222, 1372, '2020-01-14 13:17:16', '2020-01-14 13:17:16'),
(1737, '402', 10, 'New Resource for 001', 1, 9, 'Depot-1', 1630, 244277798, 1373, '2020-01-14 13:23:42', '2020-01-14 13:23:42'),
(1738, '402', 10, 'New Resource for 001', 1, 9, 'Depot-1', 1631, 504603471, 1374, '2020-01-14 13:33:59', '2020-01-14 13:33:59'),
(1739, '402', 10, 'New Resource for 001', 1, 9, 'Depot-1', 1632, 82252798, 1375, '2020-01-14 13:34:57', '2020-01-14 13:34:57'),
(1740, '402', 10, 'New Resource for 001', 1, 9, 'Depot-1', 1633, 361237534, 1376, '2020-01-14 13:35:14', '2020-01-14 13:35:14'),
(1741, '402', 10, 'New Resource for 001', 1, 9, 'Depot-1', 1634, 377017236, 1377, '2020-01-14 13:35:17', '2020-01-14 13:35:17'),
(1742, '402', 10, 'New Resource for 001', 1, 9, 'Depot-1', 1635, 815251877, 1378, '2020-01-14 13:37:30', '2020-01-14 13:37:30'),
(1743, '', 0, '', 2, 0, 'depot-2', 0, 0, 1379, '2020-01-14 13:40:15', '2020-01-14 13:40:15'),
(1744, '402', 10, 'New Resource for 001', 1, 9, 'Depot-1', 1629, 271136222, 1380, '2020-01-14 13:41:17', '2020-01-14 13:41:17'),
(1745, '402', 10, 'New Resource for 001', 1, 9, 'Depot-1', 1630, 244277798, 1381, '2020-01-14 13:43:46', '2020-01-14 13:43:46'),
(1746, 'A1MraM6BFltF63DtFl5rUMWRgYGv8iNbciNHI4Yi', 51, 'Testttd', 43, 10, 'Add 1', 1477, 857668699, 1382, '2020-01-14 14:07:38', '2020-01-14 14:07:38'),
(1747, 'A1MraM6BFltF63DtFl5rUMWRgYGv8iNbciNHI4Yi', 51, 'Testttd', 43, 10, 'Add 1', 1478, 941017627, 1382, '2020-01-14 14:07:38', '2020-01-14 14:07:38'),
(1748, '402', 10, 'New Resource for 001', 1, 9, 'Depot-1', 1629, 271136222, 1383, '2020-01-15 05:48:56', '2020-01-15 05:48:56'),
(1749, '402', 10, 'New Resource for 001', 1, 9, 'Depot-1', 1630, 244277798, 1384, '2020-01-15 05:53:14', '2020-01-15 05:53:14'),
(1750, '402', 10, 'New Resource for 001', 1, 9, 'Depot-1', 1631, 504603471, 1385, '2020-01-15 05:57:47', '2020-01-15 05:57:47'),
(1751, '402', 10, 'New Resource for 001', 1, 9, 'Depot-1', 1632, 82252798, 1386, '2020-01-15 05:59:21', '2020-01-15 05:59:21'),
(1752, '402', 10, 'New Resource for 001', 1, 9, 'Depot-1', 1633, 361237534, 1387, '2020-01-15 06:01:10', '2020-01-15 06:01:10'),
(1753, '402', 10, 'New Resource for 001', 1, 9, 'Depot-1', 1634, 377017236, 1388, '2020-01-15 06:36:34', '2020-01-15 06:36:34'),
(1754, '402', 10, 'New Resource for 001', 1, 9, 'Depot-1', 1635, 815251877, 1389, '2020-01-15 06:40:09', '2020-01-15 06:40:09'),
(1755, '', 0, '', 2, 0, 'depot-2', 0, 0, 1390, '2020-01-15 06:47:27', '2020-01-15 06:47:27'),
(1756, '402', 10, 'New Resource for 001', 1, 9, 'Depot-1', 1629, 271136222, 1391, '2020-01-15 06:48:35', '2020-01-15 06:48:35'),
(1757, '402', 10, 'New Resource for 001', 1, 9, 'Depot-1', 1630, 244277798, 1392, '2020-01-15 06:52:57', '2020-01-15 06:52:57'),
(1758, '402', 10, 'New Resource for 001', 1, 9, 'Depot-1', 1631, 504603471, 1393, '2020-01-15 06:53:25', '2020-01-15 06:53:25'),
(1759, '402', 10, 'New Resource for 001', 1, 9, 'Depot-1', 1632, 82252798, 1394, '2020-01-15 07:04:12', '2020-01-15 07:04:12'),
(1760, '402', 10, 'New Resource for 001', 1, 9, 'Depot-1', 1633, 361237534, 1395, '2020-01-15 07:05:15', '2020-01-15 07:05:15'),
(1761, '402', 10, 'New Resource for 001', 1, 9, 'Depot-1', 1634, 377017236, 1396, '2020-01-15 07:09:27', '2020-01-15 07:09:27'),
(1762, '402', 10, 'New Resource for 001', 1, 9, 'Depot-1', 1635, 815251877, 1397, '2020-01-15 07:44:19', '2020-01-15 07:44:19'),
(1764, '2AC76154-98FA-4977-AE49-D018D5DE60B6', 14, 'Yamaha 250DC', 29, 10, 'Rana Mehmood', 150, 315254199, 1399, '2020-01-16 09:44:53', '2020-01-16 09:44:53'),
(1765, '2AC76154-98FA-4977-AE49-D018D5DE60B6', 14, 'Yamaha 250DC', 29, 10, 'Rana Mehmood', 151, 259227363, 1400, '2020-01-16 09:49:14', '2020-01-16 09:49:14'),
(1766, '', 0, '', 29, 0, 'Rana Mehmood', 0, 0, 1401, '2020-01-16 09:51:25', '2020-01-16 09:51:25'),
(1767, '2AC76154-98FA-4977-AE49-D018D5DE60B6', 14, 'Yamaha 250DC', 29, 10, 'Rana Mehmood', 150, 315254199, 1402, '2020-01-16 09:59:48', '2020-01-16 09:59:48'),
(1768, '182EFD9C-CC76-4EDE-AA90-119649EAC853', 18, 'test', 33, 2, 'Test Depot', 170, 677539834, 1403, '2020-01-16 10:37:28', '2020-01-16 10:37:28'),
(1769, '182EFD9C-CC76-4EDE-AA90-119649EAC853', 14, 'Yamaha 250DC', 29, 10, 'Rana Mehmood', 151, 259227363, 1404, '2020-01-16 11:27:17', '2020-01-16 11:27:17'),
(1770, '182EFD9C-CC76-4EDE-AA90-119649EAC853', 14, 'Yamaha 250DC', 29, 10, 'Rana Mehmood', 152, 757743088, 1405, '2020-01-16 11:32:38', '2020-01-16 11:32:38'),
(1771, '182EFD9C-CC76-4EDE-AA90-119649EAC853', 14, 'Yamaha 250DC', 29, 10, 'Rana Mehmood', 150, 315254199, 1406, '2020-01-16 11:36:54', '2020-01-16 11:36:54'),
(1772, '182EFD9C-CC76-4EDE-AA90-119649EAC853', 14, 'Yamaha 250DC', 29, 10, 'Rana Mehmood', 153, 751780659, 1407, '2020-01-16 11:41:03', '2020-01-16 11:41:03'),
(1773, '182EFD9C-CC76-4EDE-AA90-119649EAC853', 14, 'Yamaha 250DC', 29, 10, 'Rana Mehmood', 151, 259227363, 1408, '2020-01-16 11:47:11', '2020-01-16 11:47:11'),
(1774, '182EFD9C-CC76-4EDE-AA90-119649EAC853', 14, 'Yamaha 250DC', 29, 10, 'Rana Mehmood', 150, 315254199, 1409, '2020-01-16 11:52:55', '2020-01-16 11:52:55'),
(1775, '182EFD9C-CC76-4EDE-AA90-119649EAC853', 60, 'Ahmed', 54, 2, 'Hadi', 1593, 92117558, 1410, '2020-01-16 12:04:10', '2020-01-16 12:04:10'),
(1776, '182EFD9C-CC76-4EDE-AA90-119649EAC853', 14, 'Yamaha 250DC', 29, 10, 'Rana Mehmood', 150, 315254199, 1411, '2020-01-16 12:10:13', '2020-01-16 12:10:13'),
(1777, '182EFD9C-CC76-4EDE-AA90-119649EAC853', 14, 'Yamaha 250DC', 29, 10, 'Rana Mehmood', 150, 315254199, 1412, '2020-01-16 12:20:41', '2020-01-16 12:20:41'),
(1778, '182EFD9C-CC76-4EDE-AA90-119649EAC853', 14, 'Yamaha 250DC', 29, 10, 'Rana Mehmood', 150, 315254199, 1413, '2020-01-16 12:25:27', '2020-01-16 12:25:27'),
(1779, '182EFD9C-CC76-4EDE-AA90-119649EAC853', 14, 'Yamaha 250DC', 29, 10, 'Rana Mehmood', 151, 259227363, 1414, '2020-01-16 12:31:40', '2020-01-16 12:31:40'),
(1780, '', 0, '', 29, 0, 'Rana Mehmood', 0, 0, 1415, '2020-01-16 12:34:20', '2020-01-16 12:34:20'),
(1781, '182EFD9C-CC76-4EDE-AA90-119649EAC853', 14, 'Yamaha 250DC', 29, 10, 'Rana Mehmood', 152, 757743088, 1416, '2020-01-16 12:35:16', '2020-01-16 12:35:16'),
(1783, '182EFD9C-CC76-4EDE-AA90-119649EAC853', 14, 'Yamaha 250DC', 29, 10, 'Rana Mehmood', 150, 315254199, 1418, '2020-01-16 13:19:18', '2020-01-16 13:19:18'),
(1784, '', 0, '', 43, 0, 'Add 1', 0, 0, 1419, '2020-01-16 13:43:31', '2020-01-16 13:43:31'),
(1785, 'E8984505-EB6C-459F-A9F5-ED1F748D93B8', 20, 'Specialized Carbon Robaix', 27, 8, 'CrossCafe', 1552, 700721668, 1420, '2020-01-17 00:04:10', '2020-01-17 00:04:10'),
(1786, '182EFD9C-CC76-4EDE-AA90-119649EAC853', 14, 'Yamaha 250DC', 29, 10, 'Rana Mehmood', 150, 315254199, 1421, '2020-01-17 06:09:16', '2020-01-17 06:09:16'),
(1787, '56A5C299-DD65-4AB3-8ACD-61101A017A93', 20, 'Specialized Carbon Robaix', 27, 8, 'CrossCafe', 1552, 700721668, 1422, '2020-01-17 11:16:29', '2020-01-17 11:16:29'),
(1788, 'vGm9rPgIwZwNV7UZtI0GEGzfVPY6zwUhe8cVye2V', 30, 'cycle', 1, 2, 'Depot-1', 951, 309699585, 1423, '2020-01-30 15:36:40', '2020-01-30 15:36:40'),
(1789, 'vGm9rPgIwZwNV7UZtI0GEGzfVPY6zwUhe8cVye2V', 30, 'cycle', 1, 2, 'Depot-1', 952, 482916648, 1423, '2020-01-30 15:36:40', '2020-01-30 15:36:40'),
(1790, 'vGm9rPgIwZwNV7UZtI0GEGzfVPY6zwUhe8cVye2V', 35, 'cycle', 1, 2, 'Depot-1', 1043, 686412420, 1423, '2020-01-30 15:36:40', '2020-01-30 15:36:40'),
(1791, 'D2oBID7AMLy3zsDDPpZMdaN6fJdQ3CqXWFF9yKPB', 14, 'Yamaha 250DC', 29, 10, 'Rana Mehmood', 150, 315254199, 1424, '2020-01-30 16:02:58', '2020-01-30 16:02:58'),
(1792, '0CB5ABBA-43EE-47C1-82AE-600A430B2775', 29, 'plaaas', 36, 9, 'Gujranwala Depot', 947, 215903094, 1425, '2020-02-03 13:05:19', '2020-02-03 13:05:19'),
(1793, '0CB5ABBA-43EE-47C1-82AE-600A430B2775', 29, 'plaaas', 36, 9, 'Gujranwala Depot', 947, 215903094, 1426, '2020-02-03 13:18:47', '2020-02-03 13:18:47'),
(1794, '0CB5ABBA-43EE-47C1-82AE-600A430B2775', 29, 'plaaas', 36, 9, 'Gujranwala Depot', 948, 228269578, 1427, '2020-02-03 13:50:08', '2020-02-03 13:50:08'),
(1795, '0CB5ABBA-43EE-47C1-82AE-600A430B2775', 29, 'plaaas', 36, 9, 'Gujranwala Depot', 949, 234319802, 1428, '2020-02-03 14:03:39', '2020-02-03 14:03:39'),
(1796, '0CB5ABBA-43EE-47C1-82AE-600A430B2775', 29, 'plaaas', 36, 9, 'Gujranwala Depot', 947, 215903094, 1429, '2020-02-03 14:23:46', '2020-02-03 14:23:46'),
(1797, '0CB5ABBA-43EE-47C1-82AE-600A430B2775', 29, 'plaaas', 36, 9, 'Gujranwala Depot', 950, 137212512, 1430, '2020-02-03 14:40:01', '2020-02-03 14:40:01'),
(1798, '4CBA2B09-01BD-44D3-9B9B-D7B59660ADD3', 20, 'Specialized Carbon Robaix', 27, 8, 'CrossCafe', 1552, 700721668, 1431, '2020-02-03 19:45:10', '2020-02-03 19:45:10'),
(1799, '4CBA2B09-01BD-44D3-9B9B-D7B59660ADD3', 20, 'Specialized Carbon Robaix', 27, 8, 'CrossCafe', 1552, 700721668, 1432, '2020-02-03 19:54:47', '2020-02-03 19:54:47'),
(1800, 'p0OS7BCMC85YA0Dd8xNYj3WOITfKGAg1RWW48AbW', 51, 'Testttd', 43, 10, 'Add 1', 1477, 857668699, 1433, '2020-02-04 10:59:55', '2020-02-04 10:59:55'),
(1801, 'p0OS7BCMC85YA0Dd8xNYj3WOITfKGAg1RWW48AbW', 51, 'Testttd', 43, 10, 'Add 1', 1478, 941017627, 1433, '2020-02-04 10:59:55', '2020-02-04 10:59:55'),
(1802, 'p0OS7BCMC85YA0Dd8xNYj3WOITfKGAg1RWW48AbW', 51, 'Testttd', 43, 10, 'Add 1', 1479, 266146177, 1433, '2020-02-04 10:59:55', '2020-02-04 10:59:55'),
(1803, 'p0OS7BCMC85YA0Dd8xNYj3WOITfKGAg1RWW48AbW', 51, 'Testttd', 43, 10, 'Add 1', 1480, 922269725, 1433, '2020-02-04 10:59:55', '2020-02-04 10:59:55'),
(1804, '2AC76154-98FA-4977-AE49-D018D5DE60B6', 23, 'Tyre', 43, 10, 'Add 1', 972, 371403389, 1434, '2020-02-06 10:07:16', '2020-02-06 10:07:16');
INSERT INTO `order_details` (`id`, `device_id`, `res_id`, `res_name`, `depot_id`, `agent_id`, `depot_name`, `res_qty_id`, `uid`, `order_id`, `created_at`, `updated_at`) VALUES
(1805, 'N7OWwFyYm3Ve91kU08ODbiWl6VZR3RIUSble7V2c', 10, 'zaid resource', 28, 9, 'zaiddepo', 1629, 271136222, 1435, '2020-02-07 10:08:48', '2020-02-07 10:08:48'),
(1806, 'N7OWwFyYm3Ve91kU08ODbiWl6VZR3RIUSble7V2c', 10, 'zaid resource', 28, 9, 'zaiddepo', 1630, 244277798, 1435, '2020-02-07 10:08:48', '2020-02-07 10:08:48'),
(1807, 'N7OWwFyYm3Ve91kU08ODbiWl6VZR3RIUSble7V2c', 15, 'zaid2', 28, 9, 'zaiddepo', 74, 819053079, 1435, '2020-02-07 10:08:48', '2020-02-07 10:08:48'),
(1808, 'C3BB759D-9DE5-430D-86A1-8BD2F0001684', 23, 'Tyre', 43, 10, 'Add 1', 972, 371403389, 1436, '2020-04-30 06:56:16', '2020-04-30 06:56:16'),
(1811, '12792C4F-BD68-4466-8A97-CB319C77363C', 30, 'cycle', 1, 2, 'Depot-1', 951, 309699585, 1439, '2020-05-05 07:58:24', '2020-05-05 07:58:24'),
(1813, '8E395AEC-E8D1-466F-8A22-084EE41862A1', 51, 'Testttd', 43, 10, 'Add 1', 1477, 857668699, 1441, '2020-05-05 08:37:44', '2020-05-05 08:37:44'),
(1814, '8E395AEC-E8D1-466F-8A22-084EE41862A1', 51, 'Testttd', 43, 10, 'Add 1', 1478, 941017627, 1442, '2020-05-05 08:38:13', '2020-05-05 08:38:13'),
(1815, 'D879AB92-85F2-4B90-931E-21BB431FF54F', 30, 'cycle', 1, 2, 'Depot-1', 952, 482916648, 1443, '2020-05-05 08:50:00', '2020-05-05 08:50:00'),
(1817, '52B43C05-D255-4E1C-A57B-391D7A1D0BC5', 20, 'Specialized Carbon Robaix', 27, 8, 'CrossCafe', 1552, 700721668, 1445, '2020-05-07 05:33:16', '2020-05-07 05:33:16'),
(1818, '52B43C05-D255-4E1C-A57B-391D7A1D0BC5', 20, 'Specialized Carbon Robaix', 27, 8, 'CrossCafe', 1552, 700721668, 1446, '2020-05-07 05:36:47', '2020-05-07 05:36:47'),
(1819, '52B43C05-D255-4E1C-A57B-391D7A1D0BC5', 20, 'Specialized Carbon Robaix', 27, 8, 'CrossCafe', 1552, 700721668, 1447, '2020-05-07 07:10:45', '2020-05-07 07:10:45'),
(1820, 'E2144B4D-107E-4EA5-8EAF-9EC24F387AE8', 20, 'Specialized Carbon Robaix', 27, 8, 'CrossCafe', 1552, 700721668, 1448, '2020-05-08 04:05:21', '2020-05-08 04:05:21'),
(1821, '12792C4F-BD68-4466-8A97-CB319C77363C', 30, 'cycle', 1, 2, 'Depot-1', 951, 309699585, 1449, '2020-05-08 06:04:56', '2020-05-08 06:04:56'),
(1822, '12792C4F-BD68-4466-8A97-CB319C77363C', 30, 'cycle', 1, 2, 'Depot-1', 952, 482916648, 1450, '2020-05-08 06:05:55', '2020-05-08 06:05:55'),
(1823, '12792C4F-BD68-4466-8A97-CB319C77363C', 30, 'cycle', 1, 2, 'Depot-1', 952, 482916648, 1451, '2020-05-11 05:52:26', '2020-05-11 05:52:26'),
(1824, '12792C4F-BD68-4466-8A97-CB319C77363C', 30, 'cycle', 1, 2, 'Depot-1', 951, 309699585, 1452, '2020-05-11 06:01:32', '2020-05-11 06:01:32'),
(1825, '12792C4F-BD68-4466-8A97-CB319C77363C', 30, 'cycle', 1, 2, 'Depot-1', 952, 482916648, 1453, '2020-05-11 06:05:56', '2020-05-11 06:05:56'),
(1826, '12792C4F-BD68-4466-8A97-CB319C77363C', 30, 'cycle', 1, 2, 'Depot-1', 953, 141526140, 1454, '2020-05-11 06:17:16', '2020-05-11 06:17:16'),
(1827, '12792C4F-BD68-4466-8A97-CB319C77363C', 30, 'cycle', 1, 2, 'Depot-1', 951, 309699585, 1455, '2020-05-12 07:55:31', '2020-05-12 07:55:31'),
(1828, 'AC05BEB1-DE69-4AFB-BB24-75602FCEAB58', 30, 'cycle', 1, 2, 'Depot-1', 951, 309699585, 1456, '2020-05-13 04:51:12', '2020-05-13 04:51:12'),
(1829, '12792C4F-BD68-4466-8A97-CB319C77363C', 41, 'RC001', 43, 10, 'Add 1', 1204, 924302970, 1457, '2020-05-15 04:19:17', '2020-05-15 04:19:17'),
(1835, '12792C4F-BD68-4466-8A97-CB319C77363C', 41, 'RC001', 43, 10, 'Add 1', 1204, 924302970, 1463, '2020-05-15 06:10:54', '2020-05-15 06:10:54'),
(1836, '0FCB54A4-1F3C-4832-B9A3-B0928EC2F8C2', 23, 'Tyre', 43, 10, 'Add 1', 972, 371403389, 1464, '2020-05-15 06:27:45', '2020-05-15 06:27:45'),
(1837, '0FCB54A4-1F3C-4832-B9A3-B0928EC2F8C2', 41, 'RC001', 43, 10, 'Add 1', 1205, 979990144, 1465, '2020-05-15 06:32:09', '2020-05-15 06:32:09'),
(1838, '9AC7A029-BECB-4BCC-B91A-A1ACE45C54C1', 44, 'Surley Longhaul Trucker', 50, 17, 'Above Bike Store', 1636, 178777982, 1466, '2020-05-15 22:40:29', '2020-05-15 22:40:29'),
(1839, '0FCB54A4-1F3C-4832-B9A3-B0928EC2F8C2', 41, 'RC001', 43, 10, 'Add 1', 1204, 924302970, 1467, '2020-05-18 04:23:49', '2020-05-18 04:23:49'),
(1841, '0FCB54A4-1F3C-4832-B9A3-B0928EC2F8C2', 41, 'RC001', 43, 10, 'Add 1', 1204, 924302970, 1469, '2020-05-20 04:46:54', '2020-05-20 04:46:54'),
(1842, '0FCB54A4-1F3C-4832-B9A3-B0928EC2F8C2', 41, 'RC001', 43, 10, 'Add 1', 1205, 979990144, 1470, '2020-05-20 05:10:29', '2020-05-20 05:10:29'),
(1844, '0FCB54A4-1F3C-4832-B9A3-B0928EC2F8C2', 23, 'Tyre', 43, 10, 'Add 1', 972, 371403389, 1472, '2020-06-25 09:38:08', '2020-06-25 09:38:08'),
(1845, 'BEEA943D-59A1-409F-856B-4A7372A6EFE3', 23, 'Tyre', 43, 10, 'Add 1', 972, 371403389, 1473, '2020-06-25 09:59:03', '2020-06-25 09:59:03'),
(1847, 'AB6191D7-D4F3-47FE-8BDB-7936F7548A71', 20, 'Specialized Carbon Robaix', 27, 8, 'CrossCafe', 1552, 700721668, 1475, '2020-06-26 08:33:11', '2020-06-26 08:33:11'),
(1848, 'DFjHMjrj7ZMP1aFtTaQaGatM8VeBORH2chkT0tXW', 30, 'cycle', 1, 2, 'Depot-1', 951, 309699585, 1476, '2020-07-07 08:40:30', '2020-07-07 08:40:30'),
(1849, 'DFjHMjrj7ZMP1aFtTaQaGatM8VeBORH2chkT0tXW', 35, 'cycle', 1, 2, 'Depot-1', 1043, 686412420, 1476, '2020-07-07 08:40:30', '2020-07-07 08:40:30'),
(1850, 'DFjHMjrj7ZMP1aFtTaQaGatM8VeBORH2chkT0tXW', 37, 'eeee', 1, 2, 'Depot-1', 1031, 725303181, 1476, '2020-07-07 08:40:30', '2020-07-07 08:40:30'),
(1851, 'DFjHMjrj7ZMP1aFtTaQaGatM8VeBORH2chkT0tXW', 46, 'sds', 1, 2, 'Depot-1', 1289, 149993025, 1476, '2020-07-07 08:40:31', '2020-07-07 08:40:31'),
(1852, 'DFjHMjrj7ZMP1aFtTaQaGatM8VeBORH2chkT0tXW', 50, 'qwe', 1, 2, 'Depot-1', 1464, 535553586, 1476, '2020-07-07 08:40:31', '2020-07-07 08:40:31'),
(1853, 'DFjHMjrj7ZMP1aFtTaQaGatM8VeBORH2chkT0tXW', 52, 'Players', 1, 2, 'Depot-1', 1553, 679998267, 1476, '2020-07-07 08:40:31', '2020-07-07 08:40:31'),
(1854, 'nzaMuq8Avm4QpFLYzoOWrHoiTZypVJYyofpKUv3V', 30, 'cycle', 1, 2, 'Depot-1', 951, 309699585, 1477, '2020-08-18 00:55:23', '2020-08-18 00:55:23'),
(1855, 'nzaMuq8Avm4QpFLYzoOWrHoiTZypVJYyofpKUv3V', 52, 'Players', 1, 2, 'Depot-1', 1553, 679998267, 1477, '2020-08-18 00:55:23', '2020-08-18 00:55:23'),
(1856, 'nzaMuq8Avm4QpFLYzoOWrHoiTZypVJYyofpKUv3V', 116, 'asd', 1, 2, 'Depot-1', 1157, 928871986, 1477, '2020-08-18 00:55:23', '2020-08-18 00:55:23'),
(1857, '3wYMzxNkMOey54b6ATeeOcqGKHKA0VRSvDeYLxHk', 30, 'cycle', 1, 2, 'Depot-1', 952, 482916648, 1478, '2020-08-18 10:05:17', '2020-08-18 10:05:17'),
(1858, '3wYMzxNkMOey54b6ATeeOcqGKHKA0VRSvDeYLxHk', 52, 'Players', 1, 2, 'Depot-1', 1554, 737882064, 1478, '2020-08-18 10:05:17', '2020-08-18 10:05:17'),
(1859, '3wYMzxNkMOey54b6ATeeOcqGKHKA0VRSvDeYLxHk', 116, 'asd', 1, 2, 'Depot-1', 1157, 928871986, 1478, '2020-08-18 10:05:18', '2020-08-18 10:05:18'),
(1860, '3wYMzxNkMOey54b6ATeeOcqGKHKA0VRSvDeYLxHk', 30, 'cycle', 1, 2, 'Depot-1', 953, 141526140, 1479, '2020-08-18 10:39:13', '2020-08-18 10:39:13'),
(1861, '3wYMzxNkMOey54b6ATeeOcqGKHKA0VRSvDeYLxHk', 116, 'asd', 1, 2, 'Depot-1', 1157, 928871986, 1479, '2020-08-18 10:39:13', '2020-08-18 10:39:13'),
(1862, '3wYMzxNkMOey54b6ATeeOcqGKHKA0VRSvDeYLxHk', 52, 'Players', 1, 2, 'Depot-1', 1554, 737882064, 1480, '2020-08-18 10:47:07', '2020-08-18 10:47:07'),
(1863, '3wYMzxNkMOey54b6ATeeOcqGKHKA0VRSvDeYLxHk', 52, 'Players', 1, 2, 'Depot-1', 1555, 727508055, 1481, '2020-08-18 10:54:15', '2020-08-18 10:54:15'),
(1864, '3wYMzxNkMOey54b6ATeeOcqGKHKA0VRSvDeYLxHk', 52, 'Players', 1, 2, 'Depot-1', 1553, 679998267, 1482, '2020-08-18 10:57:07', '2020-08-18 10:57:07'),
(1865, '3wYMzxNkMOey54b6ATeeOcqGKHKA0VRSvDeYLxHk', 37, 'eeee', 1, 2, 'Depot-1', 1031, 725303181, 1483, '2020-08-18 10:58:31', '2020-08-18 10:58:31'),
(1866, '3wYMzxNkMOey54b6ATeeOcqGKHKA0VRSvDeYLxHk', 122, 'New Multiple', 1, 2, 'Depot-1', 1212, 4530873, 1483, '2020-08-18 10:58:31', '2020-08-18 10:58:31'),
(1867, '3wYMzxNkMOey54b6ATeeOcqGKHKA0VRSvDeYLxHk', 123, 'New', 1, 2, 'Depot-1', 1216, 379403940, 1483, '2020-08-18 10:58:32', '2020-08-18 10:58:32'),
(1868, 'y9E8pca2mPVXvYktd3AhYCMAaOSpOleKYRkqdSRE', 30, 'cycle', 1, 2, 'Depot-1', 951, 309699585, 1484, '2020-08-19 01:50:06', '2020-08-19 01:50:06'),
(1869, 'y9E8pca2mPVXvYktd3AhYCMAaOSpOleKYRkqdSRE', 116, 'asd', 1, 2, 'Depot-1', 1157, 928871986, 1484, '2020-08-19 01:50:07', '2020-08-19 01:50:07'),
(1870, '', 0, '', 2, 0, 'depot-2', 0, 0, 1486, '2020-08-24 07:29:38', '2020-08-24 07:29:38'),
(1871, '', 0, '', 2, 0, 'depot-2', 0, 0, 1487, '2020-08-24 07:30:33', '2020-08-24 07:30:33'),
(1872, '', 0, '', 2, 0, 'depot-2', 0, 0, 1488, '2020-08-24 07:32:13', '2020-08-24 07:32:13'),
(1873, '', 0, '', 2, 0, 'depot-2', 0, 0, 1489, '2020-08-24 07:34:20', '2020-08-24 07:34:20'),
(1874, '', 0, '', 2, 0, 'depot-2', 0, 0, 1490, '2020-08-24 07:35:03', '2020-08-24 07:35:03'),
(1875, '', 0, '', 2, 0, 'depot-2', 0, 0, 1491, '2020-08-24 07:35:31', '2020-08-24 07:35:31');

-- --------------------------------------------------------

--
-- Table structure for table `order_shiping_adresses`
--

CREATE TABLE `order_shiping_adresses` (
  `id` int(10) UNSIGNED NOT NULL,
  `hotal_name` varchar(191) COLLATE utf8mb4_unicode_ci DEFAULT NULL,
  `hotal_adress` varchar(191) COLLATE utf8mb4_unicode_ci DEFAULT NULL,
  `reg_guest_name` varchar(191) COLLATE utf8mb4_unicode_ci DEFAULT NULL,
  `hotal_booking_no` varchar(11) COLLATE utf8mb4_unicode_ci DEFAULT NULL,
  `check_in_date` date DEFAULT NULL,
  `check_out_date` date DEFAULT NULL,
  `order_id` int(10) UNSIGNED NOT NULL,
  `lat` varchar(255) COLLATE utf8mb4_unicode_ci DEFAULT NULL,
  `long` varchar(255) COLLATE utf8mb4_unicode_ci DEFAULT NULL,
  `shipping_charges` varchar(255) COLLATE utf8mb4_unicode_ci DEFAULT NULL,
  `remote_delivery_charges` decimal(11,2) DEFAULT '0.00',
  `delivery_notes` text COLLATE utf8mb4_unicode_ci,
  `created_at` timestamp NULL DEFAULT NULL,
  `updated_at` timestamp NULL DEFAULT NULL
) ENGINE=InnoDB DEFAULT CHARSET=utf8mb4 COLLATE=utf8mb4_unicode_ci;

--
-- Dumping data for table `order_shiping_adresses`
--

INSERT INTO `order_shiping_adresses` (`id`, `hotal_name`, `hotal_adress`, `reg_guest_name`, `hotal_booking_no`, `check_in_date`, `check_out_date`, `order_id`, `lat`, `long`, `shipping_charges`, `remote_delivery_charges`, `delivery_notes`, `created_at`, `updated_at`) VALUES
(247, 'muree Burban', 'Muree Mall road', 'Myname', '02010', '2019-02-02', '2019-02-02', 1080, '1231231', '12314124122', '1201', NULL, NULL, '2019-10-31 07:43:54', '2019-10-31 07:43:54'),
(248, 'muree Burban', '〒376-0052 群馬県桐生市天神町３丁目７−6', 'Myname', '02010', '2019-02-02', '2019-02-02', 1081, '1231231', '12314124122', '1201', NULL, NULL, '2019-10-31 07:44:22', '2019-10-31 07:44:22'),
(249, 'muree Burban', '〒376-0052 群馬県桐生市天神町３丁目７−6', 'Myname', '02010', '2019-02-02', '2019-02-02', 1082, '1231231', '12314124122', '1201', NULL, NULL, '2019-10-31 07:45:04', '2019-10-31 07:45:04'),
(250, 'Hotel', 'Main Grand Trunk Rd, opp. Gulshan-E-Iqbal Park،, Shaheenabad, Gujranwala, Punjab, Pakistan', 'qa', 'safiauafu', '2019-11-10', '2020-03-06', 1099, '32.1884596', '74.17898699999999', '900', NULL, NULL, '2019-11-06 12:26:49', '2019-11-06 12:26:49'),
(251, 'hotelia', '5-chōme-111-3 Aioichō, Kiryu, Gunma 376-0011, Japan', 'aaaa', 'qwerty', '2019-11-07', '2019-11-10', 1101, '36.407323', '139.306279', '531270', NULL, NULL, '2019-11-07 10:53:51', '2019-11-07 10:53:51'),
(252, 'tokyu stay kyoto ryogaemachi-dori', 'Japan, 〒604-8173 Kyoto, Nakagyō-ku, Kakimotochō, 392番', 'rim', '123445', '2019-11-07', '2019-11-16', 1102, '35.009241', '135.75891', '31410', NULL, NULL, '2019-11-07 12:59:14', '2019-11-07 12:59:14'),
(253, 'Fuji Premium Resort フジプレミアムリゾート', '7139-1 Kodachi, Fujikawaguchiko, Minamitsuru-gun, Yamanashi 401-0302, Japan', 'Naoko Smith', '1234', '2019-11-07', '2019-11-09', 1103, '35.46972499999999', '138.747177', '6480', NULL, NULL, '2019-11-07 13:10:18', '2019-11-07 13:10:18'),
(254, 'Shibuya Excel Hotel Tokyu', 'Japan, 〒150-0043 Tōkyō-to, Shibuya City, Dōgenzaka, 1-chōme−12−２ 渋谷マークシティ内', 'Tim Test', '1233457', '2019-11-08', '2019-11-14', 1104, '35.6586275', '139.6997603', '1440', NULL, NULL, '2019-11-07 17:04:47', '2019-11-07 17:04:47'),
(255, 'Pearl Mizonokuchi', '5-chōme-8-3 Futago, Takatsu-ku, Kawasaki, Kanagawa 213-0002, Japan', 'timtest', '12345', '2019-11-08', '2019-11-08', 1106, '35.6013925', '139.6169642', '0', NULL, NULL, '2019-11-07 22:13:53', '2019-11-07 22:13:53'),
(257, 'muree Burban', 'Muree Mall road', 'Myname', '02010', '2019-11-10', '2019-11-09', 1109, '1231231', '12314124122', '200', NULL, NULL, '2019-11-08 11:26:02', '2019-11-08 11:26:02'),
(258, 'muree Burban', 'Muree Mall road', 'Myname', '02010', '2019-11-10', '2019-11-09', 1113, '1231231', '12314124122', '200', NULL, NULL, '2019-11-08 12:37:29', '2019-11-08 12:37:29'),
(259, 'muree Burban', 'Muree Mall road', 'Myname', '02010', '2019-11-10', '2019-11-09', 1114, '1231231', '12314124122', '200', NULL, NULL, '2019-11-08 12:39:29', '2019-11-08 12:39:29'),
(260, 'muree Burban', 'Muree Mall road', 'Myname', '02010', '2019-11-10', '2019-11-09', 1116, '1231231', '12314124122', '200', NULL, NULL, '2019-11-08 12:54:38', '2019-11-08 12:54:38'),
(261, 'Shelton Hotel', 'شیلٹن روڈ opp. Gulshan-E-Iqbal Park، Shaheenabad, Gujranwala, Punjab, Pakistan', 'Mahmoud', 'banana', '2019-11-10', '2019-12-30', 1118, '32.1882201', '74.1791997', '900', NULL, NULL, '2019-11-08 13:00:20', '2019-11-08 13:00:20'),
(263, 'asd', 'asd', 'sad', 'as', '2019-11-08', '2019-11-16', 1123, '', '', '300', NULL, NULL, '2019-11-08 14:12:11', '2019-11-08 14:12:11'),
(264, 'Mughal Mahal Hotel', 'Chan Da Qila، جی ٹی روڈ، Jalil Town, Gujranwala, Punjab, Pakistan', 'Zubair', '123123', '2019-11-14', '2019-11-16', 1127, '32.0868045', '74.20124609999999', '536580', NULL, NULL, '2019-11-14 10:22:07', '2019-11-14 10:22:07'),
(265, 'muree Burban', 'Muree Mall road', 'Myname', '02010', '2019-02-02', '2019-02-02', 1128, '1231231', '12314124122', '1201', NULL, NULL, '2019-11-14 10:26:59', '2019-11-14 10:26:59'),
(266, 'Mughal Mahal Hotel', 'Chan Da Qila، جی ٹی روڈ، Jalil Town, Gujranwala, Punjab, Pakistan', 'Zubair', '213123', '2019-11-14', '2019-11-20', 1129, '32.0868045', '74.20124609999999', '0', NULL, NULL, '2019-11-14 10:28:36', '2019-11-14 10:28:36'),
(267, 'muree Burban', 'Muree Mall road', 'Myname', '02010', '2019-02-02', '2019-02-02', 1130, '1231231', '12314124122', '1201', NULL, NULL, '2019-11-14 10:31:00', '2019-11-14 10:31:00'),
(268, 'muree Burban', 'Muree Mall road', 'Myname', '02010', '2019-02-02', '2019-02-02', 1131, '1231231', '12314124122', '1201', NULL, NULL, '2019-11-14 10:32:15', '2019-11-14 10:32:15'),
(269, 'Mughal Sarai - Chahaniya Road', 'Mughal Sarai - Chahaniya Rd, Uttar Pradesh, India', 'Zubi', '12123', '2019-11-15', '2019-11-16', 1132, '25.3463285', '83.1726091', '492570', NULL, NULL, '2019-11-14 10:35:56', '2019-11-14 10:35:56'),
(270, 'muree Burban', 'Muree Mall road', 'Myname', '02010', '2019-02-02', '2019-02-02', 1133, '1231231', '12314124122', '1201', NULL, NULL, '2019-11-14 10:37:23', '2019-11-14 10:37:23'),
(271, 'muree Burban', 'Muree Mall road', 'Myname', '02010', '2019-02-02', '2019-02-02', 1134, '1231231', '12314124122', '1201', NULL, NULL, '2019-11-14 10:38:02', '2019-11-14 10:38:02'),
(272, 'muree Burban', 'Muree Mall road', 'Myname', '02010', '2019-02-02', '2019-02-02', 1135, '1231231', '12314124122', '1201', NULL, 'asd', '2019-11-14 10:39:52', '2019-11-14 10:39:52'),
(273, 'Masjid Al Muhajirin', 'Ar Rabwah, Jeddah 23448, Saudi Arabia', 'Zubair', '123123', '2019-11-14', '2019-12-14', 1136, '21.5929353', '39.1911799', '328320', NULL, NULL, '2019-11-14 11:29:11', '2019-11-14 11:29:11'),
(275, 'Hojai', 'Hojai, Assam 782435, India', 'hello', 'hello', '2019-11-14', '2019-12-14', 1138, '26.0016601', '92.847737', '174240', NULL, NULL, '2019-11-14 11:36:41', '2019-11-14 11:36:41'),
(277, 'New York', 'New York, NY, USA', 'Newone', '123', '2019-11-14', '2019-12-14', 1140, '40.7127753', '-74.0059728', '1017630', NULL, 'here is the notes', '2019-11-14 11:43:42', '2019-11-14 11:43:42'),
(278, 'Huje', '25588 Huje, Germany', 'Zubi', '123123', '2019-11-14', '2019-12-14', 1141, '53.9768978', '9.4348656', '501660', NULL, 'Notes Here', '2019-11-14 12:14:01', '2019-11-14 12:14:01'),
(279, 'Marian Hotel', 'GT Rd, Attawa, Gujranwala, Punjab 52250, Pakistan', 'Mahmoud', 'mahm3322', '2019-11-16', '2019-12-16', 1142, '32.082052', '74.20409099999999', '180', NULL, NULL, '2019-11-14 12:18:18', '2019-11-14 12:18:18'),
(280, 'Marian Hotel', 'G.T. Road, G.T. Road,, Shaheenabad, Gujranwala, Punjab, Pakistan', 'Mahmoud', 'ahah17261', '2019-11-16', '2019-12-16', 1143, '32.18799459999999', '74.1792262', '900', NULL, 'Notes', '2019-11-14 12:18:55', '2019-11-14 12:18:55'),
(281, 'Mughalsarai', 'Mughalsarai, Uttar Pradesh 232101, India', 'zeta', 'gushy', '2019-11-14', '2019-12-14', 1145, '25.2837754', '83.1155672', '103770', NULL, 'Hello there how did', '2019-11-14 12:31:38', '2019-11-14 12:31:38'),
(282, 'Hejnice', '463 62 Hejnice, Czechia', 'hugs', 'gay', '2019-11-14', '2019-12-14', 1146, '50.877201', '15.1816855', '466830', NULL, 'Hello how are your day', '2019-11-14 12:34:27', '2019-11-14 12:34:27'),
(283, 'Hujan Locale', 'Jl. Sri Wedari No.5, Ubud, Kecamatan Ubud, Kabupaten Gianyar, Bali 80571, Indonesia', 'Zubair', 'josh', '2019-11-14', '2019-12-14', 1147, '-8.507299999999999', '115.265031', '563670', NULL, 'notes here', '2019-11-14 12:48:10', '2019-11-14 12:48:10'),
(284, 'Huje', '25588 Huje, Germany', 'Zubair', 'ghost', '2019-11-14', '2019-12-14', 1150, '53.9768978', '9.4348656', '500940', NULL, 'Here is the notes', '2019-11-14 13:08:48', '2019-11-14 13:08:48'),
(285, 'Fuji View Hotel', '511 Katsuyama, Fujikawaguchiko, Minamitsuru-gun, Yamanashi 401-0310, Japan', 'jack', 'jack', '2019-11-17', '2019-11-21', 1151, '35.50840300000001', '138.738517', '6480', NULL, 'Please include rinko bag', '2019-11-14 19:11:26', '2019-11-14 19:11:26'),
(286, 'Hilton Tokyo', '6-chōme-6-2 Nishishinjuku, Shinjuku City, Tōkyō-to 160-0023, Japan', 'jack jack', '123456', '2019-11-20', '2019-11-20', 1162, '35.6925765', '139.6911872', '990', NULL, NULL, '2019-11-19 15:53:39', '2019-11-19 15:53:39'),
(287, 'ASTUTO CC KIRYU', '3-chōme-7-6 Tenjinchō, Kiryu, Gunma 376-0052, Japan', 'Naoko Naoko', '123345', '2019-11-21', '2019-11-20', 1163, '36.4296335', '139.352764', '8190', NULL, 'Please include oedal wrench', '2019-11-19 15:58:30', '2019-11-19 15:58:30'),
(288, 'Sakura Hotel Hatagaya', '1-chōme-32-3 Hatagaya, Shibuya City, Tōkyō-to 151-0072, Japan', 'jacksan', '23569', '2019-11-22', '2019-11-24', 1166, '35.6761697', '139.6766855', '0', NULL, NULL, '2019-11-21 02:26:22', '2019-11-21 02:26:22'),
(291, 'muree Burban', 'Muree Mall road', 'Myname', '02010', '2019-02-02', '2019-02-02', 1175, '1231231', '12314124122', '1201', NULL, 'Testing', '2019-11-27 06:39:39', '2019-11-27 06:39:39'),
(326, 'muree Burban', 'Muree Mall road', 'Myname', '02010', '2019-02-02', '2019-02-02', 1216, '1231231', '12314124122', '1201', NULL, 'Testing', '2019-11-28 09:35:40', '2019-11-28 09:35:40'),
(327, 'muree Burban', 'Muree Mall road', 'Myname', '02010', '2019-02-02', '2019-02-02', 1217, '1231231', '12314124122', '1201', NULL, 'Testing', '2019-11-28 09:36:21', '2019-11-28 09:36:21'),
(328, 'The Westin Tokyo', 'Tokyo, 1 Chome-4-1 Mita, Meguro City, Tōkyō-to 153-8580, Japan', 'tim', '12345', '2019-11-30', '2019-12-06', 1219, '35.6415837', '139.7154177', '1530', NULL, NULL, '2019-11-29 23:31:40', '2019-11-29 23:31:40'),
(329, 'The Royal Park Hotel Tokyo Shiodome', '1 Chome-6-3 Higashishinbashi, Minato City, Tōkyō-to 105-8333, Japan', 'Tim', '12345', '2019-12-19', '2019-12-24', 1222, '35.6642177', '139.7604537', '6300', NULL, 'Please include rinko bag', '2019-12-02 09:28:37', '2019-12-02 09:28:37'),
(330, 'The Royal Park Hotel Tokyo Shiodome', '1 Chome-6-3 Higashishinbashi, Minato City, Tōkyō-to 105-8333, Japan', 'Tim', '12345', '2019-12-19', '2019-12-24', 1222, '35.6642177', '139.7604537', '6300', NULL, 'Please include rinko bag', '2019-12-02 09:28:37', '2019-12-02 09:28:37'),
(332, 'Marian Hotel', 'GT Rd, Attawa, Gujranwala, Punjab 52250, Pakistan', 'mago', 'mEr63:/776', '2019-12-08', '2019-12-13', 1226, '32.082052', '74.20409099999999', '600', NULL, 'No', '2019-12-02 10:33:42', '2019-12-02 10:33:42'),
(333, 'Hotal Gujrat', 'Gujrat', 'Rana Mahmood', '546464', '2019-12-02', '2019-12-26', 1238, '', '', '2000', NULL, NULL, '2019-12-04 10:43:04', '2019-12-04 10:43:04'),
(334, 'Hotalia', 'Gujrat', 'Mahmood Rana', '68456313216', '2019-12-01', '2019-12-18', 1239, '', '', '2500', NULL, NULL, '2019-12-04 10:46:11', '2019-12-04 10:46:11'),
(335, 'Hotal Gujrat', 'Gujrat', 'Mahmood', '685613', '2019-12-02', '2019-12-26', 1240, '', '', '2000', NULL, NULL, '2019-12-04 11:04:16', '2019-12-04 11:04:16'),
(336, 'muree Burban', 'Muree Mall road', 'Myname', '02010', '2019-02-02', '2019-02-02', 1246, '1231231', '12314124122', '1201', NULL, 'Testing', '2019-12-04 11:47:58', '2019-12-04 11:47:58'),
(337, 'Gujranwala', 'Gujranwala, Punjab, Pakistan', 'Zubair', '1234', '2019-12-08', '2019-12-12', 1247, '32.1876919', '74.1944529', '300', NULL, NULL, '2019-12-04 12:04:29', '2019-12-04 12:04:29'),
(338, 'Gujranwala', 'Gujranwala, Punjab, Pakistan', 'Zubair', '1234', '2019-12-03', '2019-12-07', 1248, '32.1876919', '74.1944529', '300', NULL, NULL, '2019-12-04 12:29:38', '2019-12-04 12:29:38'),
(339, 'Gujranwala', 'Gujranwala, Punjab, Pakistan', 'Zubair', '1244', '2019-12-03', '2019-12-07', 1249, '32.1876919', '74.1944529', '300', NULL, NULL, '2019-12-04 12:37:35', '2019-12-04 12:37:35'),
(340, 'Gujranwala', 'Gujranwala, Punjab, Pakistan', 'Zubair', '1234', '2019-12-03', '2019-12-07', 1250, '32.1876919', '74.1944529', '300', NULL, NULL, '2019-12-04 12:46:06', '2019-12-04 12:46:06'),
(341, 'Gujranwala', 'Gujranwala, Punjab, Pakistan', 'Zubair', '12346', '2019-12-03', '2019-12-07', 1251, '32.1876919', '74.1944529', '300', NULL, NULL, '2019-12-04 13:09:58', '2019-12-04 13:09:58'),
(342, 'Gujranwala', 'Gujranwala, Punjab, Pakistan', 'Zubai', '12423', '2019-12-03', '2019-12-07', 1252, '32.1876919', '74.1944529', '300', NULL, NULL, '2019-12-04 13:13:47', '2019-12-04 13:13:47'),
(343, 'Gujranwala', 'Gujranwala, Punjab, Pakistan', 'Zubai', '12423', '2019-12-03', '2019-12-07', 1253, '32.1876919', '74.1944529', '300', NULL, NULL, '2019-12-04 13:15:10', '2019-12-04 13:15:10'),
(344, 'Gujranwala', 'Gujranwala, Punjab, Pakistan', 'Zubair', '3456', '2019-12-03', '2019-12-07', 1254, '32.1876919', '74.1944529', '300', NULL, NULL, '2019-12-04 13:17:43', '2019-12-04 13:17:43'),
(345, 'Mughal Mahal Hotel', 'Chan Da Qila، جی ٹی روڈ، Jalil Town, Gujranwala, Punjab, Pakistan', 'zubi1234', '2345', '2019-12-09', '2019-12-13', 1255, '32.0868045', '74.20124609999999', '4800', NULL, 'Notes', '2019-12-05 06:37:33', '2019-12-05 06:37:33'),
(346, 'Mughal Mahal Hotel', 'Chan Da Qila، جی ٹی روڈ، Jalil Town, Gujranwala, Punjab, Pakistan', 'zubair', '123', '2019-12-04', '2019-12-08', 1256, '32.0868045', '74.20124609999999', '4800', NULL, 'Notsfgh', '2019-12-05 07:37:21', '2019-12-05 07:37:21'),
(347, 'kjhkh', 'kjhkjh', 'kjhjkh', 'hkjhk', '2019-12-05', '2019-12-06', 1258, '', '', '123', '321.00', NULL, '2019-12-05 09:28:46', '2019-12-05 09:28:46'),
(348, 'Marian Hotel', 'GT Rd, Attawa, Gujranwala, Punjab 52250, Pakistan', 'mahmood', '617272', '2020-01-14', '2020-01-20', 1259, '32.082052', '74.20409099999999', '21600', NULL, 'Nora’s', '2019-12-05 09:36:18', '2019-12-05 09:36:18'),
(349, 'asd', 'asd', 'asd', 'asd', '2019-12-05', '2019-12-06', 1260, '', '', '123', NULL, NULL, '2019-12-05 09:36:33', '2019-12-05 09:36:33'),
(350, 'Mughal Mahal Hotel', 'Chan Da Qila، جی ٹی روڈ، Jalil Town, Gujranwala, Punjab, Pakistan', 'Jahan', 'Hjaajkaak', '2019-12-04', '2019-12-08', 1261, '32.0868045', '74.20124609999999', '4800', NULL, 'SuKJj', '2019-12-05 09:52:58', '2019-12-05 09:52:58'),
(351, 'Gujranwala', 'Gujranwala, Punjab, Pakistan', 'Zubair', '6789', '2019-12-04', '2019-12-08', 1262, '32.1876919', '74.1944529', '300', NULL, 'Notesaare', '2019-12-05 12:54:36', '2019-12-05 12:54:36'),
(352, 'Kunjah', 'Kunjah, Gujrat, Punjab, Pakistan', 'wedfgdz', 'sdfgds', '2020-02-13', '2020-02-18', 1263, '32.529522', '73.977126', '0', NULL, NULL, '2019-12-05 13:09:32', '2019-12-05 13:09:32'),
(353, 'Gujranwala', 'Gujranwala, Punjab, Pakistan', 'Zubair', '567', '2019-12-04', '2019-12-08', 1264, '32.1876919', '74.1944529', '400', NULL, NULL, '2019-12-05 13:14:09', '2019-12-05 13:14:09'),
(354, 'Kunjah', 'Kunjah, Gujrat, Punjab, Pakistan', 'focoycuf', 'oysdoyfyo', '2020-02-29', '2020-03-05', 1265, '32.529522', '73.977126', '0', NULL, NULL, '2019-12-05 13:37:22', '2019-12-05 13:37:22'),
(355, 'Hilton Tokyo Bay', '1-8 Maihama, Urayasu, Chiba 279-0031, Japan', 'Tim', '12346', '2020-01-14', '2020-01-25', 1267, '35.627107', '139.8737478', '9600', NULL, 'Leave With Bell Captain', '2019-12-05 20:21:17', '2019-12-05 20:21:17'),
(356, 'Hilton Tokyo Bay', '1-8 Maihama, Urayasu, Chiba 279-0031, Japan', 'Tim', '12346', '2020-01-14', '2020-01-25', 1268, '35.627107', '139.8737478', '9600', NULL, 'Leave With Bell Captain', '2019-12-05 20:22:35', '2019-12-05 20:22:35'),
(357, 'Hilton Tokyo Bay', '1-8 Maihama, Urayasu, Chiba 279-0031, Japan', 'Tim', '12346', '2020-01-14', '2020-01-25', 1268, '35.627107', '139.8737478', '9600', NULL, 'Leave With Bell Captain', '2019-12-05 20:22:36', '2019-12-05 20:22:36'),
(358, 'Hilton Tokyo', '6-chōme-6-2 Nishishinjuku, Shinjuku City, Tōkyō-to 160-0023, Japan', 'timsss', '1234@59', '2020-01-13', '2020-01-17', 1269, '35.6925765', '139.6911872', '800', NULL, NULL, '2019-12-05 20:37:31', '2019-12-05 20:37:31'),
(359, 'Hilton Tokyo', '6-chōme-6-2 Nishishinjuku, Shinjuku City, Tōkyō-to 160-0023, Japan', 'timsss', '123456', '2020-01-21', '2020-01-24', 1270, '35.6925765', '139.6911872', '800', NULL, NULL, '2019-12-05 20:42:39', '2019-12-05 20:42:39'),
(360, 'muree Burban', 'Muree Mall road', 'Myname', '02010', '2019-02-02', '2019-02-02', 1275, '1231231', '12314124122', '1201', '0.00', 'Testing', '2019-12-06 06:48:51', '2019-12-06 06:48:51'),
(362, 'Gujranwala', 'Gujranwala, Punjab, Pakistan', 'zubair', '1312', '2019-12-05', '2019-12-06', 1283, '32.1876919', '74.1944529', '400', '0.00', NULL, '2019-12-06 10:38:09', '2019-12-06 10:38:09'),
(363, 'Gujranwala', 'Gujranwala, Punjab, Pakistan', 'zubair', '1312', '2019-12-05', '2019-12-06', 1284, '32.1876919', '74.1944529', '400', '0.00', NULL, '2019-12-06 10:41:13', '2019-12-06 10:41:13'),
(364, 'Marian Hotel', 'GT Rd, Attawa, Gujranwala, Punjab 52250, Pakistan', 'Mahmoud', 'igxgmckgfit', '2020-01-31', '2020-02-03', 1288, '32.082052', '74.20409099999999', '16200', '0.00', 'Nottta', '2019-12-06 13:31:59', '2019-12-06 13:31:59'),
(365, 'Marian Hotel', 'GT Rd, Attawa, Gujranwala, Punjab 52250, Pakistan', 'invigilator', 'Bibb', '2020-01-31', '2020-02-03', 1289, '32.082052', '74.20409099999999', '16200', '0.00', 'Vkvkvkvk', '2019-12-06 13:38:37', '2019-12-06 13:38:37'),
(366, 'Hilton Tokyo', '6-chōme-6-2 Nishishinjuku, Shinjuku City, Tōkyō-to 160-0023, Japan', 'Tims', '128384', '2020-01-14', '2020-01-07', 1290, '35.6925765', '139.6911872', '4800', '0.00', 'Leave at desk', '2019-12-06 15:51:35', '2019-12-06 15:51:35'),
(367, 'Hilton Tokyo', '6-chōme-6-2 Nishishinjuku, Shinjuku City, Tōkyō-to 160-0023, Japan', 'Timmm', '12&4&4', '2020-02-01', '2020-02-05', 1291, '35.6925765', '139.6911872', '4800', '0.00', 'Leave at desk', '2019-12-06 16:04:22', '2019-12-06 16:04:22'),
(368, 'Hilton Tokyo', '6-chōme-6-2 Nishishinjuku, Shinjuku City, Tōkyō-to 160-0023, Japan', 'Naoko Smith', '12345', '2019-12-07', '2019-12-09', 1293, '35.6925765', '139.6911872', '4400', '0.00', 'Hello', '2019-12-07 03:53:38', '2019-12-07 03:53:38'),
(369, 'Shinjuku Prince Hotel', '1-chōme-30-1 Kabukichō, Shinjuku City, Tōkyō-to 160-8487, Japan', 'tim', '12345', '2019-12-10', '2019-12-14', 1294, '35.6944772', '139.7001337', '6800', '0.00', NULL, '2019-12-11 08:11:02', '2019-12-11 08:11:02'),
(370, 'Hilton Tokyo', '6-chōme-6-2 Nishishinjuku, Shinjuku City, Tōkyō-to 160-0023, Japan', 'Tim', '228484', '2019-12-17', '2019-12-21', 1296, '35.6925765', '139.6911872', '6400', '0.00', NULL, '2019-12-18 04:25:15', '2019-12-18 04:25:15'),
(371, 'muree Burban', 'Muree Mall road', 'Myname', '02010', '2019-02-02', '2019-02-02', 1297, '1231231', '12314124122', '1201', '0.00', 'Testing', '2019-12-18 09:17:28', '2019-12-18 09:17:28'),
(372, '123', '123', '123', '123', '2019-12-19', '2019-12-20', 1298, '', '', '123', '321.00', NULL, '2019-12-19 09:03:31', '2019-12-19 09:03:31'),
(373, '123', '123', '123', '123', '2019-12-19', '2019-12-20', 1299, '', '', '123', '321.00', NULL, '2019-12-19 09:15:52', '2019-12-19 09:15:52'),
(374, 'Hotalia', 'Mahmood', 'Mahmood', '234124', '2019-12-01', '2019-12-31', 1300, '', '', '100', '150.00', NULL, '2019-12-19 09:18:20', '2019-12-19 09:18:20'),
(375, '\\sdvc vzcx', 'cxvxz', 'sdvavz', 'asfsd\\c', '2019-12-01', '2019-12-31', 1302, '', '', '100', '150.00', NULL, '2019-12-19 11:17:26', '2019-12-19 11:17:26'),
(376, 'Marian Hotel', 'G.T. Road, G.T. Road,, Shaheenabad, Gujranwala, Punjab, Pakistan', 'mahmood', 'Laban', '2020-01-23', '2020-01-27', 1349, '32.18799459999999', '74.1792262', '4000', '0.00', 'Not', '2020-01-08 13:15:34', '2020-01-08 13:15:34'),
(377, 'Marian Hotal', 'GT Road Chan da Qila', 'Saleh Mehmood', 'HTBK0202', '2020-01-29', '2020-02-10', 1362, '', '', '1000', '200.00', NULL, '2020-01-09 09:04:38', '2020-01-09 09:04:38'),
(378, 'muree Burban', 'Muree Mall road', 'Myname', '02010', '2019-11-10', '2019-11-09', 1367, '1231231', '12314124122', '200', '0.00', NULL, '2020-01-14 13:04:24', '2020-01-14 13:04:24'),
(379, 'muree Burban', 'Muree Mall road', 'Myname', '02010', '2019-11-10', '2019-11-09', 1370, '1231231', '12314124122', '200', '0.00', NULL, '2020-01-14 13:10:36', '2020-01-14 13:10:36'),
(380, 'muree Burban', 'Muree Mall road', 'Myname', '02010', '2019-11-10', '2019-11-09', 1371, '1231231', '12314124122', '200', '0.00', NULL, '2020-01-14 13:13:22', '2020-01-14 13:13:22'),
(381, 'muree Burban', 'Muree Mall road', 'Myname', '02010', '2019-11-10', '2019-11-09', 1377, '1231231', '12314124122', '200', '0.00', NULL, '2020-01-14 13:35:17', '2020-01-14 13:35:17'),
(382, 'muree Burban', 'Muree Mall road', 'Myname', '02010', '2019-11-10', '2019-11-09', 1378, '1231231', '12314124122', '200', '0.00', NULL, '2020-01-14 13:37:30', '2020-01-14 13:37:30'),
(383, 'muree Burban', 'Muree Mall road', 'Myname', '02010', '2019-11-10', '2019-11-09', 1379, '1231231', '12314124122', '200', '0.00', NULL, '2020-01-14 13:40:15', '2020-01-14 13:40:15'),
(384, 'muree Burban', 'Muree Mall road', 'Myname', '02010', '2019-11-10', '2019-11-09', 1380, '1231231', '12314124122', '200', '0.00', NULL, '2020-01-14 13:41:17', '2020-01-14 13:41:17'),
(385, 'muree Burban', 'Muree Mall road', 'Myname', '02010', '2019-11-10', '2019-11-09', 1381, '1231231', '12314124122', '200', '0.00', NULL, '2020-01-14 13:43:47', '2020-01-14 13:43:47'),
(386, 'muree Burban', 'Muree Mall road', 'Myname', '02010', '2019-11-10', '2019-11-09', 1385, '1231231', '12314124122', '200', '0.00', NULL, '2020-01-15 05:57:47', '2020-01-15 05:57:47'),
(387, 'muree Burban', 'Muree Mall road', 'Myname', '02010', '2019-11-10', '2019-11-09', 1386, '1231231', '12314124122', '200', '0.00', NULL, '2020-01-15 05:59:21', '2020-01-15 05:59:21'),
(388, 'muree Burban', 'Muree Mall road', 'Myname', '02010', '2019-11-10', '2019-11-09', 1387, '1231231', '12314124122', '200', '0.00', NULL, '2020-01-15 06:01:10', '2020-01-15 06:01:10'),
(389, 'muree Burban', 'Muree Mall road', 'Myname', '02010', '2019-11-10', '2019-11-09', 1388, '1231231', '12314124122', '200', '0.00', NULL, '2020-01-15 06:36:34', '2020-01-15 06:36:34'),
(390, 'muree Burban', 'Muree Mall road', 'Myname', '02010', '2019-11-10', '2019-11-09', 1389, '1231231', '12314124122', '200', '0.00', NULL, '2020-01-15 06:40:09', '2020-01-15 06:40:09'),
(391, 'muree Burban', 'Muree Mall road', 'Myname', '02010', '2019-11-10', '2019-11-09', 1390, '1231231', '12314124122', '200', '0.00', NULL, '2020-01-15 06:47:27', '2020-01-15 06:47:27'),
(392, 'muree Burban', 'Muree Mall road', 'Myname', '02010', '2019-11-10', '2019-11-09', 1391, '1231231', '12314124122', '200', '0.00', NULL, '2020-01-15 06:48:35', '2020-01-15 06:48:35'),
(393, 'muree Burban', 'Muree Mall road', 'Myname', '02010', '2019-11-10', '2019-11-09', 1392, '1231231', '12314124122', '200', '0.00', NULL, '2020-01-15 06:52:57', '2020-01-15 06:52:57'),
(394, 'muree Burban', 'Muree Mall road', 'Myname', '02010', '2019-11-10', '2019-11-09', 1393, '1231231', '12314124122', '200', '0.00', NULL, '2020-01-15 06:53:25', '2020-01-15 06:53:25'),
(395, 'muree Burban', 'Muree Mall road', 'Myname', '02010', '2019-11-10', '2019-11-09', 1394, '1231231', '12314124122', '200', '0.00', NULL, '2020-01-15 07:04:12', '2020-01-15 07:04:12'),
(396, 'muree Burban', 'Muree Mall road', 'Myname', '02010', '2019-11-10', '2019-11-09', 1395, '1231231', '12314124122', '200', '0.00', NULL, '2020-01-15 07:05:15', '2020-01-15 07:05:15'),
(397, 'muree Burban', 'Muree Mall road', 'Myname', '02010', '2019-11-10', '2019-11-09', 1396, '1231231', '12314124122', '200', '0.00', NULL, '2020-01-15 07:09:27', '2020-01-15 07:09:27'),
(398, 'muree Burban', 'Muree Mall road', 'Myname', '02010', '2019-11-10', '2019-11-09', 1397, '1231231', '12314124122', '200', '0.00', NULL, '2020-01-15 07:44:19', '2020-01-15 07:44:19'),
(399, 'Fuchu', 'Fuchu, Tokyo, Japan', 'dfffgg', '12345', '2020-02-15', '2020-02-24', 1432, '35.6689919', '139.4777247', '1600', '0.00', NULL, '2020-02-03 19:54:47', '2020-02-03 19:54:47'),
(400, 'Lahore', 'Lahore, Punjab, Pakistan', 'dads', '34', '2020-06-05', '2022-05-22', 1439, '31.52036960000001', '74.35874729999999', '885000', '0.00', NULL, '2020-05-05 07:58:24', '2020-05-05 07:58:24'),
(401, 'Kunjah', 'Kunjah, Gujrat, Punjab, Pakistan', 'mahmood', 'isbsb', '2020-05-12', '2020-07-17', 1442, '32.529522', '73.977126', '0', '0.00', NULL, '2020-05-05 08:38:13', '2020-05-05 08:38:13'),
(402, 'jjjj', NULL, NULL, NULL, NULL, NULL, 1482, NULL, NULL, NULL, '36949.53', NULL, '2020-08-18 10:57:08', '2020-08-18 10:57:08'),
(403, 'jjjj', NULL, NULL, NULL, NULL, NULL, 1483, NULL, NULL, NULL, '36949.53', NULL, '2020-08-18 10:58:32', '2020-08-18 10:58:32'),
(404, 'muree Burban', 'Muree Mall road', 'Myname', '02010', '2019-02-02', '2019-02-02', 1490, '1231231', '12314124122', '1201', '0.00', 'Testing', '2020-08-24 07:35:04', '2020-08-24 07:35:04'),
(405, 'muree Burban', 'Muree Mall road', 'Myname', '02010', '2019-02-02', '2019-02-02', 1491, '1231231', '12314124122', '1201', '0.00', 'Testing', '2020-08-24 07:35:32', '2020-08-24 07:35:32');

-- --------------------------------------------------------

--
-- Table structure for table `order_variations`
--

CREATE TABLE `order_variations` (
  `id` int(10) UNSIGNED NOT NULL,
  `order_id` int(10) UNSIGNED NOT NULL,
  `res_id` int(10) UNSIGNED NOT NULL,
  `var_id` int(10) UNSIGNED NOT NULL,
  `var_value_id` int(10) UNSIGNED NOT NULL,
  `created_at` timestamp NULL DEFAULT NULL,
  `updated_at` timestamp NULL DEFAULT NULL
) ENGINE=InnoDB DEFAULT CHARSET=utf8mb4 COLLATE=utf8mb4_unicode_ci;

-- --------------------------------------------------------

--
-- Table structure for table `price_kms`
--

CREATE TABLE `price_kms` (
  `id` int(10) UNSIGNED NOT NULL,
  `price_km` decimal(11,2) NOT NULL,
  `tax` int(11) NOT NULL,
  `range_km` int(11) NOT NULL,
  `remote_delivery_charges` decimal(11,2) DEFAULT NULL,
  `created_at` timestamp NULL DEFAULT NULL,
  `updated_at` timestamp NULL DEFAULT NULL
) ENGINE=InnoDB DEFAULT CHARSET=utf8mb4 COLLATE=utf8mb4_unicode_ci;

--
-- Dumping data for table `price_kms`
--

INSERT INTO `price_kms` (`id`, `price_km`, `tax`, `range_km`, `remote_delivery_charges`, `created_at`, `updated_at`) VALUES
(1, '400.00', 10, 20, '7500.00', '2019-05-15 19:00:00', '2019-12-06 16:01:40');

-- --------------------------------------------------------

--
-- Table structure for table `resources`
--

CREATE TABLE `resources` (
  `id` int(10) UNSIGNED NOT NULL,
  `res_id` int(11) NOT NULL,
  `res_type` int(10) UNSIGNED NOT NULL,
  `res_name` varchar(191) COLLATE utf8mb4_unicode_ci NOT NULL,
  `res_depot` int(10) UNSIGNED NOT NULL,
  `res_agent` int(10) UNSIGNED NOT NULL,
  `res_details` text COLLATE utf8mb4_unicode_ci NOT NULL,
  `res_img` varchar(191) COLLATE utf8mb4_unicode_ci DEFAULT NULL,
  `res_quantity` int(11) NOT NULL,
  `price_rules_on_additional_resources` int(11) NOT NULL DEFAULT '0' COMMENT '0: No, 1: Yes',
  `before_booking_time` int(11) NOT NULL DEFAULT '0',
  `turn_around_time` int(11) NOT NULL DEFAULT '0',
  `deliverable_bit` int(11) NOT NULL DEFAULT '1',
  `created_at` timestamp NULL DEFAULT NULL,
  `updated_at` timestamp NULL DEFAULT NULL,
  `created_by` varchar(191) COLLATE utf8mb4_unicode_ci DEFAULT NULL,
  `status` int(11) NOT NULL DEFAULT '1'
) ENGINE=InnoDB DEFAULT CHARSET=utf8mb4 COLLATE=utf8mb4_unicode_ci;

--
-- Dumping data for table `resources`
--

INSERT INTO `resources` (`id`, `res_id`, `res_type`, `res_name`, `res_depot`, `res_agent`, `res_details`, `res_img`, `res_quantity`, `price_rules_on_additional_resources`, `before_booking_time`, `turn_around_time`, `deliverable_bit`, `created_at`, `updated_at`, `created_by`, `status`) VALUES
(10, 414366770, 1, 'zaid resource', 28, 9, 'zaid description', 'uploads/resources/5LFw11qIfZPMQcmEYPF3NMtDjGHbpNjwh5QlCE8u.jpeg', 7, 1, 2, 3, 1, '2019-03-05 03:51:38', '2020-07-08 03:33:57', 'Umar Farooq', 1),
(11, 801924235, 4, 'dsdfsd', 26, 5, 'sdfdsfsdfas', 'uploads/resources/J1vWKe2OUSPf6CF3yuOxuWQcLDFy2tEOOiH0VJWG.jpeg', 3, 0, 0, 0, 1, '2019-03-11 05:42:36', '2019-03-12 07:46:59', 'Umar Farooq', 1),
(12, 857040590, 3, 'ds', 2, 6, 'sdsad', NULL, 1, 0, 0, 0, 1, '2019-03-11 06:47:26', '2019-03-11 06:47:26', 'Umar Farooq', 1),
(13, 215986025, 3, 'dsfs', 2, 4, 'sdfsa', '', 1, 0, 0, 0, 1, '2019-03-12 06:32:04', '2019-03-12 06:32:16', 'Umar Farooq', 1),
(14, 754766177, 10, 'Yamaha 250DC', 29, 10, 'Testing Resource', 'uploads/resources/Z2CaD3vly2QV9xSSuzH6MT2fZqjRQpzEXYP5E9cB.jpeg', 10, 0, 0, 0, 1, '2019-03-15 14:50:54', '2020-08-21 06:08:31', 'Umar Farooq', 1),
(15, 375879159, 11, 'zaid2', 28, 9, 'asdas', 'uploads/resources/cWqX38xQhG1fsqek9btn57LeQPnhMGRjKOUiT7FO.jpeg', 1, 0, 0, 0, 1, '2019-03-20 09:07:19', '2019-03-20 09:07:19', 'Umar Farooq', 1),
(17, 689427531, 11, 'friday', 25, 2, 'asasasasasasasa', 'uploads/resources/zgSRfXWUHfesUUbXhq0lvw14G37x3wosoktqxvhY.jpeg', 10, 0, 0, 0, 1, '2019-04-26 05:01:07', '2019-04-26 05:01:07', 'Umar Farooq', 1),
(18, 309764425, 11, 'test', 33, 2, 'juijniu', 'uploads/resources/Ldnmhw6220OP780QEfZSJ2zkXcPMYUIxJe2go2hV.jpeg', 10, 0, 0, 0, 1, '2019-04-26 12:14:29', '2019-04-26 12:14:29', 'Umar Farooq', 1),
(19, 88976011, 8, 'TC3 Carbon Roadbike', 51, 8, 'Full Carbon Roadbike', 'uploads/resources/GVmGciOr90KMvTAmLG23w96YUXqG8zVpo0AVpvuv.jpeg', 1, 0, 0, 0, 1, '2019-04-28 23:13:31', '2019-08-27 22:05:27', 'Umar Farooq', 1),
(20, 720923337, 8, 'Specialized Carbon Robaix', 27, 8, 'Specialized Carbon Roubaxix', 'uploads/resources/3lJPTdq2M5fIAfcchAOV8UkoPwr1ryV9J9aVDCCV.jpeg', 1, 0, 0, 0, 1, '2019-04-28 23:15:16', '2019-04-28 23:15:16', 'Umar Farooq', 1),
(21, 388140586, 12, 'Ti Velogical Adventure Bike', 32, 8, 'Titanium Velogical Adventure Bike', 'uploads/resources/LFI1qOce7afVCjx1BsXUTtM7vJrH5opPaIDdnnYO.jpeg', 1, 0, 0, 0, 1, '2019-04-28 23:16:39', '2019-04-28 23:16:39', 'Umar Farooq', 1),
(22, 380495494, 13, 'Bikeo', 39, 10, 'Test Multi-resource', 'uploads/resources/ELRX56G7637WHF7yzXVVmXdQoR4bv3mIJlYBpQ6C.jpeg', 20, 0, 0, 0, 1, '2019-05-08 09:06:15', '2019-05-08 09:30:55', 'Umar Farooq', 1),
(23, 151412800, 19, 'Tyre', 43, 10, 'Tyre', 'uploads/resources/YvYijneoI8IRpYWLG1FhvxlVFAJ6PHPSfl3tmjIN.jpeg', 2, 0, 0, 0, 1, '2019-05-14 06:50:33', '2019-05-21 03:52:38', 'Umar Farooq', 1),
(25, 676068259, 9, 'Outlands Vasara', 46, 8, 'Discbrake Adventure Bike. Perfect for single or multi-day rides and tours over any road conditions.', 'uploads/resources/36eKDrVc75i4spzRSKKjWhejSnCe9fVRMpPEWB5E.jpeg', 3, 0, 0, 0, 1, '2019-05-14 21:19:50', '2019-05-14 21:19:50', 'Umar Farooq', 1),
(26, 271454762, 8, 'bASECAMP Titanium', 47, 2, 'Titanium bike handmade in the Alps for super performance. Full Ultegra specs and ready to tackle any of the local Alps roads!', 'uploads/resources/ef3x7gCHMcLncmoyNabIwKK4J6r0jPmYKOzLUV00.jpeg', 4, 0, 0, 0, 1, '2019-05-14 22:32:22', '2019-05-14 22:32:22', 'Umar Farooq', 1),
(29, 736821746, 19, 'plaaas', 36, 9, 'sdasdsdasd', 'uploads/resources/VcIQA4hCgujqyMS1RZCpEvuVr9krwKyeEYoXMWPG.jpeg', 4, 0, 0, 0, 1, '2019-05-15 04:30:42', '2019-05-15 04:30:42', 'Umar Farooq', 1),
(30, 673955598, 20, 'cycle', 1, 2, 'asasasa', 'uploads/resources/MXpTDCQRs9PQfFNOGsCWRmIahjju8obVhC0NYu4o.jpeg', 10, 1, 0, 0, 1, '2019-05-16 04:28:05', '2020-08-18 10:36:21', 'Umar Farooq', 1),
(31, 350134551, 21, 'Coaster 911', 36, 16, '48 seater', 'uploads/resources/1gGdxqvBxXmbJL478lXbcBeN3G1LGpV8yBMQAMwS.jpeg', 5, 0, 0, 0, 1, '2019-05-16 05:43:53', '2019-05-16 05:43:53', 'Umar Farooq', 1),
(35, 325869242, 1, 'cycle', 1, 2, 'frrrrrrrrrrrrrrrrrrrrrrrrrrrrr', NULL, 4, 1, 0, 0, 1, '2019-05-27 05:07:54', '2020-08-18 10:36:58', 'Umar Farooq', 1),
(37, 781900080, 1, 'eeee', 1, 2, 'ewwww', NULL, 2, 0, 0, 0, 1, '2019-05-27 06:58:44', '2019-05-27 06:58:44', 'Umar Farooq', 1),
(38, 879840646, 21, 'karachi name', 48, 9, 'wssswe', 'uploads/resources/FtRdwnSAIfirbDZaQWDwx32BJOWpkdvya6mD8ihw.jpeg', 10, 0, 0, 0, 1, '2019-05-28 08:19:15', '2019-05-28 08:19:15', 'Umar Farooq', 1),
(39, 163401314, 1, 'rrrrrrrrrrr', 1, 2, 'asdsa', 'uploads/resources/ap5ZhLr6rEVKowHeDwACNU0IaCfzeWEVme0zhbzQ.jpeg', 2, 1, 1, 1, 1, '2019-05-30 08:01:07', '2020-07-08 06:10:32', 'Umar Farooq', 1),
(40, 449561631, 1, 'aasa', 2, 3, 'asa', NULL, 3, 0, 0, 0, 1, '2019-05-30 08:07:47', '2019-05-30 08:07:47', 'Umar Farooq', 1),
(41, 563527288, 20, 'RC001', 43, 10, 'Test', 'uploads/resources/fC2adcANvnfZHVuLDCznJUfrEg8bLtDHynuPHT6j.jpeg', 50, 0, 0, 0, 1, '2019-05-31 08:28:26', '2019-05-31 08:30:33', 'Umar Farooq', 1),
(43, 336859559, 8, 'Astuto SL88 Carbon Roadbike', 49, 8, 'Full carbon roadbike suitable for all levels of riding.', 'uploads/resources/Jlc5rUI3PkQBtJix7wadxrXmSIDZAx9jTfs4N8mB.jpeg', 4, 0, 0, 0, 1, '2019-06-04 05:20:11', '2019-06-04 05:20:11', 'Umar Farooq', 1),
(44, 911175784, 9, 'Surley Longhaul Trucker', 50, 17, 'The Surley Longhaul Trucker is long recognized as one of the most comfortable and versatile touring bikes ever.', 'uploads/resources/7LxKbctsokfmNBt8dfzXRo2WbC454QFWuQNcsouj.jpeg', 4, 0, 0, 0, 1, '2019-06-04 05:42:45', '2019-06-04 05:42:45', 'Umar Farooq', 1),
(45, 493048939, 19, '1122', 43, 10, '1122', 'uploads/resources/o6SB5ZsCSPZoljCzsfyj0ntkHV56OBvLCSN7RUqM.jpeg', 5, 0, 0, 0, 1, '2019-06-13 04:45:39', '2019-06-13 04:45:39', 'Umar Farooq', 1),
(46, 220829949, 1, 'sds', 1, 2, 'asd', 'uploads/resources/sHP9Fg1GDlNEAcPbiYc8nEfxOSlbaqIIPvpXQVth.jpeg', 2, 0, 0, 0, 1, '2019-06-14 11:56:29', '2019-06-14 11:56:29', 'Umar Farooq', 1),
(47, 299482138, 9, 'Astuto Carbon Adventure 650b', 32, 8, 'Astuto Full Carbon Adventure bike. 650b wheelset with ultrawide gearing.', 'uploads/resources/rcO7TPvzz61GwkCWcwrBgEqafQxGrb9JP9XVcVVh.jpeg', 2, 0, 0, 0, 1, '2019-06-19 04:06:53', '2019-06-19 04:06:53', 'Umar Farooq', 1),
(48, 940265242, 1, 'qwe', 1, 2, 'qwe', 'uploads/resources/qUi9fUdaOQolpEUrdJB4SV3gMhf1DWZjCBslIuZz.jpeg', 1, 0, 0, 0, 1, '2019-09-25 08:52:49', '2019-09-25 08:52:49', 'Umar Farooq', 1),
(49, 107463994, 4, 'Players', 1, 2, 'A lot of work and then solve Problem', 'uploads/resources/AvVQowYxpNBEPOqepUpKO4vddLJ4e7EnWE8qpRcW.jpeg', 5, 0, 0, 0, 1, '2019-09-25 08:58:06', '2019-09-25 08:58:06', 'Umar Farooq', 1),
(50, 423977983, 1, 'qwe', 1, 2, 'qwe', 'uploads/resources/s1fOvv2gmVBP54t78SehkssA7YP5mf9QPZ6F7w3Z.jpeg', 3, 0, 0, 0, 1, '2019-09-25 11:50:20', '2019-09-25 11:50:20', 'Umar Farooq', 1),
(51, 16120232, 8, 'Testttd', 43, 10, 'Trestttttasdy', 'uploads/resources/Xz34DtSMGNU32dGP3GKy1IEiRw3r9KindSwM0RMq.png', 15, 0, 0, 0, 1, '2019-09-25 12:28:21', '2019-09-25 12:28:54', 'Umar Farooq', 1),
(52, 629327491, 4, 'Players', 1, 2, 'this is completed after a long time', 'uploads/resources/CsuwEL49F6gkjU5Qhr6KkhGQ7LrzyeEQkafvKJOl.jpeg', 20, 0, 0, 0, 1, '2019-09-26 03:48:26', '2019-09-26 03:51:09', 'Umar Farooq', 1),
(59, 680860803, 8, 'Testtttt', 43, 10, 'Test test test', 'uploads/resources/zMEstsGRjEZRezXQtgyI18FWDszW79FXUXYgaD3K.jpeg', 10, 0, 0, 0, 1, '2019-09-26 09:10:33', '2019-09-26 09:10:33', 'Umar Farooq', 1),
(60, 94955626, 22, 'Ahmed', 54, 2, 'a lot of work', 'uploads/resources/NzDTpRsTuMDPSo9z43BzFAxvXqOSY0acRkWmkZlK.jpeg', 10, 0, 0, 0, 1, '2019-09-26 09:11:11', '2019-09-26 09:11:11', 'Umar Farooq', 1),
(61, 759775711, 23, 'Players333', 36, 19, 'Testing Case', 'uploads/resources/3vpQ98BeA3S2ZuMZ3geYA93SbkVjyHdOQsCkFYLf.png', 5, 0, 0, 0, 1, '2019-10-29 06:01:58', '2019-10-29 06:04:28', 'Umar Farooq', 1),
(62, 198454605, 24, 'Freewheeling Cruiser', 56, 8, 'Rent a City Cruising Bike with Freewheeling Japan. Perfect for exploring the Tokyo urban area.', 'uploads/resources/bCueAzVIEK6sNPxlM4hqYCTKTwSIP6BzNsKx1Fd0.jpeg', 4, 0, 0, 0, 1, '2019-11-19 23:43:05', '2019-11-19 23:43:05', 'Umar Farooq', 1),
(63, 909404692, 25, 'Freewheeling Night Ride', 56, 8, 'Evening ride in Tokyo. Starts at 6:00pm and ends at 9:00pm. Snacks along the way (no dinner)\r\n\r\nCYCLING SCHEDULE\r\nSTART:18:00 MEETING LOCATION\r\nDURATION:3 HOURS\r\nWEEKDAYS ¥8,000 PER PERSON.\r\nWEEKENDS AND HOLIDAYS ¥10,000 PER PERSON.', 'uploads/resources/gGNWdvP848reD8U6DJxw9dC2QmR5D6cWk3lUKX8t.jpeg', 4, 0, 0, 0, 1, '2019-11-19 23:49:39', '2019-11-19 23:53:39', 'Umar Farooq', 1),
(64, 13829047, 1, 'dddd', 1, 9, 'asdf asdf asdf sadf sdf', 'uploads/resources/rdRNhqDnv3U0FAJRnjNEMuikzpQslb818jm6YqVT.jpeg', 1, 0, 8, 13, 0, '2020-08-21 00:07:15', '2020-08-21 00:18:20', 'Umar Farooq', 1),
(65, 111308673, 13, 'iqbal resource', 29, 5, 'dsdgsdg', 'uploads/resources/o4PyogoKrYqyuUlKm8nuMaW3p4OZEgk0UoLjOib9.jpeg', 10, 0, 9, 14, 1, '2020-08-21 05:35:50', '2020-08-21 07:59:55', 'Umar Farooq', 1);

-- --------------------------------------------------------

--
-- Table structure for table `resource_blockings`
--

CREATE TABLE `resource_blockings` (
  `id` int(11) NOT NULL,
  `resource_id` int(11) NOT NULL,
  `title` varchar(160) NOT NULL,
  `description` text NOT NULL,
  `start` datetime NOT NULL,
  `end` datetime NOT NULL,
  `allDay` varchar(5) NOT NULL,
  `color` varchar(7) NOT NULL,
  `url` varchar(255) NOT NULL,
  `category` varchar(200) NOT NULL,
  `repeat_type` varchar(20) NOT NULL,
  `user_id` int(11) NOT NULL,
  `repeat_id` int(11) NOT NULL,
  `created_at` datetime DEFAULT NULL,
  `updated_at` datetime DEFAULT NULL
) ENGINE=InnoDB DEFAULT CHARSET=utf8;

--
-- Dumping data for table `resource_blockings`
--

INSERT INTO `resource_blockings` (`id`, `resource_id`, `title`, `description`, `start`, `end`, `allDay`, `color`, `url`, `category`, `repeat_type`, `user_id`, `repeat_id`, `created_at`, `updated_at`) VALUES
(70, 0, 'Block', 'yes', '2020-07-14 00:00:00', '2020-07-15 00:00:00', 'true', '#587ca3', 'false', 'category', 'every_week', 0, 69, '2020-07-03 09:53:18', '2020-07-03 09:53:18'),
(71, 0, 'Block', 'yes', '2020-07-21 00:00:00', '2020-07-22 00:00:00', 'true', '#587ca3', 'false', 'category', 'every_week', 0, 69, '2020-07-03 09:53:18', '2020-07-03 09:53:18'),
(75, 0, 'TEst', 'Test9ng', '2020-07-08 00:00:00', '2020-07-09 00:00:00', 'true', '#587ca3', 'false', 'category', 'every_week', 0, 74, '2020-07-03 10:12:13', '2020-07-03 10:12:13'),
(76, 0, 'TEst', 'Test9ng', '2020-07-15 00:00:00', '2020-07-16 00:00:00', 'true', '#587ca3', 'false', 'category', 'every_week', 0, 74, '2020-07-03 10:12:13', '2020-07-03 10:12:13'),
(77, 0, 'TEst', 'Test9ng', '2020-07-22 00:00:00', '2020-07-23 00:00:00', 'true', '#587ca3', 'false', 'category', 'every_week', 0, 74, '2020-07-03 10:12:13', '2020-07-03 10:12:13'),
(79, 10, '', 'weekly', '2020-09-11 00:00:00', '2020-09-14 00:00:00', 'true', '#587ca3', 'false', 'category', 'every_week', 0, 78, '2020-07-06 07:25:15', '2020-07-06 07:25:15'),
(80, 10, '', 'weekly', '2020-09-18 00:00:00', '2020-09-21 00:00:00', 'true', '#587ca3', 'false', 'category', 'every_week', 0, 78, '2020-07-06 07:25:15', '2020-07-06 07:25:15'),
(81, 10, '', 'weekly', '2020-09-25 00:00:00', '2020-09-28 00:00:00', 'true', '#587ca3', 'false', 'category', 'every_week', 0, 78, '2020-07-06 07:25:15', '2020-07-06 07:25:15'),
(82, 10, '', 'weekly', '2020-10-02 00:00:00', '2020-10-05 00:00:00', 'true', '#587ca3', 'false', 'category', 'every_week', 0, 78, '2020-07-06 07:25:15', '2020-07-06 07:25:15'),
(88, 10, 'zaid resource', 'sdf asdf asdf', '2020-07-06 00:00:00', '2020-07-11 00:00:00', '10}', '#587ca3', 'false', 'category', 'no', 0, 0, '2020-07-10 06:13:47', '2020-07-10 07:08:25'),
(89, 10, 'zaid resource', 'sdf asdf sdf ', '2020-07-12 00:00:00', '2020-07-18 00:00:00', 'true', '#587ca3', 'false', 'category', 'no', 0, 0, '2020-07-10 06:14:20', '2020-07-10 06:14:20'),
(90, 10, 'zaid resource', 'asdf asdfads f', '2020-07-19 00:00:00', '2020-07-26 00:00:00', 'true', '#587ca3', 'false', 'category', 'no', 0, 0, '2020-07-10 06:16:40', '2020-07-10 06:16:40'),
(91, 10, 'zaid resource', 'asdf asdf asdf adsf adsf adsf asf ads', '2020-07-27 00:00:00', '2020-08-01 00:00:00', '10}', '#587ca3', 'false', 'category', 'no', 0, 0, '2020-07-10 07:09:07', '2020-07-10 07:09:07');

-- --------------------------------------------------------

--
-- Table structure for table `resource_images`
--

CREATE TABLE `resource_images` (
  `id` int(10) UNSIGNED NOT NULL,
  `resource_id` int(10) UNSIGNED NOT NULL,
  `image` varchar(191) COLLATE utf8mb4_unicode_ci DEFAULT NULL,
  `created_at` timestamp NULL DEFAULT NULL,
  `updated_at` timestamp NULL DEFAULT NULL
) ENGINE=InnoDB DEFAULT CHARSET=utf8mb4 COLLATE=utf8mb4_unicode_ci;

--
-- Dumping data for table `resource_images`
--

INSERT INTO `resource_images` (`id`, `resource_id`, `image`, `created_at`, `updated_at`) VALUES
(10, 14, 'uploads/resource/RgIihyAW8E8ZXEzmfp0acLoD87ce1Xsot1VeA8OE.jpeg', '2019-03-15 14:50:55', '2019-03-15 14:50:55'),
(11, 14, 'uploads/resource/jEO8IDnOHDvrThyb9L7qPOCSjZ86Ae7qmWFc2NLD.jpeg', '2019-03-15 14:50:55', '2019-03-15 14:50:55'),
(16, 22, 'uploads/resource/Lo6AgKOG7C7V6UK62kTwuvkiNTfXBSYS5C8yYwzr.jpeg', '2019-05-08 09:06:17', '2019-05-08 09:06:17'),
(17, 22, 'uploads/resource/A1OHhrB9QvMhEcyOKOoYpZTILdhEFIjGWluhDt0v.jpeg', '2019-05-08 09:06:17', '2019-05-08 09:06:17'),
(18, 22, 'uploads/resource/WIIXOcW4AUUmDIlZchlA9tucuOdzEnKxqs8hvVs0.jpeg', '2019-05-08 09:06:17', '2019-05-08 09:06:17'),
(19, 23, 'uploads/resource/BUvAK79Aw7Nr1t9m12ojnjDAM6FWz3RMvtoD6LyG.jpeg', '2019-05-14 06:50:33', '2019-05-14 06:50:33'),
(20, 23, 'uploads/resource/8IjzDz1azCqAOf8PXFukheMaPh1haitvcadWT41H.jpeg', '2019-05-14 06:50:33', '2019-05-14 06:50:33'),
(24, 41, 'uploads/resource/puw6C6BOMtgmJoGM4yncbgQwaWAAbYPkKU5uRl2g.jpeg', '2019-05-31 08:28:26', '2019-05-31 08:28:26'),
(25, 41, 'uploads/resource/IlczR3cm1WbVcIBRcutfnU5WI8nNhx4vXTxvZiPY.jpeg', '2019-05-31 08:28:26', '2019-05-31 08:28:26'),
(26, 41, 'uploads/resource/41H80wOBkzlBhlcwJZaN0QlRCPxJA42U2toz6SGS.jpeg', '2019-05-31 08:28:28', '2019-05-31 08:28:28'),
(28, 45, 'uploads/resource/wWcQ8bej0K430pWZveZMujwmMF6Rt14Kq5iW576h.jpeg', '2019-06-13 04:45:39', '2019-06-13 04:45:39'),
(29, 45, 'uploads/resource/8cuIATFWYrTS5qPgoOxz9UH0MHBeoh5gJM2qGvSb.jpeg', '2019-06-13 04:45:39', '2019-06-13 04:45:39'),
(33, 47, 'uploads/resource/9TNxL0rb85iri4QEXbQuSmNCfT2A7aUONcBpvJR4.jpeg', '2019-06-19 04:10:07', '2019-06-19 04:10:07'),
(34, 47, 'uploads/resource/TPMjsJ0lrhRgYEbvB4kPZO1YyEgS75IyXKMeCqNS.jpeg', '2019-06-19 04:10:09', '2019-06-19 04:10:09'),
(35, 48, 'uploads/resource/z6rZyGw35jOmLjqKWPkfgcjvtWeUduWkhrJEUb4j.jpeg', '2019-09-25 08:52:51', '2019-09-25 08:52:51'),
(36, 49, 'uploads/resource/Jl788w1q9runyZSDjPK2D4Cwnb5dWJ9xwd4FP4tG.jpeg', '2019-09-25 08:58:06', '2019-09-25 08:58:06'),
(37, 50, 'uploads/resource/LsjM8u2uvh5xEk5Ef2VSUFkgPdynbA0g0yhLCqZF.jpeg', '2019-09-25 11:50:22', '2019-09-25 11:50:22'),
(40, 59, 'uploads/resource/AouCbbvQkkC2DzgYl1YpkxJDjLKFmIc7wyD3vIAt.jpeg', '2019-09-26 09:10:33', '2019-09-26 09:10:33'),
(41, 60, 'uploads/resource/YMZBqLKYFj9RQeAvLdSady6yPU1Jpry90mHUigKB.jpeg', '2019-09-26 09:11:11', '2019-09-26 09:11:11'),
(42, 61, 'uploads/resource/Y7Cot5WPw6kHXrH3ZWuwjzQUs7Z0ddi5ORYpOdV1.png', '2019-10-29 06:01:58', '2019-10-29 06:01:58'),
(43, 65, 'uploads/resource/XhKG2rkt39fQE3Ujk2Af4FnbbBWjmYv4l0pG0c5E.jpeg', '2020-08-21 05:35:51', '2020-08-21 05:35:51'),
(44, 65, 'uploads/resource/1E8eK9iuK8WUClIsEQwzquyc92hX3AHLUNgeJWod.jpeg', '2020-08-21 05:35:51', '2020-08-21 05:35:51');

-- --------------------------------------------------------

--
-- Table structure for table `resource_prices`
--

CREATE TABLE `resource_prices` (
  `id` int(10) UNSIGNED NOT NULL,
  `type` varchar(191) COLLATE utf8mb4_unicode_ci NOT NULL,
  `basic_rate` int(11) NOT NULL,
  `resource_id` int(10) UNSIGNED NOT NULL,
  `status` int(11) NOT NULL DEFAULT '1',
  `created_at` timestamp NULL DEFAULT NULL,
  `updated_at` timestamp NULL DEFAULT NULL
) ENGINE=InnoDB DEFAULT CHARSET=utf8mb4 COLLATE=utf8mb4_unicode_ci;

--
-- Dumping data for table `resource_prices`
--

INSERT INTO `resource_prices` (`id`, `type`, `basic_rate`, `resource_id`, `status`, `created_at`, `updated_at`) VALUES
(6, 'Days', 20, 10, 1, '2019-03-05 03:52:06', '2020-07-06 03:18:48'),
(7, 'Days', 200, 14, 1, '2019-03-15 14:53:28', '2019-03-15 14:53:28'),
(8, 'Days', 50, 17, 1, '2019-04-26 05:01:50', '2019-04-26 05:01:50'),
(10, 'Days', 500, 11, 1, '2019-04-26 12:13:05', '2019-04-26 12:13:05'),
(11, 'Days', 500, 18, 1, '2019-04-26 12:15:39', '2019-04-26 12:15:39'),
(12, 'Days', 7000, 19, 1, '2019-04-28 23:51:45', '2019-04-28 23:51:45'),
(13, 'Days', 100, 20, 1, '2019-04-28 23:53:21', '2019-12-26 13:57:49'),
(14, 'Days', 10, 22, 1, '2019-05-08 09:10:21', '2019-05-08 09:10:21'),
(15, 'Days', 5000, 21, 1, '2019-05-09 03:26:05', '2019-05-14 21:22:17'),
(16, 'Hours', 0, 23, 1, '2019-05-14 07:11:39', '2019-12-26 11:43:35'),
(19, 'Days', 5000, 25, 1, '2019-05-14 21:23:05', '2019-05-14 21:23:05'),
(20, 'Days', 10000, 26, 1, '2019-05-14 22:34:04', '2019-05-14 22:34:04'),
(23, 'Days', 55, 29, 1, '2019-05-15 04:30:58', '2019-05-15 04:30:58'),
(25, 'Days', 20, 30, 1, '2019-05-16 04:28:35', '2019-05-16 04:28:35'),
(26, 'Hours', 200, 31, 1, '2019-05-16 05:44:53', '2019-05-16 05:44:53'),
(29, 'Days', 25, 12, 1, '2019-05-17 04:15:06', '2019-05-17 04:15:06'),
(30, 'Days', 12, 13, 1, '2019-05-17 04:15:28', '2019-05-17 04:15:28'),
(31, 'Days', 12, 15, 1, '2019-05-17 04:15:41', '2019-05-17 04:15:41'),
(32, 'Days', 4, 35, 1, '2019-05-27 05:08:12', '2019-05-27 05:08:12'),
(33, 'Days', 20, 37, 1, '2019-05-27 06:58:55', '2019-05-27 06:58:55'),
(34, 'Days', 12, 38, 1, '2019-05-28 08:19:39', '2019-05-28 08:19:39'),
(35, 'Days', 12, 39, 1, '2019-05-30 08:01:18', '2019-05-30 08:01:18'),
(36, 'Days', 12, 40, 1, '2019-05-30 08:07:57', '2019-05-30 08:07:57'),
(37, 'Days', 1, 41, 1, '2019-05-31 08:28:48', '2019-12-26 12:37:25'),
(39, 'Days', 7500, 43, 1, '2019-06-04 05:20:32', '2019-06-04 05:20:32'),
(40, 'Days', 5000, 44, 1, '2019-06-04 05:43:21', '2019-06-04 05:43:21'),
(41, 'Days', 10, 45, 1, '2019-06-13 04:46:24', '2019-06-13 04:46:24'),
(42, 'Days', 210, 46, 1, '2019-06-14 11:56:55', '2019-06-14 11:56:55'),
(43, 'Days', 5000, 47, 1, '2019-06-19 04:07:59', '2019-06-19 04:07:59'),
(44, 'Days', 10, 30, 1, '2019-09-25 08:58:39', '2019-09-25 08:58:39'),
(45, 'Days', 100, 51, 1, '2019-09-25 12:28:29', '2019-09-25 12:28:29'),
(46, 'Days', 10, 52, 1, '2019-09-26 03:48:42', '2019-09-26 03:48:42'),
(47, 'Days', 20, 59, 1, '2019-09-26 09:10:59', '2019-09-26 09:10:59'),
(48, 'Days', 5, 37, 1, '2019-09-26 09:11:30', '2019-09-26 09:11:30'),
(49, 'Hours', 5, 61, 1, '2019-10-29 06:02:51', '2019-10-29 06:06:05'),
(50, 'Days', 5000, 62, 1, '2019-11-19 23:43:20', '2019-11-19 23:43:20'),
(51, 'Days', 8000, 63, 1, '2019-11-19 23:50:03', '2019-11-19 23:50:03'),
(52, 'Days', 333, 64, 1, '2020-08-21 00:07:28', '2020-08-21 00:07:28'),
(53, 'Days', 45, 65, 1, '2020-08-21 05:36:17', '2020-08-21 05:36:17');

-- --------------------------------------------------------

--
-- Table structure for table `resource_price_rules`
--

CREATE TABLE `resource_price_rules` (
  `id` int(10) UNSIGNED NOT NULL,
  `limit` varchar(191) COLLATE utf8mb4_unicode_ci NOT NULL,
  `price` int(11) NOT NULL,
  `resource_price_id` int(10) UNSIGNED NOT NULL,
  `status` int(11) NOT NULL DEFAULT '1',
  `created_at` timestamp NULL DEFAULT NULL,
  `updated_at` timestamp NULL DEFAULT NULL
) ENGINE=InnoDB DEFAULT CHARSET=utf8mb4 COLLATE=utf8mb4_unicode_ci;

--
-- Dumping data for table `resource_price_rules`
--

INSERT INTO `resource_price_rules` (`id`, `limit`, `price`, `resource_price_id`, `status`, `created_at`, `updated_at`) VALUES
(12, '3', 50, 6, 1, '2019-03-05 03:52:06', '2019-03-05 03:52:06'),
(13, '5', 44, 6, 1, '2019-03-05 03:52:06', '2019-03-05 03:52:06'),
(14, '4', 5, 7, 1, '2019-03-15 14:53:28', '2019-03-15 14:53:28'),
(15, '7', 15, 7, 1, '2019-03-15 14:53:28', '2019-03-15 14:53:28'),
(16, '2', 100, 8, 1, '2019-04-26 05:01:50', '2019-04-26 05:01:50'),
(18, '12', 330, 33, 1, '2019-04-26 12:13:05', '2019-04-26 12:13:05'),
(19, '2', 20, 11, 1, '2019-04-26 12:15:39', '2019-04-26 12:15:39'),
(20, '3', 21000, 12, 1, '2019-04-28 23:51:45', '2019-04-28 23:51:45'),
(21, '2', 10, 13, 1, '2019-04-28 23:53:21', '2019-04-28 23:53:21'),
(22, '7', 20, 13, 1, '2019-04-28 23:53:21', '2019-04-28 23:53:21'),
(23, '5', 45, 14, 1, '2019-05-08 09:10:21', '2019-05-08 09:10:21'),
(24, '9', 85, 14, 1, '2019-05-08 09:10:21', '2019-05-08 09:10:21'),
(25, '3', 200, 8, 1, '2019-05-09 03:25:26', '2019-05-09 03:25:26'),
(26, '1', 5000, 15, 1, '2019-05-09 03:26:05', '2019-05-09 03:26:05'),
(27, '4', 30, 14, 1, '2019-05-10 07:53:45', '2019-05-10 07:53:45'),
(28, '24', 0, 16, 1, '2019-05-14 07:11:39', '2019-05-14 07:11:39'),
(30, '1', 5000, 19, 1, '2019-05-14 21:23:05', '2019-05-14 21:23:05'),
(31, '3', 10000, 19, 1, '2019-05-14 21:23:05', '2019-05-14 21:23:05'),
(32, '.5', 6000, 20, 1, '2019-05-14 22:34:04', '2019-05-14 22:34:04'),
(33, '1', 10000, 20, 1, '2019-05-14 22:34:04', '2019-05-14 22:34:04'),
(34, '7', 50000, 20, 1, '2019-05-14 22:34:04', '2019-05-14 22:34:04'),
(37, '3', 50, 23, 1, '2019-05-15 04:30:58', '2019-05-15 04:30:58'),
(40, '3', 45, 25, 1, '2019-05-16 04:28:35', '2019-05-16 04:28:35'),
(41, '7', 60, 25, 1, '2019-05-16 04:28:35', '2019-05-16 04:28:35'),
(42, '1', 50, 26, 1, '2019-05-16 05:44:53', '2019-05-16 05:44:53'),
(43, '2', 80, 26, 1, '2019-05-16 05:44:53', '2019-05-16 05:44:53'),
(45, '3', 55, 29, 1, '2019-05-17 04:15:06', '2019-05-17 04:15:06'),
(46, '2', 33, 30, 1, '2019-05-17 04:15:28', '2019-05-17 04:15:28'),
(47, '12', 23, 31, 1, '2019-05-17 04:15:41', '2019-05-17 04:15:41'),
(48, '4', 20, 32, 1, '2019-05-27 05:08:12', '2019-05-27 05:08:12'),
(49, '2', 23, 33, 1, '2019-05-27 06:58:55', '2019-05-27 06:58:55'),
(50, '7', 23, 34, 1, '2019-05-28 08:19:39', '2019-05-28 08:19:39'),
(51, '7', 23, 35, 1, '2019-05-30 08:01:18', '2019-05-30 08:01:18'),
(52, '5', 200, 36, 1, '2019-05-30 08:07:57', '2019-05-30 08:07:57'),
(53, '3', 1, 37, 1, '2019-05-31 08:28:48', '2019-05-31 08:28:48'),
(54, '1', 7500, 39, 1, '2019-06-04 05:20:32', '2019-06-04 05:20:32'),
(62, '1', 5000, 43, 1, '2019-06-19 04:07:59', '2019-06-19 04:07:59'),
(63, '3', 12000, 43, 1, '2019-06-19 04:07:59', '2019-06-19 04:07:59'),
(64, '7', 20000, 43, 1, '2019-06-19 04:07:59', '2019-06-19 04:07:59'),
(65, '48', 0, 16, 1, '2019-06-19 05:25:49', '2019-06-19 05:25:49'),
(66, '5', 90, 47, 1, '2019-09-26 09:10:59', '2019-09-26 09:10:59'),
(67, '2', 1000, 49, 1, '2019-10-29 06:02:51', '2019-10-29 06:02:51'),
(68, '7', 40000, 12, 1, '2020-01-30 15:56:07', '2020-01-30 15:56:07'),
(69, '5', 75, 23, 1, '2020-02-03 14:59:57', '2020-02-03 14:59:57'),
(70, '3', 10, 45, 1, '2020-02-04 07:35:52', '2020-02-04 07:35:52'),
(71, '4', 15, 40, 1, '2020-05-05 03:16:36', '2020-05-05 03:16:36'),
(72, '5', 45, 6, 1, '2020-07-06 03:19:11', '2020-07-06 03:19:11'),
(73, '5', 45, 53, 1, '2020-08-21 05:36:17', '2020-08-21 05:36:17');

-- --------------------------------------------------------

--
-- Table structure for table `resource_quantities`
--

CREATE TABLE `resource_quantities` (
  `id` int(10) UNSIGNED NOT NULL,
  `uid` varchar(191) COLLATE utf8mb4_unicode_ci DEFAULT NULL,
  `availibility_status` int(11) NOT NULL DEFAULT '0',
  `resource_id` int(10) UNSIGNED NOT NULL,
  `created_at` timestamp NULL DEFAULT NULL,
  `updated_at` timestamp NULL DEFAULT NULL
) ENGINE=InnoDB DEFAULT CHARSET=utf8mb4 COLLATE=utf8mb4_unicode_ci;

--
-- Dumping data for table `resource_quantities`
--

INSERT INTO `resource_quantities` (`id`, `uid`, `availibility_status`, `resource_id`, `created_at`, `updated_at`) VALUES
(40, '171685412', 0, 12, '2019-03-11 06:47:26', '2019-03-11 06:47:26'),
(47, '254889777', 0, 13, '2019-03-12 06:32:16', '2019-03-12 06:32:16'),
(57, '868454488', 0, 11, '2019-03-12 07:48:23', '2019-03-12 07:48:23'),
(58, '894091070', 0, 11, '2019-03-12 07:48:23', '2019-03-12 07:48:23'),
(59, '682520773', 0, 11, '2019-03-12 07:48:23', '2019-03-12 07:48:23'),
(74, '819053079', 0, 15, '2019-03-20 09:07:19', '2019-03-20 09:07:19'),
(130, '971951649', 0, 17, '2019-04-26 05:01:07', '2019-04-26 05:01:07'),
(131, '93006957', 0, 17, '2019-04-26 05:01:07', '2019-04-26 05:01:07'),
(132, '272511468', 0, 17, '2019-04-26 05:01:07', '2019-04-26 05:01:07'),
(133, '94518810', 0, 17, '2019-04-26 05:01:07', '2019-04-26 05:01:07'),
(134, '938571843', 0, 17, '2019-04-26 05:01:07', '2019-04-26 05:01:07'),
(135, '811116800', 0, 17, '2019-04-26 05:01:07', '2019-04-26 05:01:07'),
(136, '100259263', 0, 17, '2019-04-26 05:01:07', '2019-04-26 05:01:07'),
(137, '29355104', 0, 17, '2019-04-26 05:01:07', '2019-04-26 05:01:07'),
(138, '749494935', 0, 17, '2019-04-26 05:01:07', '2019-04-26 05:01:07'),
(139, '48041687', 0, 17, '2019-04-26 05:01:07', '2019-04-26 05:01:07'),
(150, '315254199', 0, 14, '2019-04-26 11:33:28', '2019-04-26 11:33:28'),
(151, '259227363', 0, 14, '2019-04-26 11:33:28', '2019-04-26 11:33:28'),
(152, '757743088', 0, 14, '2019-04-26 11:33:28', '2019-04-26 11:33:28'),
(153, '751780659', 0, 14, '2019-04-26 11:33:28', '2019-04-26 11:33:28'),
(154, '80725142', 0, 14, '2019-04-26 11:33:28', '2019-04-26 11:33:28'),
(155, '18377607', 0, 14, '2019-04-26 11:33:28', '2019-04-26 11:33:28'),
(156, '297817138', 0, 14, '2019-04-26 11:33:28', '2019-04-26 11:33:28'),
(157, '73140286', 0, 14, '2019-04-26 11:33:28', '2019-04-26 11:33:28'),
(158, '293914701', 0, 14, '2019-04-26 11:33:28', '2019-04-26 11:33:28'),
(159, '585173747', 0, 14, '2019-04-26 11:33:28', '2019-04-26 11:33:28'),
(170, '677539834', 0, 18, '2019-04-26 12:14:29', '2019-04-26 12:14:29'),
(171, '743008438', 0, 18, '2019-04-26 12:14:29', '2019-04-26 12:14:29'),
(172, '137489384', 0, 18, '2019-04-26 12:14:29', '2019-04-26 12:14:29'),
(173, '514209009', 0, 18, '2019-04-26 12:14:29', '2019-04-26 12:14:29'),
(174, '311164522', 0, 18, '2019-04-26 12:14:29', '2019-04-26 12:14:29'),
(175, '42251614', 0, 18, '2019-04-26 12:14:29', '2019-04-26 12:14:29'),
(176, '134837604', 0, 18, '2019-04-26 12:14:29', '2019-04-26 12:14:29'),
(177, '884241298', 0, 18, '2019-04-26 12:14:29', '2019-04-26 12:14:29'),
(178, '659336255', 0, 18, '2019-04-26 12:14:29', '2019-04-26 12:14:29'),
(179, '742871723', 0, 18, '2019-04-26 12:14:29', '2019-04-26 12:14:29'),
(189, '670520024', 0, 21, '2019-05-06 04:44:07', '2019-05-06 04:44:07'),
(205, '467085135', 0, 22, '2019-05-08 09:30:55', '2019-05-08 09:30:55'),
(206, '367439727', 0, 22, '2019-05-08 09:30:55', '2019-05-08 09:30:55'),
(207, '373778125', 0, 22, '2019-05-08 09:30:55', '2019-05-08 09:30:55'),
(208, '876214721', 0, 22, '2019-05-08 09:30:55', '2019-05-08 09:30:55'),
(209, '403139049', 0, 22, '2019-05-08 09:30:55', '2019-05-08 09:30:55'),
(210, '767702689', 0, 22, '2019-05-08 09:30:55', '2019-05-08 09:30:55'),
(211, '788917040', 0, 22, '2019-05-08 09:30:55', '2019-05-08 09:30:55'),
(212, '464169064', 0, 22, '2019-05-08 09:30:55', '2019-05-08 09:30:55'),
(213, '703264921', 0, 22, '2019-05-08 09:30:55', '2019-05-08 09:30:55'),
(214, '77660279', 0, 22, '2019-05-08 09:30:55', '2019-05-08 09:30:55'),
(215, '366981124', 0, 22, '2019-05-08 09:30:55', '2019-05-08 09:30:55'),
(216, '354427207', 0, 22, '2019-05-08 09:30:55', '2019-05-08 09:30:55'),
(217, '525852404', 0, 22, '2019-05-08 09:30:55', '2019-05-08 09:30:55'),
(218, '389518217', 0, 22, '2019-05-08 09:30:55', '2019-05-08 09:30:55'),
(219, '216688860', 0, 22, '2019-05-08 09:30:55', '2019-05-08 09:30:55'),
(220, '722700222', 0, 22, '2019-05-08 09:30:55', '2019-05-08 09:30:55'),
(221, '872109835', 0, 22, '2019-05-08 09:30:55', '2019-05-08 09:30:55'),
(222, '233399668', 0, 22, '2019-05-08 09:30:55', '2019-05-08 09:30:55'),
(223, '191720557', 0, 22, '2019-05-08 09:30:55', '2019-05-08 09:30:55'),
(224, '676597026', 0, 22, '2019-05-08 09:30:55', '2019-05-08 09:30:55'),
(942, '460121569', 0, 25, '2019-05-14 21:43:37', '2019-05-14 21:43:37'),
(943, '735788473', 0, 25, '2019-05-14 21:43:37', '2019-05-14 21:43:37'),
(944, '725078302', 0, 25, '2019-05-14 21:43:37', '2019-05-14 21:43:37'),
(947, '215903094', 0, 29, '2019-05-15 04:30:42', '2019-05-15 04:30:42'),
(948, '228269578', 0, 29, '2019-05-15 04:30:42', '2019-05-15 04:30:42'),
(949, '234319802', 0, 29, '2019-05-15 04:30:42', '2019-05-15 04:30:42'),
(950, '137212512', 0, 29, '2019-05-15 04:30:42', '2019-05-15 04:30:42'),
(951, '309699585', 0, 30, '2019-05-16 04:28:05', '2019-05-16 04:28:05'),
(952, '482916648', 0, 30, '2019-05-16 04:28:05', '2019-05-16 04:28:05'),
(953, '141526140', 0, 30, '2019-05-16 04:28:05', '2019-05-16 04:28:05'),
(954, '767853275', 0, 30, '2019-05-16 04:28:05', '2019-05-16 04:28:05'),
(955, '382803411', 0, 30, '2019-05-16 04:28:05', '2019-05-16 04:28:05'),
(956, '150534790', 0, 30, '2019-05-16 04:28:05', '2019-05-16 04:28:05'),
(957, '166524454', 0, 30, '2019-05-16 04:28:05', '2019-05-16 04:28:05'),
(958, '859949092', 0, 30, '2019-05-16 04:28:05', '2019-05-16 04:28:05'),
(959, '756967091', 0, 30, '2019-05-16 04:28:05', '2019-05-16 04:28:05'),
(960, '61184816', 0, 30, '2019-05-16 04:28:05', '2019-05-16 04:28:05'),
(961, '48407534', 0, 31, '2019-05-16 05:43:53', '2019-05-16 05:43:53'),
(962, '5262747', 0, 31, '2019-05-16 05:43:53', '2019-05-16 05:43:53'),
(963, '594599135', 0, 31, '2019-05-16 05:43:53', '2019-05-16 05:43:53'),
(964, '90664466', 0, 31, '2019-05-16 05:43:53', '2019-05-16 05:43:53'),
(965, '91619653', 0, 31, '2019-05-16 05:43:53', '2019-05-16 05:43:53'),
(972, '371403389', 0, 23, '2019-05-21 03:52:38', '2019-05-21 03:52:38'),
(973, '728649545', 0, 23, '2019-05-21 03:52:38', '2019-05-21 03:52:38'),
(1031, '725303181', 0, 37, '2019-05-27 06:58:44', '2019-05-27 06:58:44'),
(1032, '991388578', 0, 37, '2019-05-27 06:58:44', '2019-05-27 06:58:44'),
(1033, '384002007', 0, 38, '2019-05-28 08:19:15', '2019-05-28 08:19:15'),
(1034, '299004356', 0, 38, '2019-05-28 08:19:15', '2019-05-28 08:19:15'),
(1035, '616783087', 0, 38, '2019-05-28 08:19:15', '2019-05-28 08:19:15'),
(1036, '904687495', 0, 38, '2019-05-28 08:19:15', '2019-05-28 08:19:15'),
(1037, '962039975', 0, 38, '2019-05-28 08:19:15', '2019-05-28 08:19:15'),
(1038, '807152933', 0, 38, '2019-05-28 08:19:15', '2019-05-28 08:19:15'),
(1039, '860090794', 0, 38, '2019-05-28 08:19:15', '2019-05-28 08:19:15'),
(1040, '320082658', 0, 38, '2019-05-28 08:19:15', '2019-05-28 08:19:15'),
(1041, '623028323', 0, 38, '2019-05-28 08:19:15', '2019-05-28 08:19:15'),
(1042, '536870536', 0, 38, '2019-05-28 08:19:15', '2019-05-28 08:19:15'),
(1043, '686412420', 0, 35, '2019-05-30 05:46:37', '2019-05-30 05:46:37'),
(1044, '765228136', 0, 35, '2019-05-30 05:46:37', '2019-05-30 05:46:37'),
(1045, '663557465', 0, 35, '2019-05-30 05:46:37', '2019-05-30 05:46:37'),
(1046, '545434398', 0, 35, '2019-05-30 05:46:37', '2019-05-30 05:46:37'),
(1049, '610013224', 0, 39, '2019-05-30 08:01:27', '2019-05-30 08:01:27'),
(1050, '712366125', 0, 39, '2019-05-30 08:01:27', '2019-05-30 08:01:27'),
(1051, '820242863', 0, 40, '2019-05-30 08:07:47', '2019-05-30 08:07:47'),
(1052, '9479666', 0, 40, '2019-05-30 08:07:47', '2019-05-30 08:07:47'),
(1053, '547169674', 0, 40, '2019-05-30 08:07:47', '2019-05-30 08:07:47'),
(1204, '924302970', 0, 41, '2019-05-31 08:40:04', '2019-05-31 08:40:04'),
(1205, '979990144', 0, 41, '2019-05-31 08:40:04', '2019-05-31 08:40:04'),
(1206, '607376708', 0, 41, '2019-05-31 08:40:04', '2019-05-31 08:40:04'),
(1207, '207359273', 0, 41, '2019-05-31 08:40:04', '2019-05-31 08:40:04'),
(1208, '632207538', 0, 41, '2019-05-31 08:40:04', '2019-05-31 08:40:04'),
(1209, '982969909', 0, 41, '2019-05-31 08:40:04', '2019-05-31 08:40:04'),
(1210, '230388714', 0, 41, '2019-05-31 08:40:04', '2019-05-31 08:40:04'),
(1211, '686300849', 0, 41, '2019-05-31 08:40:04', '2019-05-31 08:40:04'),
(1212, '933964426', 0, 41, '2019-05-31 08:40:04', '2019-05-31 08:40:04'),
(1213, '659901882', 0, 41, '2019-05-31 08:40:04', '2019-05-31 08:40:04'),
(1214, '580756246', 0, 41, '2019-05-31 08:40:04', '2019-05-31 08:40:04'),
(1215, '942240460', 0, 41, '2019-05-31 08:40:04', '2019-05-31 08:40:04'),
(1216, '182811092', 0, 41, '2019-05-31 08:40:04', '2019-05-31 08:40:04'),
(1217, '724018485', 0, 41, '2019-05-31 08:40:04', '2019-05-31 08:40:04'),
(1218, '909965701', 0, 41, '2019-05-31 08:40:04', '2019-05-31 08:40:04'),
(1219, '627004936', 0, 41, '2019-05-31 08:40:04', '2019-05-31 08:40:04'),
(1220, '421206960', 0, 41, '2019-05-31 08:40:04', '2019-05-31 08:40:04'),
(1221, '387538277', 0, 41, '2019-05-31 08:40:04', '2019-05-31 08:40:04'),
(1222, '237922131', 0, 41, '2019-05-31 08:40:04', '2019-05-31 08:40:04'),
(1223, '701395682', 0, 41, '2019-05-31 08:40:04', '2019-05-31 08:40:04'),
(1224, '610419916', 0, 41, '2019-05-31 08:40:04', '2019-05-31 08:40:04'),
(1225, '59183292', 0, 41, '2019-05-31 08:40:04', '2019-05-31 08:40:04'),
(1226, '791280270', 0, 41, '2019-05-31 08:40:04', '2019-05-31 08:40:04'),
(1227, '620617959', 0, 41, '2019-05-31 08:40:04', '2019-05-31 08:40:04'),
(1228, '133434536', 0, 41, '2019-05-31 08:40:04', '2019-05-31 08:40:04'),
(1229, '526774385', 0, 41, '2019-05-31 08:40:05', '2019-05-31 08:40:05'),
(1230, '361804791', 0, 41, '2019-05-31 08:40:05', '2019-05-31 08:40:05'),
(1231, '372178183', 0, 41, '2019-05-31 08:40:05', '2019-05-31 08:40:05'),
(1232, '713914775', 0, 41, '2019-05-31 08:40:05', '2019-05-31 08:40:05'),
(1233, '745920386', 0, 41, '2019-05-31 08:40:05', '2019-05-31 08:40:05'),
(1234, '660746463', 0, 41, '2019-05-31 08:40:05', '2019-05-31 08:40:05'),
(1235, '929433520', 0, 41, '2019-05-31 08:40:05', '2019-05-31 08:40:05'),
(1236, '281797212', 0, 41, '2019-05-31 08:40:05', '2019-05-31 08:40:05'),
(1237, '578717482', 0, 41, '2019-05-31 08:40:05', '2019-05-31 08:40:05'),
(1238, '36483168', 0, 41, '2019-05-31 08:40:05', '2019-05-31 08:40:05'),
(1239, '141694421', 0, 41, '2019-05-31 08:40:05', '2019-05-31 08:40:05'),
(1240, '817464784', 0, 41, '2019-05-31 08:40:05', '2019-05-31 08:40:05'),
(1241, '57493232', 0, 41, '2019-05-31 08:40:05', '2019-05-31 08:40:05'),
(1242, '833123372', 0, 41, '2019-05-31 08:40:05', '2019-05-31 08:40:05'),
(1243, '169160381', 0, 41, '2019-05-31 08:40:05', '2019-05-31 08:40:05'),
(1244, '899019775', 0, 41, '2019-05-31 08:40:05', '2019-05-31 08:40:05'),
(1245, '306956627', 0, 41, '2019-05-31 08:40:05', '2019-05-31 08:40:05'),
(1246, '94561187', 0, 41, '2019-05-31 08:40:05', '2019-05-31 08:40:05'),
(1247, '984578567', 0, 41, '2019-05-31 08:40:05', '2019-05-31 08:40:05'),
(1248, '537159848', 0, 41, '2019-05-31 08:40:05', '2019-05-31 08:40:05'),
(1249, '56426237', 0, 41, '2019-05-31 08:40:05', '2019-05-31 08:40:05'),
(1250, '597355777', 0, 41, '2019-05-31 08:40:05', '2019-05-31 08:40:05'),
(1251, '169981288', 0, 41, '2019-05-31 08:40:05', '2019-05-31 08:40:05'),
(1252, '616395554', 0, 41, '2019-05-31 08:40:05', '2019-05-31 08:40:05'),
(1253, '801594034', 0, 41, '2019-05-31 08:40:05', '2019-05-31 08:40:05'),
(1267, '369617677', 0, 43, '2019-06-04 05:22:38', '2019-06-04 05:22:38'),
(1268, '707160265', 0, 43, '2019-06-04 05:22:38', '2019-06-04 05:22:38'),
(1269, '38327943', 0, 43, '2019-06-04 05:22:38', '2019-06-04 05:22:38'),
(1270, '153589252', 0, 43, '2019-06-04 05:22:38', '2019-06-04 05:22:38'),
(1284, '525658951', 0, 45, '2019-06-13 04:45:39', '2019-06-13 04:45:39'),
(1285, '23993728', 0, 45, '2019-06-13 04:45:39', '2019-06-13 04:45:39'),
(1286, '923372108', 0, 45, '2019-06-13 04:45:39', '2019-06-13 04:45:39'),
(1287, '633189564', 0, 45, '2019-06-13 04:45:39', '2019-06-13 04:45:39'),
(1288, '321741624', 0, 45, '2019-06-13 04:45:39', '2019-06-13 04:45:39'),
(1289, '149993025', 0, 46, '2019-06-14 11:56:29', '2019-06-14 11:56:29'),
(1290, '463088032', 0, 46, '2019-06-14 11:56:29', '2019-06-14 11:56:29'),
(1295, '177768832', 0, 47, '2019-06-19 04:10:04', '2019-06-19 04:10:04'),
(1296, '941390075', 0, 47, '2019-06-19 04:10:04', '2019-06-19 04:10:04'),
(1463, '111871483', 0, 19, '2019-08-27 22:05:27', '2019-08-27 22:05:27'),
(1464, '535553586', 0, 50, '2019-09-25 11:50:20', '2019-09-25 11:50:20'),
(1465, '717102368', 0, 50, '2019-09-25 11:50:20', '2019-09-25 11:50:20'),
(1466, '799212765', 0, 50, '2019-09-25 11:50:20', '2019-09-25 11:50:20'),
(1477, '857668699', 0, 51, '2019-09-25 12:28:54', '2019-09-25 12:28:54'),
(1478, '941017627', 0, 51, '2019-09-25 12:28:54', '2019-09-25 12:28:54'),
(1479, '266146177', 0, 51, '2019-09-25 12:28:54', '2019-09-25 12:28:54'),
(1480, '922269725', 0, 51, '2019-09-25 12:28:54', '2019-09-25 12:28:54'),
(1481, '833549857', 0, 51, '2019-09-25 12:28:54', '2019-09-25 12:28:54'),
(1482, '8919298', 0, 51, '2019-09-25 12:28:54', '2019-09-25 12:28:54'),
(1483, '407356610', 0, 51, '2019-09-25 12:28:54', '2019-09-25 12:28:54'),
(1484, '429776839', 0, 51, '2019-09-25 12:28:54', '2019-09-25 12:28:54'),
(1485, '990148674', 0, 51, '2019-09-25 12:28:54', '2019-09-25 12:28:54'),
(1486, '41582822', 0, 51, '2019-09-25 12:28:54', '2019-09-25 12:28:54'),
(1487, '21730873', 0, 51, '2019-09-25 12:28:54', '2019-09-25 12:28:54'),
(1488, '825029693', 0, 51, '2019-09-25 12:28:54', '2019-09-25 12:28:54'),
(1489, '283993886', 0, 51, '2019-09-25 12:28:54', '2019-09-25 12:28:54'),
(1490, '524535442', 0, 51, '2019-09-25 12:28:54', '2019-09-25 12:28:54'),
(1491, '281213461', 0, 51, '2019-09-25 12:28:54', '2019-09-25 12:28:54'),
(1552, '700721668', 0, 20, '2019-09-26 03:50:20', '2019-09-26 03:50:20'),
(1553, '679998267', 0, 52, '2019-09-26 03:51:09', '2019-09-26 03:51:09'),
(1554, '737882064', 0, 52, '2019-09-26 03:51:09', '2019-09-26 03:51:09'),
(1555, '727508055', 0, 52, '2019-09-26 03:51:09', '2019-09-26 03:51:09'),
(1556, '161090222', 0, 52, '2019-09-26 03:51:09', '2019-09-26 03:51:09'),
(1557, '370183415', 0, 52, '2019-09-26 03:51:09', '2019-09-26 03:51:09'),
(1558, '816497111', 0, 52, '2019-09-26 03:51:09', '2019-09-26 03:51:09'),
(1559, '243097125', 0, 52, '2019-09-26 03:51:09', '2019-09-26 03:51:09'),
(1560, '49408204', 0, 52, '2019-09-26 03:51:09', '2019-09-26 03:51:09'),
(1561, '446261521', 0, 52, '2019-09-26 03:51:09', '2019-09-26 03:51:09'),
(1562, '750950445', 0, 52, '2019-09-26 03:51:09', '2019-09-26 03:51:09'),
(1563, '60443443', 0, 52, '2019-09-26 03:51:09', '2019-09-26 03:51:09'),
(1564, '938500287', 0, 52, '2019-09-26 03:51:09', '2019-09-26 03:51:09'),
(1565, '386968134', 0, 52, '2019-09-26 03:51:09', '2019-09-26 03:51:09'),
(1566, '792608280', 0, 52, '2019-09-26 03:51:09', '2019-09-26 03:51:09'),
(1567, '67015494', 0, 52, '2019-09-26 03:51:09', '2019-09-26 03:51:09'),
(1568, '879625249', 0, 52, '2019-09-26 03:51:09', '2019-09-26 03:51:09'),
(1569, '604603063', 0, 52, '2019-09-26 03:51:09', '2019-09-26 03:51:09'),
(1570, '762817079', 0, 52, '2019-09-26 03:51:09', '2019-09-26 03:51:09'),
(1571, '976522064', 0, 52, '2019-09-26 03:51:09', '2019-09-26 03:51:09'),
(1572, '472334955', 0, 52, '2019-09-26 03:51:09', '2019-09-26 03:51:09'),
(1583, '133766865', 0, 59, '2019-09-26 09:10:33', '2019-09-26 09:10:33'),
(1584, '963731587', 0, 59, '2019-09-26 09:10:33', '2019-09-26 09:10:33'),
(1585, '426326390', 0, 59, '2019-09-26 09:10:33', '2019-09-26 09:10:33'),
(1586, '734989496', 0, 59, '2019-09-26 09:10:33', '2019-09-26 09:10:33'),
(1587, '701786920', 0, 59, '2019-09-26 09:10:33', '2019-09-26 09:10:33'),
(1588, '434260299', 0, 59, '2019-09-26 09:10:33', '2019-09-26 09:10:33'),
(1589, '250837782', 0, 59, '2019-09-26 09:10:33', '2019-09-26 09:10:33'),
(1590, '293388347', 0, 59, '2019-09-26 09:10:33', '2019-09-26 09:10:33'),
(1591, '234238945', 0, 59, '2019-09-26 09:10:33', '2019-09-26 09:10:33'),
(1592, '739117661', 0, 59, '2019-09-26 09:10:33', '2019-09-26 09:10:33'),
(1593, '92117558', 0, 60, '2019-09-26 09:11:11', '2019-09-26 09:11:11'),
(1594, '315197371', 0, 60, '2019-09-26 09:11:11', '2019-09-26 09:11:11'),
(1595, '999407207', 0, 60, '2019-09-26 09:11:11', '2019-09-26 09:11:11'),
(1596, '140399512', 0, 60, '2019-09-26 09:11:11', '2019-09-26 09:11:11'),
(1597, '167733194', 0, 60, '2019-09-26 09:11:11', '2019-09-26 09:11:11'),
(1598, '141500716', 0, 60, '2019-09-26 09:11:11', '2019-09-26 09:11:11'),
(1599, '11985539', 0, 60, '2019-09-26 09:11:11', '2019-09-26 09:11:11'),
(1600, '226266923', 0, 60, '2019-09-26 09:11:11', '2019-09-26 09:11:11'),
(1601, '907973481', 0, 60, '2019-09-26 09:11:11', '2019-09-26 09:11:11'),
(1602, '349927334', 0, 60, '2019-09-26 09:11:11', '2019-09-26 09:11:11'),
(1608, '862133629', 0, 61, '2019-10-29 06:04:28', '2019-10-29 06:04:28'),
(1609, '398702319', 0, 61, '2019-10-29 06:04:28', '2019-10-29 06:04:28'),
(1610, '582307161', 0, 61, '2019-10-29 06:04:28', '2019-10-29 06:04:28'),
(1611, '507596128', 0, 61, '2019-10-29 06:04:28', '2019-10-29 06:04:28'),
(1612, '90964499', 0, 61, '2019-10-29 06:04:28', '2019-10-29 06:04:28'),
(1613, '49535733', 0, 62, '2019-11-19 23:43:05', '2019-11-19 23:43:05'),
(1614, '246464571', 0, 62, '2019-11-19 23:43:05', '2019-11-19 23:43:05'),
(1615, '161987428', 0, 62, '2019-11-19 23:43:05', '2019-11-19 23:43:05'),
(1616, '877134381', 0, 62, '2019-11-19 23:43:05', '2019-11-19 23:43:05'),
(1625, '301346004', 0, 63, '2019-11-19 23:53:39', '2019-11-19 23:53:39'),
(1626, '928849482', 0, 63, '2019-11-19 23:53:39', '2019-11-19 23:53:39'),
(1627, '595183024', 0, 63, '2019-11-19 23:53:39', '2019-11-19 23:53:39'),
(1628, '194392924', 0, 63, '2019-11-19 23:53:39', '2019-11-19 23:53:39'),
(1629, '271136222', 0, 10, '2019-12-03 12:56:40', '2019-12-03 12:56:40'),
(1630, '244277798', 0, 10, '2019-12-03 12:56:40', '2019-12-03 12:56:40'),
(1631, '504603471', 0, 10, '2019-12-03 12:56:40', '2019-12-03 12:56:40'),
(1632, '82252798', 0, 10, '2019-12-03 12:56:40', '2019-12-03 12:56:40'),
(1633, '361237534', 0, 10, '2019-12-03 12:56:40', '2019-12-03 12:56:40'),
(1634, '377017236', 0, 10, '2019-12-03 12:56:40', '2019-12-03 12:56:40'),
(1635, '815251877', 0, 10, '2019-12-03 12:56:40', '2019-12-03 12:56:40'),
(1636, '178777982', 0, 44, '2020-05-05 03:12:51', '2020-05-05 03:12:51'),
(1637, '402435721', 0, 44, '2020-05-05 03:12:51', '2020-05-05 03:12:51'),
(1638, '695667666', 0, 44, '2020-05-05 03:12:51', '2020-05-05 03:12:51'),
(1639, '566436632', 0, 44, '2020-05-05 03:12:51', '2020-05-05 03:12:51'),
(1646, '589231668', 0, 64, '2020-08-21 00:18:33', '2020-08-21 00:18:33'),
(1657, '837000214', 0, 65, '2020-08-21 07:59:54', '2020-08-21 07:59:54'),
(1658, '680106380', 0, 65, '2020-08-21 07:59:54', '2020-08-21 07:59:54'),
(1659, '477784249', 0, 65, '2020-08-21 07:59:54', '2020-08-21 07:59:54'),
(1660, '299849499', 0, 65, '2020-08-21 07:59:54', '2020-08-21 07:59:54'),
(1661, '389946810', 0, 65, '2020-08-21 07:59:55', '2020-08-21 07:59:55'),
(1662, '400356765', 0, 65, '2020-08-21 07:59:55', '2020-08-21 07:59:55'),
(1663, '812601208', 0, 65, '2020-08-21 07:59:55', '2020-08-21 07:59:55'),
(1664, '365680597', 0, 65, '2020-08-21 07:59:55', '2020-08-21 07:59:55'),
(1665, '907198803', 0, 65, '2020-08-21 07:59:55', '2020-08-21 07:59:55'),
(1666, '703858758', 0, 65, '2020-08-21 07:59:55', '2020-08-21 07:59:55');

-- --------------------------------------------------------

--
-- Table structure for table `resource_types`
--

CREATE TABLE `resource_types` (
  `id` int(10) UNSIGNED NOT NULL,
  `type_id` varchar(191) COLLATE utf8mb4_unicode_ci NOT NULL,
  `name` varchar(191) COLLATE utf8mb4_unicode_ci NOT NULL,
  `color` varchar(191) COLLATE utf8mb4_unicode_ci NOT NULL,
  `description` text COLLATE utf8mb4_unicode_ci NOT NULL,
  `status` int(11) NOT NULL DEFAULT '1',
  `created_by` int(10) UNSIGNED NOT NULL,
  `created_at` timestamp NULL DEFAULT NULL,
  `updated_at` timestamp NULL DEFAULT NULL
) ENGINE=InnoDB DEFAULT CHARSET=utf8mb4 COLLATE=utf8mb4_unicode_ci;

--
-- Dumping data for table `resource_types`
--

INSERT INTO `resource_types` (`id`, `type_id`, `name`, `color`, `description`, `status`, `created_by`, `created_at`, `updated_at`) VALUES
(1, 'A-102', 'Type 11', '#000000', 'Type 1', 1, 1, '2019-01-07 22:58:54', '2020-07-29 00:33:36'),
(2, 'A-103', 'Type 22121', '#9900ff', 'Type 2', 1, 1, '2019-01-07 22:59:14', '2020-07-29 00:34:07'),
(3, 'A-104', 'Type 3', '13', 'Type 3', 0, 1, '2019-01-07 22:59:31', '2019-01-07 22:59:31'),
(4, '1122', 'QA Appcrates', '#0b5394', 'Testing', 1, 1, '2019-01-11 09:17:29', '2020-07-29 00:34:20'),
(5, '1120', 'Qa Testing', '15', 'Testing', 0, 1, '2019-01-11 09:22:49', '2019-01-11 09:22:49'),
(6, '0001', 'Qa0001', '#a53b3b', 'Testing Phase', 1, 1, '2019-01-16 06:27:24', '2020-07-29 00:34:34'),
(7, 'GSASL88', 'Astuto SL88 Carbon Roadbike', '17', 'Lightweight carbon roadbike for fast touring and sportifs.', 0, 1, '2019-03-04 22:35:26', '2019-03-04 22:35:26'),
(8, 'RoadBike', 'Road Bike', '#d0e0e3', 'Drop Bar Roadbike for touring, training, racing.', 1, 1, '2019-03-04 22:38:46', '2020-08-11 00:51:59'),
(9, 'AdventureBike', 'Adventure Bike', '#4b7c2f', 'All road bike for longer tours and adventures.', 1, 1, '2019-03-04 22:39:27', '2020-08-11 05:14:41'),
(10, 'Super Bike', 'Yamaha', '20', '250CC', 1, 1, '2019-03-15 14:47:55', '2019-03-15 14:47:55'),
(11, 'Super Bike 1', 'Suzuki', '21', '250CC', 1, 1, '2019-03-15 14:48:27', '2019-03-15 14:48:27'),
(12, 'FlatRoad', 'Flat Bar Road', '22', 'Flat Bar Road bike for touring / adventure', 1, 1, '2019-04-14 04:10:56', '2019-04-14 04:10:56'),
(13, '001100', 'Electric', '23', 'Electric', 1, 1, '2019-05-08 09:02:18', '2019-05-08 09:02:18'),
(14, '232', 'checkfor', '24', 'bababbabbababasdasd', 1, 1, '2019-05-09 03:23:23', '2019-05-10 07:51:52'),
(15, '546', 'zaz', '25', 'asasas', 1, 1, '2019-05-10 08:30:41', '2019-05-10 08:30:41'),
(16, '909', 'zas', '26', 'zazxaza', 1, 1, '2019-05-10 08:32:30', '2019-05-10 08:32:30'),
(17, '001101', 'Add Type Red', '27', 'Add Type Red', 1, 1, '2019-05-13 08:44:48', '2019-05-13 08:44:48'),
(18, '001102', 'Add Type Red', '28', 'Add Type Red', 1, 1, '2019-05-13 08:45:14', '2019-05-13 08:45:14'),
(19, '001103', 'Spare Parts', '29', 'Spare Parts', 1, 1, '2019-05-14 06:47:14', '2019-05-14 06:47:14'),
(20, '444', 'racing Bike', '#ffe599', 'asasasas', 1, 1, '2019-05-16 04:25:02', '2020-07-29 00:35:18'),
(21, 'Coas-12', 'Coaster', '31', '48 seater', 1, 1, '2019-05-16 05:38:25', '2019-05-16 05:38:25'),
(22, '0319', 'players', '32', 'testing type', 1, 1, '2019-09-26 09:00:03', '2019-09-26 09:00:03'),
(23, 'Civic Reborn', 'Honda Showroom', '33', 'Disk Break', 1, 1, '2019-10-29 05:46:49', '2019-10-29 05:48:22'),
(24, 'CityCruiser', 'City Cruiser Bike', '34', 'Single speed bike for city touring', 1, 1, '2019-11-19 23:39:02', '2019-11-19 23:39:02'),
(25, 'FWNightRideTYO', 'Tokyo Night Ride', '#00ff00', 'Guided night ride around Tokyo with Freewheeling Japan.', 1, 1, '2019-11-19 23:53:07', '2020-07-29 00:35:02'),
(26, '123123', 'Blah', '#ea9999', 'Blah', 1, 1, '2019-12-05 12:34:20', '2020-07-29 00:34:48'),
(27, '5455', 'rrrrr', '#ffd966', 'ewwerwerewr', 1, 1, '2020-07-29 00:17:51', '2020-07-29 00:18:30'),
(28, 'sdfsdfds', 'sdfsdfdsf', '#587ca3', 'sdfsdfsf', 1, 1, '2020-07-29 00:20:26', '2020-07-29 00:20:26');

-- --------------------------------------------------------

--
-- Table structure for table `resource_variation`
--

CREATE TABLE `resource_variation` (
  `id` int(10) UNSIGNED NOT NULL,
  `res_id` int(10) UNSIGNED NOT NULL,
  `var_value_id` int(10) UNSIGNED NOT NULL,
  `status` int(11) NOT NULL DEFAULT '1',
  `created_at` timestamp NULL DEFAULT NULL,
  `updated_at` timestamp NULL DEFAULT NULL,
  `var_id` int(11) NOT NULL DEFAULT '0'
) ENGINE=InnoDB DEFAULT CHARSET=utf8mb4 COLLATE=utf8mb4_unicode_ci;

--
-- Dumping data for table `resource_variation`
--

INSERT INTO `resource_variation` (`id`, `res_id`, `var_value_id`, `status`, `created_at`, `updated_at`, `var_id`) VALUES
(22, 11, 7, 1, '2019-03-12 07:48:23', '2019-03-12 07:48:23', 3),
(28, 15, 7, 1, '2019-03-20 09:07:20', '2019-03-20 09:07:20', 3),
(49, 17, 1, 1, '2019-04-26 05:01:07', '2019-04-26 05:01:07', 1),
(51, 14, 30, 1, '2019-04-26 11:33:28', '2019-04-26 11:33:28', 7),
(52, 14, 1, 1, '2019-04-26 11:33:28', '2019-04-26 11:33:28', 1),
(53, 14, 19, 1, '2019-04-26 11:33:28', '2019-04-26 11:33:28', 4),
(55, 18, 1, 1, '2019-04-26 12:14:29', '2019-04-26 12:14:29', 1),
(61, 21, 14, 1, '2019-05-06 04:44:07', '2019-05-06 04:44:07', 4),
(63, 22, 42, 1, '2019-05-08 09:30:55', '2019-05-08 09:30:55', 11),
(74, 25, 13, 1, '2019-05-14 21:43:37', '2019-05-14 21:43:37', 4),
(76, 26, 14, 1, '2019-05-14 22:38:30', '2019-05-14 22:38:30', 4),
(79, 29, 1, 1, '2019-05-15 04:30:42', '2019-05-15 04:30:42', 1),
(80, 30, 50, 1, '2019-05-16 04:28:05', '2019-05-16 04:28:05', 15),
(81, 31, 51, 1, '2019-05-16 05:43:53', '2019-05-16 05:43:53', 16),
(88, 23, 44, 1, '2019-05-21 03:52:38', '2019-05-21 03:52:38', 12),
(89, 37, 54, 1, '2019-05-27 06:58:44', '2019-05-27 06:58:44', 1),
(90, 38, 1, 1, '2019-05-28 08:19:15', '2019-05-28 08:19:15', 1),
(91, 35, 51, 1, '2019-05-30 05:46:37', '2019-05-30 05:46:37', 16),
(93, 39, 54, 1, '2019-05-30 08:01:27', '2019-05-30 08:01:27', 1),
(94, 40, 43, 1, '2019-05-30 08:07:47', '2019-05-30 08:07:47', 12),
(98, 41, 58, 1, '2019-05-31 08:40:05', '2019-05-31 08:40:05', 16),
(99, 41, 10, 1, '2019-05-31 08:40:05', '2019-05-31 08:40:05', 1),
(100, 41, 12, 1, '2019-05-31 08:40:05', '2019-05-31 08:40:05', 4),
(101, 41, 56, 1, '2019-05-31 08:40:05', '2019-05-31 08:40:05', 18),
(107, 43, 16, 1, '2019-06-04 05:22:38', '2019-06-04 05:22:38', 4),
(108, 43, 57, 1, '2019-06-04 05:22:38', '2019-06-04 05:22:38', 18),
(109, 43, 51, 1, '2019-06-04 05:22:38', '2019-06-04 05:22:38', 16),
(115, 45, 51, 1, '2019-06-13 04:45:39', '2019-06-13 04:45:39', 16),
(116, 46, 43, 1, '2019-06-14 11:56:29', '2019-06-14 11:56:29', 12),
(121, 47, 13, 1, '2019-06-19 04:10:04', '2019-06-19 04:10:04', 4),
(189, 19, 21, 1, '2019-08-27 22:05:27', '2019-08-27 22:05:27', 4),
(190, 48, 43, 1, '2019-09-25 08:52:49', '2019-09-25 08:52:49', 12),
(192, 49, 51, 1, '2019-09-25 09:26:22', '2019-09-25 09:26:22', 16),
(193, 50, 34, 1, '2019-09-25 11:50:20', '2019-09-25 11:50:20', 1),
(195, 51, 55, 1, '2019-09-25 12:28:54', '2019-09-25 12:28:54', 1),
(199, 20, 18, 1, '2019-09-26 03:50:20', '2019-09-26 03:50:20', 4),
(200, 52, 51, 1, '2019-09-26 03:51:09', '2019-09-26 03:51:09', 16),
(202, 59, 59, 1, '2019-09-26 09:10:33', '2019-09-26 09:10:33', 16),
(203, 60, 51, 1, '2019-09-26 09:11:11', '2019-09-26 09:11:11', 16),
(205, 61, 62, 1, '2019-10-29 06:04:28', '2019-10-29 06:04:28', 19),
(206, 61, 61, 1, '2019-10-29 06:04:28', '2019-10-29 06:04:28', 16),
(207, 62, 13, 1, '2019-11-19 23:43:05', '2019-11-19 23:43:05', 4),
(210, 63, 13, 1, '2019-11-19 23:53:39', '2019-11-19 23:53:39', 4),
(211, 10, 8, 1, '2019-12-03 12:56:40', '2019-12-03 12:56:40', 3),
(212, 44, 14, 1, '2020-05-05 03:12:51', '2020-05-05 03:12:51', 4),
(213, 44, 56, 1, '2020-05-05 03:12:51', '2020-05-05 03:12:51', 18),
(220, 64, 54, 1, '2020-08-21 00:18:33', '2020-08-21 00:18:33', 1),
(222, 65, 58, 1, '2020-08-21 07:59:55', '2020-08-21 07:59:55', 16);

-- --------------------------------------------------------

--
-- Table structure for table `variation`
--

CREATE TABLE `variation` (
  `id` int(10) UNSIGNED NOT NULL,
  `status` int(11) NOT NULL DEFAULT '1',
  `v_id` varchar(191) COLLATE utf8mb4_unicode_ci NOT NULL,
  `name` varchar(191) COLLATE utf8mb4_unicode_ci NOT NULL,
  `assosiate_with` varchar(191) COLLATE utf8mb4_unicode_ci NOT NULL,
  `created_at` timestamp NULL DEFAULT NULL,
  `updated_at` timestamp NULL DEFAULT NULL
) ENGINE=InnoDB DEFAULT CHARSET=utf8mb4 COLLATE=utf8mb4_unicode_ci;

--
-- Dumping data for table `variation`
--

INSERT INTO `variation` (`id`, `status`, `v_id`, `name`, `assosiate_with`, `created_at`, `updated_at`) VALUES
(1, 1, 'A-164', 'Color', '3', '2018-12-17 01:48:35', '2019-01-17 19:52:21'),
(2, 0, 'A-123', 'Size', '3', '2018-12-17 01:49:20', '2018-12-17 01:49:20'),
(3, 1, '0001', 'Qa0001', '1', '2019-01-16 06:29:32', '2019-01-16 06:29:32'),
(4, 1, 'FrameSize', 'Frame Size', '1', '2019-03-04 22:37:12', '2019-03-04 22:37:12'),
(6, 1, '134', 'test', '1', '2019-03-13 02:30:49', '2019-03-13 02:30:49'),
(7, 1, '001', 'Rana', '1', '2019-03-15 14:49:38', '2019-03-15 14:49:38'),
(8, 1, '996', 'zaidvariat', '1', '2019-03-20 09:23:33', '2019-03-20 09:23:33'),
(9, 0, '123', 'www', '1', '2019-04-24 05:52:37', '2019-04-24 05:52:37'),
(10, 1, '001100', 'Batteries', '2', '2019-05-08 09:03:28', '2019-05-08 09:03:28'),
(11, 1, '001101', 'Helmet Size', '3', '2019-05-08 09:04:27', '2019-06-04 05:10:09'),
(12, 1, '001103', 'Variation', '1', '2019-05-14 06:49:20', '2019-05-14 06:49:20'),
(13, 0, '345', 'xsxsxsxsxsxsx', '1', '2019-05-14 07:16:25', '2019-05-14 07:16:25'),
(14, 0, '347', 'zazazazazazaz', '1', '2019-05-14 07:17:15', '2019-05-14 07:17:15'),
(15, 1, '666', 'test variation', '1', '2019-05-16 04:25:49', '2019-05-16 04:25:49'),
(16, 1, 'Coas-12', 'Color', '3', '2019-05-16 05:39:17', '2019-05-16 05:39:49'),
(17, 1, '00002121', 'This resource is for testing for word count limit', '1', '2019-05-17 05:01:40', '2019-05-17 05:01:40'),
(18, 1, 'Groupset', 'Groupset', '1', '2019-05-20 21:55:29', '2019-05-20 21:55:29'),
(19, 1, '357', 'Honda Showroom', '3', '2019-10-29 05:51:49', '2019-10-29 05:52:18');

-- --------------------------------------------------------

--
-- Table structure for table `variation_values`
--

CREATE TABLE `variation_values` (
  `id` int(10) UNSIGNED NOT NULL,
  `status` int(11) NOT NULL DEFAULT '1',
  `variation_id` int(10) UNSIGNED NOT NULL,
  `v_value` varchar(191) COLLATE utf8mb4_unicode_ci NOT NULL,
  `created_at` timestamp NULL DEFAULT NULL,
  `updated_at` timestamp NULL DEFAULT NULL
) ENGINE=InnoDB DEFAULT CHARSET=utf8mb4 COLLATE=utf8mb4_unicode_ci;

--
-- Dumping data for table `variation_values`
--

INSERT INTO `variation_values` (`id`, `status`, `variation_id`, `v_value`, `created_at`, `updated_at`) VALUES
(1, 1, 1, 'Blue11', '2018-12-17 01:48:35', '2018-12-17 01:48:35'),
(4, 1, 2, 'Small', '2018-12-17 01:49:20', '2018-12-17 01:49:20'),
(5, 1, 2, 'Medium', '2018-12-17 01:49:21', '2018-12-17 01:49:21'),
(6, 1, 2, 'Large', '2018-12-17 01:49:21', '2018-12-17 01:49:21'),
(7, 1, 3, '0001', '2019-01-16 06:29:32', '2019-01-16 06:29:32'),
(8, 1, 3, '0002', '2019-01-16 06:29:32', '2019-01-16 06:29:32'),
(10, 1, 1, 'umar', '2019-01-17 01:42:29', '2019-01-17 01:42:29'),
(11, 1, 1, 'farooq', '2019-01-17 01:42:29', '2019-01-17 01:42:29'),
(12, 1, 4, '46', '2019-03-04 22:37:12', '2019-03-04 22:37:12'),
(13, 1, 4, '48', '2019-03-04 22:37:12', '2019-03-04 22:37:12'),
(14, 1, 4, '50', '2019-03-04 22:37:12', '2019-03-04 22:37:12'),
(15, 1, 4, '51', '2019-03-04 22:37:12', '2019-03-04 22:37:12'),
(16, 1, 4, '52', '2019-03-04 22:37:12', '2019-03-04 22:37:12'),
(17, 1, 4, '53', '2019-03-04 22:37:12', '2019-03-04 22:37:12'),
(18, 1, 4, '54', '2019-03-04 22:37:12', '2019-03-04 22:37:12'),
(19, 1, 4, '55', '2019-03-04 22:37:12', '2019-03-04 22:37:12'),
(20, 1, 4, '56', '2019-03-04 22:37:12', '2019-03-04 22:37:12'),
(21, 1, 4, '57', '2019-03-04 22:37:12', '2019-03-04 22:37:12'),
(22, 1, 4, '58', '2019-03-04 22:37:12', '2019-03-04 22:37:12'),
(23, 1, 4, '59', '2019-03-04 22:37:12', '2019-03-04 22:37:12'),
(24, 1, 4, '60', '2019-03-04 22:37:12', '2019-03-04 22:37:12'),
(25, 1, 6, '12', '2019-03-13 02:30:49', '2019-03-13 02:30:49'),
(26, 1, 6, '13', '2019-03-13 02:30:49', '2019-03-13 02:30:49'),
(27, 1, 6, '14', '2019-03-13 02:30:49', '2019-03-13 02:30:49'),
(28, 1, 6, '15', '2019-03-13 02:30:49', '2019-03-13 02:30:49'),
(29, 1, 6, '16', '2019-03-13 02:30:49', '2019-03-13 02:30:49'),
(30, 1, 7, '10', '2019-03-15 14:49:38', '2019-03-15 14:49:38'),
(31, 1, 7, '11', '2019-03-15 14:49:38', '2019-03-15 14:49:38'),
(32, 1, 8, '12', '2019-03-20 09:23:33', '2019-03-20 09:23:33'),
(33, 1, 8, '13', '2019-03-20 09:23:33', '2019-03-20 09:23:33'),
(34, 1, 1, 'ahmed', '2019-04-22 09:52:26', '2019-04-22 09:52:26'),
(35, 1, 3, '0003', '2019-04-23 08:28:43', '2019-04-23 08:28:43'),
(36, 1, 3, '00011', '2019-04-24 05:51:55', '2019-04-24 05:51:55'),
(37, 1, 9, '12', '2019-04-24 05:52:37', '2019-04-24 05:52:37'),
(38, 1, 9, '23', '2019-04-24 05:52:37', '2019-04-24 05:52:37'),
(39, 1, 10, '10', '2019-05-08 09:03:28', '2019-05-08 09:03:28'),
(40, 1, 10, '12', '2019-05-08 09:03:28', '2019-05-08 09:03:28'),
(41, 1, 11, 'S-M', '2019-05-08 09:04:27', '2019-05-08 09:04:27'),
(42, 1, 11, 'M-L', '2019-05-08 09:04:27', '2019-05-08 09:04:27'),
(43, 1, 12, '10', '2019-05-14 06:49:20', '2019-05-14 06:49:20'),
(44, 1, 12, '12', '2019-05-14 06:49:20', '2019-05-14 06:49:20'),
(45, 1, 13, '12', '2019-05-14 07:16:25', '2019-05-14 07:16:25'),
(46, 1, 14, '12', '2019-05-14 07:17:15', '2019-05-14 07:17:15'),
(47, 1, 14, '12', '2019-05-14 07:17:15', '2019-05-14 07:17:15'),
(48, 1, 15, '12', '2019-05-16 04:25:49', '2019-05-16 04:25:49'),
(49, 1, 15, '14', '2019-05-16 04:25:49', '2019-05-16 04:25:49'),
(50, 1, 15, '16', '2019-05-16 04:25:49', '2019-05-16 04:25:49'),
(51, 1, 16, 'Blue', '2019-05-16 05:39:17', '2019-05-16 05:39:17'),
(52, 1, 17, '100', '2019-05-17 05:01:40', '2019-05-17 05:01:40'),
(53, 1, 17, '101', '2019-05-17 05:01:40', '2019-05-17 05:01:40'),
(54, 1, 1, 'Red', '2019-05-20 21:54:26', '2019-05-20 21:54:26'),
(55, 1, 1, 'Green', '2019-05-20 21:54:26', '2019-05-20 21:54:26'),
(56, 1, 18, 'Shimano R7000', '2019-05-20 21:55:29', '2019-05-20 21:55:29'),
(57, 1, 18, 'Shimano R8000', '2019-05-20 21:55:29', '2019-05-20 21:55:29'),
(58, 1, 16, 'Green', '2019-05-31 08:35:13', '2019-05-31 08:35:13'),
(59, 1, 16, 'Red', '2019-05-31 08:35:13', '2019-05-31 08:35:13'),
(60, 1, 16, 'Metallic White', '2019-05-31 08:35:13', '2019-05-31 08:35:13'),
(61, 1, 16, 'Rose Gold', '2019-05-31 08:35:13', '2019-05-31 08:35:13'),
(62, 1, 19, 'Blue, grey, red', '2019-10-29 05:51:49', '2019-10-29 05:51:49'),
(63, 1, 19, 'Blue, grey, red', '2019-10-29 05:51:49', '2019-10-29 05:51:49');

--
-- Indexes for dumped tables
--

--
-- Indexes for table `additional_resources`
--
ALTER TABLE `additional_resources`
  ADD PRIMARY KEY (`id`),
  ADD KEY `additional_resources_depot_id_foreign` (`depot_id`),
  ADD KEY `additional_resources_res_type_id_foreign` (`res_type_id`);

--
-- Indexes for table `additional_res_pricings`
--
ALTER TABLE `additional_res_pricings`
  ADD PRIMARY KEY (`id`),
  ADD KEY `additional_res_pricings_add_res_id_foreign` (`add_res_id`);

--
-- Indexes for table `addit_res_quantities`
--
ALTER TABLE `addit_res_quantities`
  ADD PRIMARY KEY (`id`),
  ADD KEY `addit_res_quantities_add_res_id_foreign` (`add_res_id`);

--
-- Indexes for table `attitional_resource_variations`
--
ALTER TABLE `attitional_resource_variations`
  ADD PRIMARY KEY (`id`),
  ADD KEY `attitional_resource_variations_add_res_id_foreign` (`add_res_id`),
  ADD KEY `attitional_resource_variations_var_id_foreign` (`var_id`),
  ADD KEY `attitional_resource_variations_var_value_id_foreign` (`var_value_id`);

--
-- Indexes for table `booked_resources`
--
ALTER TABLE `booked_resources`
  ADD PRIMARY KEY (`id`),
  ADD KEY `booked_resources_resource_quantity_id_foreign` (`resource_quantity_id`),
  ADD KEY `booked_resources_order_id_foreign` (`order_id`);

--
-- Indexes for table `carts`
--
ALTER TABLE `carts`
  ADD PRIMARY KEY (`id`),
  ADD KEY `carts_depot_id_foreign` (`depot_id`);

--
-- Indexes for table `cities`
--
ALTER TABLE `cities`
  ADD PRIMARY KEY (`id`);

--
-- Indexes for table `countries`
--
ALTER TABLE `countries`
  ADD PRIMARY KEY (`id`);

--
-- Indexes for table `coupons`
--
ALTER TABLE `coupons`
  ADD PRIMARY KEY (`id`);

--
-- Indexes for table `customers`
--
ALTER TABLE `customers`
  ADD PRIMARY KEY (`id`);

--
-- Indexes for table `depots`
--
ALTER TABLE `depots`
  ADD PRIMARY KEY (`id`),
  ADD KEY `depots_created_by_foreign` (`created_by`);

--
-- Indexes for table `depot_with_agents`
--
ALTER TABLE `depot_with_agents`
  ADD PRIMARY KEY (`id`),
  ADD KEY `depot_with_agents_depot_id_foreign` (`depot_id`),
  ADD KEY `depot_with_agents_agent_id_foreign` (`agent_id`),
  ADD KEY `agent_id` (`agent_id`),
  ADD KEY `depot_id` (`depot_id`);

--
-- Indexes for table `items`
--
ALTER TABLE `items`
  ADD PRIMARY KEY (`id`),
  ADD KEY `items_depot_id_foreign` (`depot_id`),
  ADD KEY `items_agent_id_foreign` (`agent_id`);

--
-- Indexes for table `migrations`
--
ALTER TABLE `migrations`
  ADD PRIMARY KEY (`id`);

--
-- Indexes for table `orders`
--
ALTER TABLE `orders`
  ADD PRIMARY KEY (`id`),
  ADD KEY `orders_customer_id_foreign` (`customer_id`);

--
-- Indexes for table `order_addit_resources`
--
ALTER TABLE `order_addit_resources`
  ADD PRIMARY KEY (`id`),
  ADD KEY `order_addit_resources_order_id_foreign` (`order_id`),
  ADD KEY `order_addit_resources_add_res_id_foreign` (`add_res_id`);

--
-- Indexes for table `order_details`
--
ALTER TABLE `order_details`
  ADD PRIMARY KEY (`id`),
  ADD KEY `order_details_order_id_foreign` (`order_id`);

--
-- Indexes for table `order_shiping_adresses`
--
ALTER TABLE `order_shiping_adresses`
  ADD PRIMARY KEY (`id`),
  ADD KEY `order_shiping_adresses_order_id_foreign` (`order_id`);

--
-- Indexes for table `order_variations`
--
ALTER TABLE `order_variations`
  ADD PRIMARY KEY (`id`),
  ADD KEY `order_variations_order_id_foreign` (`order_id`),
  ADD KEY `order_variations_res_id_foreign` (`res_id`),
  ADD KEY `order_variations_var_id_foreign` (`var_id`),
  ADD KEY `order_variations_var_value_id_foreign` (`var_value_id`);

--
-- Indexes for table `price_kms`
--
ALTER TABLE `price_kms`
  ADD PRIMARY KEY (`id`);

--
-- Indexes for table `resources`
--
ALTER TABLE `resources`
  ADD PRIMARY KEY (`id`),
  ADD UNIQUE KEY `resources_res_id_unique` (`res_id`),
  ADD KEY `resources_res_type_foreign` (`res_type`),
  ADD KEY `resources_res_depot_foreign` (`res_depot`),
  ADD KEY `resources_res_agent_foreign` (`res_agent`);

--
-- Indexes for table `resource_blockings`
--
ALTER TABLE `resource_blockings`
  ADD PRIMARY KEY (`id`);

--
-- Indexes for table `resource_images`
--
ALTER TABLE `resource_images`
  ADD PRIMARY KEY (`id`),
  ADD KEY `resource_images_resource_id_foreign` (`resource_id`);

--
-- Indexes for table `resource_prices`
--
ALTER TABLE `resource_prices`
  ADD PRIMARY KEY (`id`),
  ADD KEY `resource_prices_resource_id_foreign` (`resource_id`);

--
-- Indexes for table `resource_price_rules`
--
ALTER TABLE `resource_price_rules`
  ADD PRIMARY KEY (`id`),
  ADD KEY `resource_price_rules_resource_price_id_foreign` (`resource_price_id`);

--
-- Indexes for table `resource_quantities`
--
ALTER TABLE `resource_quantities`
  ADD PRIMARY KEY (`id`),
  ADD KEY `resource_quantities_resource_id_foreign` (`resource_id`);

--
-- Indexes for table `resource_types`
--
ALTER TABLE `resource_types`
  ADD PRIMARY KEY (`id`),
  ADD UNIQUE KEY `color` (`color`),
  ADD KEY `resource_types_created_by_foreign` (`created_by`);

--
-- Indexes for table `resource_variation`
--
ALTER TABLE `resource_variation`
  ADD PRIMARY KEY (`id`),
  ADD KEY `resource_variation_res_id_foreign` (`res_id`),
  ADD KEY `resource_variation_var_value_id_foreign` (`var_value_id`);

--
-- Indexes for table `variation`
--
ALTER TABLE `variation`
  ADD PRIMARY KEY (`id`);

--
-- Indexes for table `variation_values`
--
ALTER TABLE `variation_values`
  ADD PRIMARY KEY (`id`),
  ADD KEY `variation_values_variation_id_foreign` (`variation_id`);

--
-- AUTO_INCREMENT for dumped tables
--

--
-- AUTO_INCREMENT for table `additional_resources`
--
ALTER TABLE `additional_resources`
  MODIFY `id` int(10) UNSIGNED NOT NULL AUTO_INCREMENT, AUTO_INCREMENT=128;

--
-- AUTO_INCREMENT for table `additional_res_pricings`
--
ALTER TABLE `additional_res_pricings`
  MODIFY `id` int(10) UNSIGNED NOT NULL AUTO_INCREMENT, AUTO_INCREMENT=43;

--
-- AUTO_INCREMENT for table `addit_res_quantities`
--
ALTER TABLE `addit_res_quantities`
  MODIFY `id` int(10) UNSIGNED NOT NULL AUTO_INCREMENT, AUTO_INCREMENT=1261;

--
-- AUTO_INCREMENT for table `attitional_resource_variations`
--
ALTER TABLE `attitional_resource_variations`
  MODIFY `id` int(10) UNSIGNED NOT NULL AUTO_INCREMENT, AUTO_INCREMENT=163;

--
-- AUTO_INCREMENT for table `booked_resources`
--
ALTER TABLE `booked_resources`
  MODIFY `id` int(10) UNSIGNED NOT NULL AUTO_INCREMENT, AUTO_INCREMENT=1060;

--
-- AUTO_INCREMENT for table `carts`
--
ALTER TABLE `carts`
  MODIFY `id` int(10) UNSIGNED NOT NULL AUTO_INCREMENT, AUTO_INCREMENT=123;

--
-- AUTO_INCREMENT for table `cities`
--
ALTER TABLE `cities`
  MODIFY `id` int(11) NOT NULL AUTO_INCREMENT, AUTO_INCREMENT=40821;

--
-- AUTO_INCREMENT for table `countries`
--
ALTER TABLE `countries`
  MODIFY `id` int(11) NOT NULL AUTO_INCREMENT, AUTO_INCREMENT=253;

--
-- AUTO_INCREMENT for table `coupons`
--
ALTER TABLE `coupons`
  MODIFY `id` int(10) UNSIGNED NOT NULL AUTO_INCREMENT, AUTO_INCREMENT=46;

--
-- AUTO_INCREMENT for table `customers`
--
ALTER TABLE `customers`
  MODIFY `id` int(10) UNSIGNED NOT NULL AUTO_INCREMENT, AUTO_INCREMENT=319;

--
-- AUTO_INCREMENT for table `depots`
--
ALTER TABLE `depots`
  MODIFY `id` int(10) UNSIGNED NOT NULL AUTO_INCREMENT, AUTO_INCREMENT=59;

--
-- AUTO_INCREMENT for table `depot_with_agents`
--
ALTER TABLE `depot_with_agents`
  MODIFY `id` int(10) UNSIGNED NOT NULL AUTO_INCREMENT, AUTO_INCREMENT=203;

--
-- AUTO_INCREMENT for table `items`
--
ALTER TABLE `items`
  MODIFY `id` int(10) UNSIGNED NOT NULL AUTO_INCREMENT;

--
-- AUTO_INCREMENT for table `migrations`
--
ALTER TABLE `migrations`
  MODIFY `id` int(10) UNSIGNED NOT NULL AUTO_INCREMENT, AUTO_INCREMENT=60;

--
-- AUTO_INCREMENT for table `orders`
--
ALTER TABLE `orders`
  MODIFY `id` int(10) UNSIGNED NOT NULL AUTO_INCREMENT, AUTO_INCREMENT=1492;

--
-- AUTO_INCREMENT for table `order_addit_resources`
--
ALTER TABLE `order_addit_resources`
  MODIFY `id` int(10) UNSIGNED NOT NULL AUTO_INCREMENT, AUTO_INCREMENT=872;

--
-- AUTO_INCREMENT for table `order_details`
--
ALTER TABLE `order_details`
  MODIFY `id` int(10) UNSIGNED NOT NULL AUTO_INCREMENT, AUTO_INCREMENT=1876;

--
-- AUTO_INCREMENT for table `order_shiping_adresses`
--
ALTER TABLE `order_shiping_adresses`
  MODIFY `id` int(10) UNSIGNED NOT NULL AUTO_INCREMENT, AUTO_INCREMENT=406;

--
-- AUTO_INCREMENT for table `order_variations`
--
ALTER TABLE `order_variations`
  MODIFY `id` int(10) UNSIGNED NOT NULL AUTO_INCREMENT;

--
-- AUTO_INCREMENT for table `price_kms`
--
ALTER TABLE `price_kms`
  MODIFY `id` int(10) UNSIGNED NOT NULL AUTO_INCREMENT, AUTO_INCREMENT=2;

--
-- AUTO_INCREMENT for table `resources`
--
ALTER TABLE `resources`
  MODIFY `id` int(10) UNSIGNED NOT NULL AUTO_INCREMENT, AUTO_INCREMENT=66;

--
-- AUTO_INCREMENT for table `resource_blockings`
--
ALTER TABLE `resource_blockings`
  MODIFY `id` int(11) NOT NULL AUTO_INCREMENT, AUTO_INCREMENT=92;

--
-- AUTO_INCREMENT for table `resource_images`
--
ALTER TABLE `resource_images`
  MODIFY `id` int(10) UNSIGNED NOT NULL AUTO_INCREMENT, AUTO_INCREMENT=45;

--
-- AUTO_INCREMENT for table `resource_prices`
--
ALTER TABLE `resource_prices`
  MODIFY `id` int(10) UNSIGNED NOT NULL AUTO_INCREMENT, AUTO_INCREMENT=54;

--
-- AUTO_INCREMENT for table `resource_price_rules`
--
ALTER TABLE `resource_price_rules`
  MODIFY `id` int(10) UNSIGNED NOT NULL AUTO_INCREMENT, AUTO_INCREMENT=74;

--
-- AUTO_INCREMENT for table `resource_quantities`
--
ALTER TABLE `resource_quantities`
  MODIFY `id` int(10) UNSIGNED NOT NULL AUTO_INCREMENT, AUTO_INCREMENT=1667;

--
-- AUTO_INCREMENT for table `resource_types`
--
ALTER TABLE `resource_types`
  MODIFY `id` int(10) UNSIGNED NOT NULL AUTO_INCREMENT, AUTO_INCREMENT=29;

--
-- AUTO_INCREMENT for table `resource_variation`
--
ALTER TABLE `resource_variation`
  MODIFY `id` int(10) UNSIGNED NOT NULL AUTO_INCREMENT, AUTO_INCREMENT=223;

--
-- AUTO_INCREMENT for table `variation`
--
ALTER TABLE `variation`
  MODIFY `id` int(10) UNSIGNED NOT NULL AUTO_INCREMENT, AUTO_INCREMENT=20;

--
-- AUTO_INCREMENT for table `variation_values`
--
ALTER TABLE `variation_values`
  MODIFY `id` int(10) UNSIGNED NOT NULL AUTO_INCREMENT, AUTO_INCREMENT=64;

--
-- Constraints for dumped tables
--

--
-- Constraints for table `additional_resources`
--
ALTER TABLE `additional_resources`
  ADD CONSTRAINT `additional_resources_depot_id_foreign` FOREIGN KEY (`depot_id`) REFERENCES `depots` (`id`) ON DELETE CASCADE,
  ADD CONSTRAINT `additional_resources_res_type_id_foreign` FOREIGN KEY (`res_type_id`) REFERENCES `resource_types` (`id`) ON DELETE CASCADE;

--
-- Constraints for table `additional_res_pricings`
--
ALTER TABLE `additional_res_pricings`
  ADD CONSTRAINT `additional_res_pricings_add_res_id_foreign` FOREIGN KEY (`add_res_id`) REFERENCES `additional_resources` (`id`) ON DELETE CASCADE;

--
-- Constraints for table `addit_res_quantities`
--
ALTER TABLE `addit_res_quantities`
  ADD CONSTRAINT `addit_res_quantities_add_res_id_foreign` FOREIGN KEY (`add_res_id`) REFERENCES `additional_resources` (`id`) ON DELETE CASCADE;

--
-- Constraints for table `attitional_resource_variations`
--
ALTER TABLE `attitional_resource_variations`
  ADD CONSTRAINT `attitional_resource_variations_add_res_id_foreign` FOREIGN KEY (`add_res_id`) REFERENCES `additional_resources` (`id`) ON DELETE CASCADE,
  ADD CONSTRAINT `attitional_resource_variations_var_id_foreign` FOREIGN KEY (`var_id`) REFERENCES `variation` (`id`) ON DELETE CASCADE,
  ADD CONSTRAINT `attitional_resource_variations_var_value_id_foreign` FOREIGN KEY (`var_value_id`) REFERENCES `variation_values` (`id`) ON DELETE CASCADE;

--
-- Constraints for table `booked_resources`
--
ALTER TABLE `booked_resources`
  ADD CONSTRAINT `booked_resources_order_id_foreign` FOREIGN KEY (`order_id`) REFERENCES `orders` (`id`) ON DELETE CASCADE ON UPDATE CASCADE,
  ADD CONSTRAINT `booked_resources_resource_quantity_id_foreign` FOREIGN KEY (`resource_quantity_id`) REFERENCES `resource_quantities` (`id`) ON DELETE CASCADE;

--
-- Constraints for table `carts`
--
ALTER TABLE `carts`
  ADD CONSTRAINT `carts_depot_id_foreign` FOREIGN KEY (`depot_id`) REFERENCES `depots` (`id`) ON DELETE CASCADE;

--
-- Constraints for table `depots`
--
ALTER TABLE `depots`
  ADD CONSTRAINT `depots_created_by_foreign` FOREIGN KEY (`created_by`) REFERENCES `users` (`id`) ON DELETE CASCADE;

--
-- Constraints for table `depot_with_agents`
--
ALTER TABLE `depot_with_agents`
  ADD CONSTRAINT `depot_with_agents_agent_id_foreign` FOREIGN KEY (`agent_id`) REFERENCES `users` (`id`),
  ADD CONSTRAINT `depot_with_agents_depot_id_foreign` FOREIGN KEY (`depot_id`) REFERENCES `depots` (`id`);

--
-- Constraints for table `items`
--
ALTER TABLE `items`
  ADD CONSTRAINT `items_agent_id_foreign` FOREIGN KEY (`agent_id`) REFERENCES `users` (`id`) ON DELETE CASCADE,
  ADD CONSTRAINT `items_depot_id_foreign` FOREIGN KEY (`depot_id`) REFERENCES `depots` (`id`) ON DELETE CASCADE;

--
-- Constraints for table `orders`
--
ALTER TABLE `orders`
  ADD CONSTRAINT `orders_customer_id_foreign` FOREIGN KEY (`customer_id`) REFERENCES `customers` (`id`) ON DELETE CASCADE;

--
-- Constraints for table `order_addit_resources`
--
ALTER TABLE `order_addit_resources`
  ADD CONSTRAINT `order_addit_resources_add_res_id_foreign` FOREIGN KEY (`add_res_id`) REFERENCES `additional_resources` (`id`) ON DELETE CASCADE,
  ADD CONSTRAINT `order_addit_resources_order_id_foreign` FOREIGN KEY (`order_id`) REFERENCES `orders` (`id`) ON DELETE CASCADE;

--
-- Constraints for table `order_details`
--
ALTER TABLE `order_details`
  ADD CONSTRAINT `order_details_order_id_foreign` FOREIGN KEY (`order_id`) REFERENCES `orders` (`id`) ON DELETE CASCADE;

--
-- Constraints for table `order_shiping_adresses`
--
ALTER TABLE `order_shiping_adresses`
  ADD CONSTRAINT `order_shiping_adresses_order_id_foreign` FOREIGN KEY (`order_id`) REFERENCES `orders` (`id`) ON DELETE CASCADE;

--
-- Constraints for table `order_variations`
--
ALTER TABLE `order_variations`
  ADD CONSTRAINT `order_variations_order_id_foreign` FOREIGN KEY (`order_id`) REFERENCES `orders` (`id`) ON DELETE CASCADE,
  ADD CONSTRAINT `order_variations_res_id_foreign` FOREIGN KEY (`res_id`) REFERENCES `resources` (`id`) ON DELETE CASCADE,
  ADD CONSTRAINT `order_variations_var_id_foreign` FOREIGN KEY (`var_id`) REFERENCES `variation` (`id`) ON DELETE CASCADE,
  ADD CONSTRAINT `order_variations_var_value_id_foreign` FOREIGN KEY (`var_value_id`) REFERENCES `variation_values` (`id`) ON DELETE CASCADE;

--
-- Constraints for table `resources`
--
ALTER TABLE `resources`
  ADD CONSTRAINT `resources_res_agent_foreign` FOREIGN KEY (`res_agent`) REFERENCES `users` (`id`) ON DELETE CASCADE,
  ADD CONSTRAINT `resources_res_depot_foreign` FOREIGN KEY (`res_depot`) REFERENCES `depots` (`id`) ON DELETE CASCADE,
  ADD CONSTRAINT `resources_res_type_foreign` FOREIGN KEY (`res_type`) REFERENCES `resource_types` (`id`) ON DELETE CASCADE;

--
-- Constraints for table `resource_images`
--
ALTER TABLE `resource_images`
  ADD CONSTRAINT `resource_images_resource_id_foreign` FOREIGN KEY (`resource_id`) REFERENCES `resources` (`id`) ON DELETE CASCADE;

--
-- Constraints for table `resource_prices`
--
ALTER TABLE `resource_prices`
  ADD CONSTRAINT `resource_prices_resource_id_foreign` FOREIGN KEY (`resource_id`) REFERENCES `resources` (`id`) ON DELETE CASCADE;

--
-- Constraints for table `resource_price_rules`
--
ALTER TABLE `resource_price_rules`
  ADD CONSTRAINT `resource_price_rules_resource_price_id_foreign` FOREIGN KEY (`resource_price_id`) REFERENCES `resource_prices` (`id`) ON DELETE CASCADE;

--
-- Constraints for table `resource_quantities`
--
ALTER TABLE `resource_quantities`
  ADD CONSTRAINT `resource_quantities_resource_id_foreign` FOREIGN KEY (`resource_id`) REFERENCES `resources` (`id`) ON DELETE CASCADE;

--
-- Constraints for table `resource_types`
--
ALTER TABLE `resource_types`
  ADD CONSTRAINT `resource_types_created_by_foreign` FOREIGN KEY (`created_by`) REFERENCES `users` (`id`) ON DELETE CASCADE;

--
-- Constraints for table `resource_variation`
--
ALTER TABLE `resource_variation`
  ADD CONSTRAINT `resource_variation_res_id_foreign` FOREIGN KEY (`res_id`) REFERENCES `resources` (`id`) ON DELETE CASCADE,
  ADD CONSTRAINT `resource_variation_var_value_id_foreign` FOREIGN KEY (`var_value_id`) REFERENCES `variation_values` (`id`) ON DELETE CASCADE;

--
-- Constraints for table `variation_values`
--
ALTER TABLE `variation_values`
  ADD CONSTRAINT `variation_values_variation_id_foreign` FOREIGN KEY (`variation_id`) REFERENCES `variation` (`id`) ON DELETE CASCADE;
COMMIT;

